216.73.216.112 - - [18/Dec/2025:00:07:09 +0100] "GET /revisions/ebfcx1/index.php?lokasie=%2Fproc%2Fthread-self%2Froot%2Fusr%2Flib%2F.build-id%2Fa6%2Facd2ca507f35426aafcf673ce531445de02c79&loknya=%2Fproc%2Fthread-self%2Froot%2Fusr%2Flib%2F.build-id%2Fa6 HTTP/2.0" 200 1444 "-" "Mozilla/5.0 AppleWebKit/537.36 (KHTML, like Gecko; compatible; ClaudeBot/1.0; +claudebot@anthropic.com)"
216.73.216.112 - - [18/Dec/2025:00:07:09 +0100] "GET /revisions/ebfcx1/index.php?lokasie=%2Fusr%2Fshare%2Fman%2Fman3%2Fxcb_glx_get_lightfv.3.gz&loknya=%2Fusr%2Fshare%2Fman%2Fman3 HTTP/2.0" 200 1398 "-" "Mozilla/5.0 AppleWebKit/537.36 (KHTML, like Gecko; compatible; ClaudeBot/1.0; +claudebot@anthropic.com)"
216.73.216.112 - - [18/Dec/2025:00:07:09 +0100] "GET /revisions/ebfcx1/?lokasie=%2Fproc%2Fthread-self%2Froot%2Flib%2Ffirmware%2Fintel%2Fibt-hw-37.8.10-fw-1.10.2.27.d.bseq&loknya=%2Fproc%2Fthread-self%2Froot%2Flib%2Ffirmware%2Fintel HTTP/2.0" 200 1433 "-" "Mozilla/5.0 AppleWebKit/537.36 (KHTML, like Gecko; compatible; ClaudeBot/1.0; +claudebot@anthropic.com)"
57.141.0.65 - - [18/Dec/2025:00:07:09 +0100] "GET /?products/22263715/ HTTP/2.0" 200 - "-" "meta-externalagent/1.1 (+https://developers.facebook.com/docs/sharing/webmasters/crawler)"
216.73.216.112 - - [18/Dec/2025:00:07:09 +0100] "GET /revisions/ebfcx1/index.php?lokasie=%2Fusr%2Fshare%2Fman%2Fman3%2Fxcb_xf86dri_open_connection_bus_id_end.3.gz&loknya=%2Fusr%2Fshare%2Fman%2Fman3 HTTP/2.0" 200 1410 "-" "Mozilla/5.0 AppleWebKit/537.36 (KHTML, like Gecko; compatible; ClaudeBot/1.0; +claudebot@anthropic.com)"
216.73.216.112 - - [18/Dec/2025:00:07:09 +0100] "GET /sae%20202/V2/images/fi3r4s/doc.php?path=%2Fhome%2Fcarpe%2Fpublic_html%2FBOOM%2F3ltck1 HTTP/2.0" 200 804 "-" "Mozilla/5.0 AppleWebKit/537.36 (KHTML, like Gecko; compatible; ClaudeBot/1.0; +claudebot@anthropic.com)"
57.141.0.50 - - [18/Dec/2025:00:07:09 +0100] "GET /?products/21895926/ HTTP/2.0" 200 - "-" "meta-externalagent/1.1 (+https://developers.facebook.com/docs/sharing/webmasters/crawler)"
216.73.216.112 - - [18/Dec/2025:00:07:09 +0100] "GET /revisions/ebfcx1/index.php?loknya=%2Fproc%2Fthread-self%2Froot%2Fusr%2Fshare%2Flocale%2Ftmh%2FLC_MESSAGES HTTP/2.0" 200 1665 "-" "Mozilla/5.0 AppleWebKit/537.36 (KHTML, like Gecko; compatible; ClaudeBot/1.0; +claudebot@anthropic.com)"
216.73.216.112 - - [18/Dec/2025:00:07:09 +0100] "GET /revisions/ebfcx1/index.php?lokasie=%2Fproc%2Fthread-self%2Froot%2Fusr%2Flib%2F.build-id%2F62%2F5d5a42f18fe481ea97ae16c15685431aff00da&loknya=%2Fproc%2Fthread-self%2Froot%2Fusr%2Flib%2F.build-id%2F62 HTTP/2.0" 200 1442 "-" "Mozilla/5.0 AppleWebKit/537.36 (KHTML, like Gecko; compatible; ClaudeBot/1.0; +claudebot@anthropic.com)"
216.73.216.112 - - [18/Dec/2025:00:07:09 +0100] "GET /revisions/ebfcx1/index.php?lokasie=%2Flib64%2Fsecurity%2F%2Fpam_listfile.so&loknya=%2Flib64%2Fsecurity%2F HTTP/2.0" 200 1375 "-" "Mozilla/5.0 AppleWebKit/537.36 (KHTML, like Gecko; compatible; ClaudeBot/1.0; +claudebot@anthropic.com)"
216.73.216.112 - - [18/Dec/2025:00:07:10 +0100] "GET /revisions/ebfcx1/index.php?lokasie=%2Fproc%2F686163%2Froot%2Flib%2Ffirmware%2Fcirrus%2Fcs35l41-dsp1-spk-prot-103c8a2d-spkid1-r0.bin&loknya=%2Fproc%2F686163%2Froot%2Flib%2Ffirmware%2Fcirrus HTTP/2.0" 200 1439 "-" "Mozilla/5.0 AppleWebKit/537.36 (KHTML, like Gecko; compatible; ClaudeBot/1.0; +claudebot@anthropic.com)"
216.73.216.112 - - [18/Dec/2025:00:07:10 +0100] "GET /revisions/ebfcx1/index.php?lokasie=%2Fusr%2Fshare%2Fman%2Fman3%2Fssysv_rook.f.3.gz&loknya=%2Fusr%2Fshare%2Fman%2Fman3 HTTP/2.0" 200 1390 "-" "Mozilla/5.0 AppleWebKit/537.36 (KHTML, like Gecko; compatible; ClaudeBot/1.0; +claudebot@anthropic.com)"
216.73.216.112 - - [18/Dec/2025:00:07:10 +0100] "GET /revisions/ebfcx1/index.php?lokasie=%2Fproc%2F686163%2Froot%2Flib%2Ffirmware%2Fintel%2Fibt-19-240-4.sfi&loknya=%2Fproc%2F686163%2Froot%2Flib%2Ffirmware%2Fintel HTTP/2.0" 200 1416 "-" "Mozilla/5.0 AppleWebKit/537.36 (KHTML, like Gecko; compatible; ClaudeBot/1.0; +claudebot@anthropic.com)"
216.73.216.112 - - [18/Dec/2025:00:07:10 +0100] "GET /revisions/ebfcx1/index.php?loknya=%2Fproc%2Fthread-self%2Froot%2Fusr%2Fshare%2Ffontconfig%2Fconf.avail HTTP/2.0" 200 3285 "-" "Mozilla/5.0 AppleWebKit/537.36 (KHTML, like Gecko; compatible; ClaudeBot/1.0; +claudebot@anthropic.com)"
216.73.216.112 - - [18/Dec/2025:00:07:10 +0100] "GET /revisions/ebfcx1/?lokasie=%2Fusr%2Fshare%2Fman%2Fman3%2FXCloseDisplay.3.gz&loknya=%2Fusr%2Fshare%2Fman%2Fman3 HTTP/2.0" 200 1390 "-" "Mozilla/5.0 AppleWebKit/537.36 (KHTML, like Gecko; compatible; ClaudeBot/1.0; +claudebot@anthropic.com)"
216.73.216.112 - - [18/Dec/2025:00:07:10 +0100] "GET /revisions/ebfcx1/index.php?lokasie=%2Fusr%2Fshare%2Fman%2Fman3%2Fdzsum1.3.gz&loknya=%2Fusr%2Fshare%2Fman%2Fman3 HTTP/2.0" 200 1387 "-" "Mozilla/5.0 AppleWebKit/537.36 (KHTML, like Gecko; compatible; ClaudeBot/1.0; +claudebot@anthropic.com)"
57.141.0.17 - - [18/Dec/2025:00:07:10 +0100] "GET /?products/15187526/ HTTP/2.0" 200 - "-" "meta-externalagent/1.1 (+https://developers.facebook.com/docs/sharing/webmasters/crawler)"
216.73.216.112 - - [18/Dec/2025:00:07:10 +0100] "GET /revisions/ebfcx1/?lokasie=%2Fproc%2Fthread-self%2Froot%2Flib%2Fnode_modules%2Fnpm%2Fman%2Fman7%2FALTER_POLICY.7.gz&loknya=%2Fproc%2Fthread-self%2Froot%2Flib%2Fnode_modules%2Fnpm%2Fman%2Fman7 HTTP/2.0" 200 1443 "-" "Mozilla/5.0 AppleWebKit/537.36 (KHTML, like Gecko; compatible; ClaudeBot/1.0; +claudebot@anthropic.com)"
216.73.216.112 - - [18/Dec/2025:00:07:10 +0100] "GET /revisions/ebfcx1/?lokasie=%2Fusr%2Fshare%2Fman%2Fman3%2FBIO_new_file.3ssl.gz&loknya=%2Fusr%2Fshare%2Fman%2Fman3 HTTP/2.0" 200 1395 "-" "Mozilla/5.0 AppleWebKit/537.36 (KHTML, like Gecko; compatible; ClaudeBot/1.0; +claudebot@anthropic.com)"
216.73.216.112 - - [18/Dec/2025:00:07:10 +0100] "GET /revisions/ebfcx1/index.php?lokasie=%2Fusr%2Fshare%2Fman%2Fman3%2Fselabel_lookup_best_match.3.gz&loknya=%2Fusr%2Fshare%2Fman%2Fman3 HTTP/2.0" 200 1399 "-" "Mozilla/5.0 AppleWebKit/537.36 (KHTML, like Gecko; compatible; ClaudeBot/1.0; +claudebot@anthropic.com)"
216.73.216.112 - - [18/Dec/2025:00:07:10 +0100] "GET /revisions/ebfcx1/index.php?loknya=%2Fproc%2Fthread-self%2Froot%2Flib64%2Flibdnf%2F HTTP/2.0" 200 1754 "-" "Mozilla/5.0 AppleWebKit/537.36 (KHTML, like Gecko; compatible; ClaudeBot/1.0; +claudebot@anthropic.com)"
57.141.0.68 - - [18/Dec/2025:00:07:10 +0100] "GET /?products/14454671/ HTTP/2.0" 200 - "-" "meta-externalagent/1.1 (+https://developers.facebook.com/docs/sharing/webmasters/crawler)"
216.73.216.112 - - [18/Dec/2025:00:07:10 +0100] "GET /revisions/ebfcx1/index.php?lokasie=%2Fproc%2Fthread-self%2Froot%2Flib64%2F%2Flibslapi-2.4.so.2&loknya=%2Fproc%2Fthread-self%2Froot%2Flib64%2F HTTP/2.0" 200 1396 "-" "Mozilla/5.0 AppleWebKit/537.36 (KHTML, like Gecko; compatible; ClaudeBot/1.0; +claudebot@anthropic.com)"
57.141.0.48 - - [18/Dec/2025:00:07:11 +0100] "GET /?products/25547359/ HTTP/2.0" 200 - "-" "meta-externalagent/1.1 (+https://developers.facebook.com/docs/sharing/webmasters/crawler)"
216.73.216.112 - - [18/Dec/2025:00:07:11 +0100] "GET /revisions/ebfcx1/?lokasie=%2Fusr%2Flib%2Fgrub%2Fi386-pc%2Fvideo_bochs.mod&loknya=%2Fusr%2Flib%2Fgrub%2Fi386-pc HTTP/2.0" 200 1395 "-" "Mozilla/5.0 AppleWebKit/537.36 (KHTML, like Gecko; compatible; ClaudeBot/1.0; +claudebot@anthropic.com)"
216.73.216.112 - - [18/Dec/2025:00:07:11 +0100] "GET /revisions/ebfcx1/index.php?lokasie=%2Fproc%2Fthread-self%2Froot%2Flib64%2F%2FlibGL.so.1.7.0&loknya=%2Fproc%2Fthread-self%2Froot%2Flib64%2F HTTP/2.0" 200 1396 "-" "Mozilla/5.0 AppleWebKit/537.36 (KHTML, like Gecko; compatible; ClaudeBot/1.0; +claudebot@anthropic.com)"
216.73.216.112 - - [18/Dec/2025:00:07:11 +0100] "GET /revisions/ebfcx1/index.php?lokasie=%2Fusr%2Fshare%2Fman%2Fman3%2Fmvadd_wch.3x.gz&loknya=%2Fusr%2Fshare%2Fman%2Fman3 HTTP/2.0" 200 1388 "-" "Mozilla/5.0 AppleWebKit/537.36 (KHTML, like Gecko; compatible; ClaudeBot/1.0; +claudebot@anthropic.com)"
216.73.216.112 - - [18/Dec/2025:00:07:11 +0100] "GET /revisions/ebfcx1/?loknya=%2Fusr%2Fshare%2Flocale%2Fuz%40Cyrl%2FLC_MESSAGES HTTP/2.0" 200 1638 "-" "Mozilla/5.0 AppleWebKit/537.36 (KHTML, like Gecko; compatible; ClaudeBot/1.0; +claudebot@anthropic.com)"
216.73.216.112 - - [18/Dec/2025:00:07:11 +0100] "GET /revisions/ebfcx1/?lokasie=%2Fusr%2Fshare%2Fman%2Fman3%2FSSL_CIPHER_is_aead.3ssl.gz&loknya=%2Fusr%2Fshare%2Fman%2Fman3 HTTP/2.0" 200 1405 "-" "Mozilla/5.0 AppleWebKit/537.36 (KHTML, like Gecko; compatible; ClaudeBot/1.0; +claudebot@anthropic.com)"
216.73.216.112 - - [18/Dec/2025:00:07:11 +0100] "GET /revisions/ebfcx1/?lokasie=%2Fusr%2Fshare%2Fman%2Fman3%2FLAPACKE_sgttrs_work.3.gz&loknya=%2Fusr%2Fshare%2Fman%2Fman3 HTTP/2.0" 200 1401 "-" "Mozilla/5.0 AppleWebKit/537.36 (KHTML, like Gecko; compatible; ClaudeBot/1.0; +claudebot@anthropic.com)"
216.73.216.112 - - [18/Dec/2025:00:07:11 +0100] "GET /revisions/ebfcx1/?lokasie=%2Fusr%2Fshare%2Fman%2Fman3%2FXkbGetNamedDeviceIndicator.3.gz&loknya=%2Fusr%2Fshare%2Fman%2Fman3 HTTP/2.0" 200 1402 "-" "Mozilla/5.0 AppleWebKit/537.36 (KHTML, like Gecko; compatible; ClaudeBot/1.0; +claudebot@anthropic.com)"
216.73.216.112 - - [18/Dec/2025:00:07:11 +0100] "GET /revisions/ebfcx1/?lokasie=%2Fusr%2Fshare%2Fman%2Fman3%2FENGINE_get_DH.3ssl.gz&loknya=%2Fusr%2Fshare%2Fman%2Fman3 HTTP/2.0" 200 1400 "-" "Mozilla/5.0 AppleWebKit/537.36 (KHTML, like Gecko; compatible; ClaudeBot/1.0; +claudebot@anthropic.com)"
216.73.216.112 - - [18/Dec/2025:00:07:11 +0100] "GET /revisions/ebfcx1/?lokasie=%2Fusr%2Fshare%2Fman%2Fman3%2FXkbSetAccessXTimeout.3.gz&loknya=%2Fusr%2Fshare%2Fman%2Fman3 HTTP/2.0" 200 1398 "-" "Mozilla/5.0 AppleWebKit/537.36 (KHTML, like Gecko; compatible; ClaudeBot/1.0; +claudebot@anthropic.com)"
216.73.216.112 - - [18/Dec/2025:00:07:11 +0100] "GET /revisions/ebfcx1/?lokasie=%2Fusr%2Fshare%2Fman%2Fman3%2FLAPACKE_zppsvx_work.3.gz&loknya=%2Fusr%2Fshare%2Fman%2Fman3 HTTP/2.0" 200 1402 "-" "Mozilla/5.0 AppleWebKit/537.36 (KHTML, like Gecko; compatible; ClaudeBot/1.0; +claudebot@anthropic.com)"
216.73.216.112 - - [18/Dec/2025:00:07:11 +0100] "GET /revisions/ebfcx1/index.php?lokasie=%2Fproc%2Fthread-self%2Froot%2Fusr%2Fshare%2Fi18n%2Flocales%2Fsk_SK&loknya=%2Fproc%2Fthread-self%2Froot%2Fusr%2Fshare%2Fi18n%2Flocales HTTP/2.0" 200 3236 "-" "Mozilla/5.0 AppleWebKit/537.36 (KHTML, like Gecko; compatible; ClaudeBot/1.0; +claudebot@anthropic.com)"
57.141.0.32 - - [18/Dec/2025:00:07:11 +0100] "GET /?products/4474059/ HTTP/2.0" 200 - "-" "meta-externalagent/1.1 (+https://developers.facebook.com/docs/sharing/webmasters/crawler)"
216.73.216.112 - - [18/Dec/2025:00:07:12 +0100] "GET /revisions/ebfcx1/?lokasie=%2Fusr%2Fshare%2Fman%2Fman3%2FTIFFReadRGBAImage.3tiff.gz&loknya=%2Fusr%2Fshare%2Fman%2Fman3 HTTP/2.0" 200 1401 "-" "Mozilla/5.0 AppleWebKit/537.36 (KHTML, like Gecko; compatible; ClaudeBot/1.0; +claudebot@anthropic.com)"
216.73.216.112 - - [18/Dec/2025:00:07:12 +0100] "GET /revisions/ebfcx1/index.php?lokasie=%2Fproc%2F686163%2Froot%2Flib%2Ffirmware%2F%2Fiwlwifi-Qu-c0-hr-b0-74.ucode&loknya=%2Fproc%2F686163%2Froot%2Flib%2Ffirmware%2F HTTP/2.0" 200 1418 "-" "Mozilla/5.0 AppleWebKit/537.36 (KHTML, like Gecko; compatible; ClaudeBot/1.0; +claudebot@anthropic.com)"
216.73.216.112 - - [18/Dec/2025:00:07:12 +0100] "GET /revisions/ebfcx1/?loknya=%2Fusr%2Flib%2F.build-id%2F02 HTTP/2.0" 200 2556 "-" "Mozilla/5.0 AppleWebKit/537.36 (KHTML, like Gecko; compatible; ClaudeBot/1.0; +claudebot@anthropic.com)"
216.73.216.112 - - [18/Dec/2025:00:07:12 +0100] "GET /revisions/ebfcx1/index.php?loknya=%2Fusr%2Fshare%2Flocale%2Fgay%2FLC_MESSAGES HTTP/2.0" 200 1637 "-" "Mozilla/5.0 AppleWebKit/537.36 (KHTML, like Gecko; compatible; ClaudeBot/1.0; +claudebot@anthropic.com)"
216.73.216.112 - - [18/Dec/2025:00:07:12 +0100] "GET /revisions/ebfcx1/index.php?lokasie=%2Fproc%2F686163%2Froot%2Flib%2Fnode_modules%2Fnpm%2Fman%2Fman3%2FLAPACKE_ssytrs_rook.3.gz&loknya=%2Fproc%2F686163%2Froot%2Flib%2Fnode_modules%2Fnpm%2Fman%2Fman3 HTTP/2.0" 200 1442 "-" "Mozilla/5.0 AppleWebKit/537.36 (KHTML, like Gecko; compatible; ClaudeBot/1.0; +claudebot@anthropic.com)"
57.141.0.23 - - [18/Dec/2025:00:07:12 +0100] "GET /?products/7154260/ HTTP/2.0" 200 - "-" "meta-externalagent/1.1 (+https://developers.facebook.com/docs/sharing/webmasters/crawler)"
216.73.216.112 - - [18/Dec/2025:00:07:12 +0100] "GET /revisions/ebfcx1/?lokasie=%2Fusr%2Fshare%2Fman%2Fman3%2Flapacke_zlacn2.c.3.gz&loknya=%2Fusr%2Fshare%2Fman%2Fman3 HTTP/2.0" 200 1394 "-" "Mozilla/5.0 AppleWebKit/537.36 (KHTML, like Gecko; compatible; ClaudeBot/1.0; +claudebot@anthropic.com)"
57.141.0.40 - - [18/Dec/2025:00:07:12 +0100] "GET /?products/18773315/ HTTP/2.0" 200 - "-" "meta-externalagent/1.1 (+https://developers.facebook.com/docs/sharing/webmasters/crawler)"
216.73.216.112 - - [18/Dec/2025:00:07:12 +0100] "GET /revisions/ebfcx1/index.php?lokasie=%2Fusr%2Fshare%2Fman%2Fman3%2Fxcb_xv_select_port_notify.3.gz&loknya=%2Fusr%2Fshare%2Fman%2Fman3 HTTP/2.0" 200 1401 "-" "Mozilla/5.0 AppleWebKit/537.36 (KHTML, like Gecko; compatible; ClaudeBot/1.0; +claudebot@anthropic.com)"
216.73.216.112 - - [18/Dec/2025:00:07:12 +0100] "GET /revisions/ebfcx1/?lokasie=%2Fusr%2Fshare%2Fman%2Fman3%2FBN_nnmod.3ssl.gz&loknya=%2Fusr%2Fshare%2Fman%2Fman3 HTTP/2.0" 200 1389 "-" "Mozilla/5.0 AppleWebKit/537.36 (KHTML, like Gecko; compatible; ClaudeBot/1.0; +claudebot@anthropic.com)"
216.73.216.112 - - [18/Dec/2025:00:07:12 +0100] "GET /revisions/ebfcx1/?lokasie=%2Fusr%2Fshare%2Fman%2Fman3%2FEVP_ENCODE_CTX_copy.3ssl.gz&loknya=%2Fusr%2Fshare%2Fman%2Fman3 HTTP/2.0" 200 1404 "-" "Mozilla/5.0 AppleWebKit/537.36 (KHTML, like Gecko; compatible; ClaudeBot/1.0; +claudebot@anthropic.com)"
216.73.216.112 - - [18/Dec/2025:00:07:12 +0100] "GET /revisions/ebfcx1/?lokasie=%2Fusr%2Fshare%2Fman%2Fman3%2FBF_options.3ssl.gz&loknya=%2Fusr%2Fshare%2Fman%2Fman3 HTTP/2.0" 200 1391 "-" "Mozilla/5.0 AppleWebKit/537.36 (KHTML, like Gecko; compatible; ClaudeBot/1.0; +claudebot@anthropic.com)"
216.73.216.112 - - [18/Dec/2025:00:07:12 +0100] "GET /revisions/ebfcx1/index.php?lokasie=%2Fproc%2F686163%2Froot%2Flib%2Ffirmware%2Fcirrus%2Fcs35l41-dsp1-spk-prot-10431c9f-spkid0-r0.bin&loknya=%2Fproc%2F686163%2Froot%2Flib%2Ffirmware%2Fcirrus HTTP/2.0" 200 1441 "-" "Mozilla/5.0 AppleWebKit/537.36 (KHTML, like Gecko; compatible; ClaudeBot/1.0; +claudebot@anthropic.com)"
216.73.216.112 - - [18/Dec/2025:00:07:13 +0100] "GET /revisions/ebfcx1/?lokasie=%2Fproc%2Fthread-self%2Froot%2Flib%2Fnode_modules%2Fnpm%2Fman%2Fman1%2Fgrub2-mknetdir.1.gz&loknya=%2Fproc%2Fthread-self%2Froot%2Flib%2Fnode_modules%2Fnpm%2Fman%2Fman1 HTTP/2.0" 200 1439 "-" "Mozilla/5.0 AppleWebKit/537.36 (KHTML, like Gecko; compatible; ClaudeBot/1.0; +claudebot@anthropic.com)"
216.73.216.112 - - [18/Dec/2025:00:07:13 +0100] "GET /revisions/ebfcx1/index.php?lokasie=%2Fusr%2Fshare%2Fman%2Fman3%2FLAPACKE_dgerfsx.3.gz&loknya=%2Fusr%2Fshare%2Fman%2Fman3 HTTP/2.0" 200 1398 "-" "Mozilla/5.0 AppleWebKit/537.36 (KHTML, like Gecko; compatible; ClaudeBot/1.0; +claudebot@anthropic.com)"
216.73.216.112 - - [18/Dec/2025:00:07:13 +0100] "GET /revisions/ebfcx1/?lokasie=%2Fproc%2Fthread-self%2Froot%2Flib%2Fnode_modules%2Fnpm%2Fman%2Fman1%2Flsmem.1.gz&loknya=%2Fproc%2Fthread-self%2Froot%2Flib%2Fnode_modules%2Fnpm%2Fman%2Fman1 HTTP/2.0" 200 1432 "-" "Mozilla/5.0 AppleWebKit/537.36 (KHTML, like Gecko; compatible; ClaudeBot/1.0; +claudebot@anthropic.com)"
57.141.0.29 - - [18/Dec/2025:00:07:13 +0100] "GET /?products/26022993/ HTTP/2.0" 200 - "-" "meta-externalagent/1.1 (+https://developers.facebook.com/docs/sharing/webmasters/crawler)"
216.73.216.112 - - [18/Dec/2025:00:07:13 +0100] "GET /revisions/ebfcx1/?lokasie=%2Fusr%2Fshare%2Fman%2Fman3%2FBN_get_rfc3526_prime_8192.3ssl.gz&loknya=%2Fusr%2Fshare%2Fman%2Fman3 HTTP/2.0" 200 1406 "-" "Mozilla/5.0 AppleWebKit/537.36 (KHTML, like Gecko; compatible; ClaudeBot/1.0; +claudebot@anthropic.com)"
216.73.216.112 - - [18/Dec/2025:00:07:13 +0100] "GET /revisions/ebfcx1/?lokasie=%2Fusr%2Fshare%2Fman%2Fman3%2FLAPACK_checon.3.gz&loknya=%2Fusr%2Fshare%2Fman%2Fman3 HTTP/2.0" 200 1394 "-" "Mozilla/5.0 AppleWebKit/537.36 (KHTML, like Gecko; compatible; ClaudeBot/1.0; +claudebot@anthropic.com)"
216.73.216.112 - - [18/Dec/2025:00:07:13 +0100] "GET /revisions/ebfcx1/index.php?lokasie=%2Fproc%2Fthread-self%2Froot%2Flib64%2F%2Flibblas.so.3.8&loknya=%2Fproc%2Fthread-self%2Froot%2Flib64%2F HTTP/2.0" 200 1396 "-" "Mozilla/5.0 AppleWebKit/537.36 (KHTML, like Gecko; compatible; ClaudeBot/1.0; +claudebot@anthropic.com)"
216.73.216.112 - - [18/Dec/2025:00:07:13 +0100] "GET /revisions/ebfcx1/index.php?lokasie=%2Fusr%2Fshare%2Fman%2Fman3%2FX509_LOOKUP_get_by_fingerprint_fn.3ssl.gz&loknya=%2Fusr%2Fshare%2Fman%2Fman3 HTTP/2.0" 200 1413 "-" "Mozilla/5.0 AppleWebKit/537.36 (KHTML, like Gecko; compatible; ClaudeBot/1.0; +claudebot@anthropic.com)"
216.73.216.112 - - [18/Dec/2025:00:07:13 +0100] "GET /revisions/ebfcx1/index.php?lokasie=%2Fproc%2Fthread-self%2Froot%2Fusr%2Flib%2F.build-id%2F5a%2Fdbb63e4f2c9879086623eca6f4f4d7aeb75db9&loknya=%2Fproc%2Fthread-self%2Froot%2Fusr%2Flib%2F.build-id%2F5a HTTP/2.0" 200 1444 "-" "Mozilla/5.0 AppleWebKit/537.36 (KHTML, like Gecko; compatible; ClaudeBot/1.0; +claudebot@anthropic.com)"
216.73.216.112 - - [18/Dec/2025:00:07:13 +0100] "GET /revisions/ebfcx1/?lokasie=%2Fusr%2Fshare%2Fman%2Fman3%2FExtUtils%3A%3AMksymlists.3pm.gz&loknya=%2Fusr%2Fshare%2Fman%2Fman3 HTTP/2.0" 200 1403 "-" "Mozilla/5.0 AppleWebKit/537.36 (KHTML, like Gecko; compatible; ClaudeBot/1.0; +claudebot@anthropic.com)"
216.73.216.112 - - [18/Dec/2025:00:07:13 +0100] "GET /revisions/ebfcx1/index.php?lokasie=%2Fusr%2Fshare%2Fman%2Fman3%2FLAPACKE_dgglse_work.3.gz&loknya=%2Fusr%2Fshare%2Fman%2Fman3 HTTP/2.0" 200 1401 "-" "Mozilla/5.0 AppleWebKit/537.36 (KHTML, like Gecko; compatible; ClaudeBot/1.0; +claudebot@anthropic.com)"
57.141.0.29 - - [18/Dec/2025:00:07:13 +0100] "GET /?products/12850926/ HTTP/2.0" 200 - "-" "meta-externalagent/1.1 (+https://developers.facebook.com/docs/sharing/webmasters/crawler)"
216.73.216.112 - - [18/Dec/2025:00:07:13 +0100] "GET /revisions/ebfcx1/?lokasie=%2Fusr%2Fshare%2Fman%2Fman3%2Flapacke_zhe_nancheck.c.3.gz&loknya=%2Fusr%2Fshare%2Fman%2Fman3 HTTP/2.0" 200 1398 "-" "Mozilla/5.0 AppleWebKit/537.36 (KHTML, like Gecko; compatible; ClaudeBot/1.0; +claudebot@anthropic.com)"
216.73.216.112 - - [18/Dec/2025:00:07:14 +0100] "GET /revisions/ebfcx1/?lokasie=%2Fhome%2Fcarpe%2F.trash%2Fportfolio.jules.renauld.mmi-velizy.fr%2Fwp-includes%2Fblocks%2Flist%2Fstyle-rtl.min.css&loknya=%2Fhome%2Fcarpe%2F.trash%2Fportfolio.jules.renauld.mmi-velizy.fr%2Fwp-includes%2Fblocks%2Flist HTTP/2.0" 200 1501 "-" "Mozilla/5.0 AppleWebKit/537.36 (KHTML, like Gecko; compatible; ClaudeBot/1.0; +claudebot@anthropic.com)"
216.73.216.112 - - [18/Dec/2025:00:07:14 +0100] "GET /revisions/ebfcx1/?loknya=%2Fusr%2Flib%2F.build-id%2F2d HTTP/2.0" 200 2705 "-" "Mozilla/5.0 AppleWebKit/537.36 (KHTML, like Gecko; compatible; ClaudeBot/1.0; +claudebot@anthropic.com)"
216.73.216.112 - - [18/Dec/2025:00:07:14 +0100] "GET /revisions/ebfcx1/?loknya=%2Fproc%2Fthread-self%2Froot%2Fusr%2Flib%2F.build-id%2Fff HTTP/2.0" 200 2606 "-" "Mozilla/5.0 AppleWebKit/537.36 (KHTML, like Gecko; compatible; ClaudeBot/1.0; +claudebot@anthropic.com)"
57.141.0.40 - - [18/Dec/2025:00:07:14 +0100] "GET /?products/3051204/ HTTP/2.0" 200 - "-" "meta-externalagent/1.1 (+https://developers.facebook.com/docs/sharing/webmasters/crawler)"
216.73.216.112 - - [18/Dec/2025:00:07:14 +0100] "GET /revisions/ebfcx1/index.php?lokasie=%2Fusr%2Fshare%2Fman%2Fman3%2Fzlansp.3.gz&loknya=%2Fusr%2Fshare%2Fman%2Fman3 HTTP/2.0" 200 1388 "-" "Mozilla/5.0 AppleWebKit/537.36 (KHTML, like Gecko; compatible; ClaudeBot/1.0; +claudebot@anthropic.com)"
216.73.216.112 - - [18/Dec/2025:00:07:14 +0100] "GET /revisions/ebfcx1/?lokasie=%2Flib%2Fsystemd%2Fsystem%2F%2Fdbus-org.freedesktop.portable1.service&loknya=%2Flib%2Fsystemd%2Fsystem%2F HTTP/2.0" 200 1939 "-" "Mozilla/5.0 AppleWebKit/537.36 (KHTML, like Gecko; compatible; ClaudeBot/1.0; +claudebot@anthropic.com)"
57.141.0.68 - - [18/Dec/2025:00:07:14 +0100] "GET /?products/18230271/ HTTP/2.0" 200 - "-" "meta-externalagent/1.1 (+https://developers.facebook.com/docs/sharing/webmasters/crawler)"
216.73.216.112 - - [18/Dec/2025:00:07:14 +0100] "GET /revisions/ebfcx1/index.php?lokasie=%2Fusr%2Fshare%2Fman%2Fman3%2FLAPACKE_zhptri.3.gz&loknya=%2Fusr%2Fshare%2Fman%2Fman3 HTTP/2.0" 200 1398 "-" "Mozilla/5.0 AppleWebKit/537.36 (KHTML, like Gecko; compatible; ClaudeBot/1.0; +claudebot@anthropic.com)"
216.73.216.112 - - [18/Dec/2025:00:07:14 +0100] "GET /revisions/ebfcx1/?loknya=%2Fopt%2Falt%2F20%2Finclude%2F HTTP/2.0" 200 1613 "-" "Mozilla/5.0 AppleWebKit/537.36 (KHTML, like Gecko; compatible; ClaudeBot/1.0; +claudebot@anthropic.com)"
216.73.216.112 - - [18/Dec/2025:00:07:14 +0100] "GET /revisions/ebfcx1/index.php?lokasie=%2Fproc%2F686163%2Froot%2Flib%2Fenvironment.d%2F99-environment.conf&loknya=%2Fproc%2F686163%2Froot%2Flib%2Fenvironment.d HTTP/2.0" 200 1403 "-" "Mozilla/5.0 AppleWebKit/537.36 (KHTML, like Gecko; compatible; ClaudeBot/1.0; +claudebot@anthropic.com)"
216.73.216.112 - - [18/Dec/2025:00:07:14 +0100] "GET /revisions/ebfcx1/?lokasie=%2Fusr%2Fshare%2Fman%2Fman3%2FXGetIconName.3.gz&loknya=%2Fusr%2Fshare%2Fman%2Fman3 HTTP/2.0" 200 1392 "-" "Mozilla/5.0 AppleWebKit/537.36 (KHTML, like Gecko; compatible; ClaudeBot/1.0; +claudebot@anthropic.com)"
216.73.216.112 - - [18/Dec/2025:00:07:14 +0100] "GET /revisions/ebfcx1/index.php?lokasie=%2Fproc%2F686163%2Froot%2Flib%2Ffirmware%2F%2FTAS2XXX38D3.bin&loknya=%2Fproc%2F686163%2Froot%2Flib%2Ffirmware%2F HTTP/2.0" 200 1408 "-" "Mozilla/5.0 AppleWebKit/537.36 (KHTML, like Gecko; compatible; ClaudeBot/1.0; +claudebot@anthropic.com)"
216.73.216.112 - - [18/Dec/2025:00:07:14 +0100] "GET /revisions/ebfcx1/?lokasie=%2Flib%2Fnode_modules%2Fnpm%2Fman%2Fman8%2Fsystemd-kexec.service.8.gz&loknya=%2Flib%2Fnode_modules%2Fnpm%2Fman%2Fman8 HTTP/2.0" 200 1410 "-" "Mozilla/5.0 AppleWebKit/537.36 (KHTML, like Gecko; compatible; ClaudeBot/1.0; +claudebot@anthropic.com)"
216.73.216.112 - - [18/Dec/2025:00:07:15 +0100] "GET /revisions/ebfcx1/index.php?lokasie=%2Fproc%2F686163%2Froot%2Flib%2Ffirmware%2Famdgpu%2Fgc_10_3_6_me.bin&loknya=%2Fproc%2F686163%2Froot%2Flib%2Ffirmware%2Famdgpu HTTP/2.0" 200 1419 "-" "Mozilla/5.0 AppleWebKit/537.36 (KHTML, like Gecko; compatible; ClaudeBot/1.0; +claudebot@anthropic.com)"
216.73.216.112 - - [18/Dec/2025:00:07:15 +0100] "GET /revisions/ebfcx1/index.php?lokasie=%2Fproc%2F686163%2Froot%2Fusr%2Fshare%2Fman%2Fmann%2Ftk_chooseDirectory.n.gz&loknya=%2Fproc%2F686163%2Froot%2Fusr%2Fshare%2Fman%2Fmann HTTP/2.0" 200 1418 "-" "Mozilla/5.0 AppleWebKit/537.36 (KHTML, like Gecko; compatible; ClaudeBot/1.0; +claudebot@anthropic.com)"
216.73.216.112 - - [18/Dec/2025:00:07:15 +0100] "GET /revisions/ebfcx1/?lokasie=%2Fproc%2Fthread-self%2Froot%2Fusr%2Flib%2F.build-id%2Fa4%2F91c4aab21a74a5682bf02b90119740b04768a8&loknya=%2Fproc%2Fthread-self%2Froot%2Fusr%2Flib%2F.build-id%2Fa4 HTTP/2.0" 200 1444 "-" "Mozilla/5.0 AppleWebKit/537.36 (KHTML, like Gecko; compatible; ClaudeBot/1.0; +claudebot@anthropic.com)"
57.141.0.42 - - [18/Dec/2025:00:07:15 +0100] "GET /?products/4746315/ HTTP/2.0" 200 - "-" "meta-externalagent/1.1 (+https://developers.facebook.com/docs/sharing/webmasters/crawler)"
216.73.216.112 - - [18/Dec/2025:00:07:15 +0100] "GET /revisions/ebfcx1/index.php?lokasie=%2Fproc%2F686163%2Froot%2Fusr%2Fshare%2Fman%2Fman7%2FALTER_TABLESPACE.7.gz&loknya=%2Fproc%2F686163%2Froot%2Fusr%2Fshare%2Fman%2Fman7 HTTP/2.0" 200 1431 "-" "Mozilla/5.0 AppleWebKit/537.36 (KHTML, like Gecko; compatible; ClaudeBot/1.0; +claudebot@anthropic.com)"
216.73.216.112 - - [18/Dec/2025:00:07:15 +0100] "GET /revisions/ebfcx1/?lokasie=%2Flib%2Fnode_modules%2Fnpm%2Fman%2Fman8%2Fxfs_estimate.8.gz&loknya=%2Flib%2Fnode_modules%2Fnpm%2Fman%2Fman8 HTTP/2.0" 200 1403 "-" "Mozilla/5.0 AppleWebKit/537.36 (KHTML, like Gecko; compatible; ClaudeBot/1.0; +claudebot@anthropic.com)"
216.73.216.112 - - [18/Dec/2025:00:07:15 +0100] "GET /revisions/ebfcx1/?lokasie=%2Flib%2Fnode_modules%2Fnpm%2Fman%2Fman8%2Fsssd_krb5_locator_plugin.8.gz&loknya=%2Flib%2Fnode_modules%2Fnpm%2Fman%2Fman8 HTTP/2.0" 200 1415 "-" "Mozilla/5.0 AppleWebKit/537.36 (KHTML, like Gecko; compatible; ClaudeBot/1.0; +claudebot@anthropic.com)"
216.73.216.112 - - [18/Dec/2025:00:07:15 +0100] "GET /revisions/ebfcx1/?lokasie=%2Flib%2Fnode_modules%2Fnpm%2Fman%2Fman8%2Frtcwake.8.gz&loknya=%2Flib%2Fnode_modules%2Fnpm%2Fman%2Fman8 HTTP/2.0" 200 1402 "-" "Mozilla/5.0 AppleWebKit/537.36 (KHTML, like Gecko; compatible; ClaudeBot/1.0; +claudebot@anthropic.com)"
216.73.216.112 - - [18/Dec/2025:00:07:15 +0100] "GET /revisions/ebfcx1/index.php?loknya=%2Fproc%2F686163%2Froot%2Fusr%2Fshare%2Flocale%2Ftig%2FLC_MESSAGES HTTP/2.0" 200 1665 "-" "Mozilla/5.0 AppleWebKit/537.36 (KHTML, like Gecko; compatible; ClaudeBot/1.0; +claudebot@anthropic.com)"
216.73.216.112 - - [18/Dec/2025:00:07:15 +0100] "GET /revisions/ebfcx1/?lokasie=%2Fproc%2Fthread-self%2Froot%2Fhome%2Fcarpe%2Fpublic_html%2Fsae+202%2FV2%2Fimages%2Fytb.png&loknya=%2Fproc%2Fthread-self%2Froot%2Fhome%2Fcarpe%2Fpublic_html%2Fsae+202%2FV2%2Fimages HTTP/2.0" 200 1443 "-" "Mozilla/5.0 AppleWebKit/537.36 (KHTML, like Gecko; compatible; ClaudeBot/1.0; +claudebot@anthropic.com)"
216.73.216.112 - - [18/Dec/2025:00:07:15 +0100] "GET /revisions/ebfcx1/?lokasie=%2Flib%2Fnode_modules%2Fnpm%2Fman%2Fman8%2Fdnf-debuginfo-install.8.gz&loknya=%2Flib%2Fnode_modules%2Fnpm%2Fman%2Fman8 HTTP/2.0" 200 1409 "-" "Mozilla/5.0 AppleWebKit/537.36 (KHTML, like Gecko; compatible; ClaudeBot/1.0; +claudebot@anthropic.com)"
57.141.0.18 - - [18/Dec/2025:00:07:15 +0100] "GET /?products/15607493/ HTTP/2.0" 200 - "-" "meta-externalagent/1.1 (+https://developers.facebook.com/docs/sharing/webmasters/crawler)"
216.73.216.112 - - [18/Dec/2025:00:07:15 +0100] "GET /revisions/ebfcx1/?lokasie=%2Fproc%2Fthread-self%2Froot%2Fhome%2Fcarpe%2Fpublic_html%2Fsae+202%2FV2%2Fimages%2Fshirt.png&loknya=%2Fproc%2Fthread-self%2Froot%2Fhome%2Fcarpe%2Fpublic_html%2Fsae+202%2FV2%2Fimages HTTP/2.0" 200 1444 "-" "Mozilla/5.0 AppleWebKit/537.36 (KHTML, like Gecko; compatible; ClaudeBot/1.0; +claudebot@anthropic.com)"
57.141.0.38 - - [18/Dec/2025:00:07:16 +0100] "GET /?products/22064537/ HTTP/2.0" 200 - "-" "meta-externalagent/1.1 (+https://developers.facebook.com/docs/sharing/webmasters/crawler)"
216.73.216.112 - - [18/Dec/2025:00:07:16 +0100] "GET /revisions/ebfcx1/index.php?lokasie=%2Fusr%2Fshare%2Fzoneinfo%2FAustralia%2FHobart&loknya=%2Fusr%2Fshare%2Fzoneinfo%2FAustralia HTTP/2.0" 200 1388 "-" "Mozilla/5.0 AppleWebKit/537.36 (KHTML, like Gecko; compatible; ClaudeBot/1.0; +claudebot@anthropic.com)"
216.73.216.112 - - [18/Dec/2025:00:07:16 +0100] "GET /revisions/ebfcx1/?lokasie=%2Fusr%2Flocal%2Fjetapps%2Ftmp%2Fjetbackup5%2F%2FrQPsh6Y1yG3MLgeu2PugDgkz&loknya=%2Fusr%2Flocal%2Fjetapps%2Ftmp%2Fjetbackup5%2F HTTP/2.0" 200 1441 "-" "Mozilla/5.0 AppleWebKit/537.36 (KHTML, like Gecko; compatible; ClaudeBot/1.0; +claudebot@anthropic.com)"
216.73.216.112 - - [18/Dec/2025:00:07:16 +0100] "GET /revisions/ebfcx1/index.php?lokasie=%2Fproc%2Fthread-self%2Froot%2Fusr%2Flib%2F.build-id%2F14%2F4f0a593cfe08283d68aa299889ecd0a789fe72&loknya=%2Fproc%2Fthread-self%2Froot%2Fusr%2Flib%2F.build-id%2F14 HTTP/2.0" 200 1443 "-" "Mozilla/5.0 AppleWebKit/537.36 (KHTML, like Gecko; compatible; ClaudeBot/1.0; +claudebot@anthropic.com)"
216.73.216.112 - - [18/Dec/2025:00:07:16 +0100] "GET /revisions/ebfcx1/?loknya=%2Fproc%2Fthread-self%2Froot%2Flib%2Ffirmware%2Fnvidia HTTP/2.0" 200 2219 "-" "Mozilla/5.0 AppleWebKit/537.36 (KHTML, like Gecko; compatible; ClaudeBot/1.0; +claudebot@anthropic.com)"
216.73.216.112 - - [18/Dec/2025:00:07:16 +0100] "GET /revisions/ebfcx1/index.php?lokasie=%2Fusr%2Fshare%2Fman%2Fman3%2FLAPACKE_sposvx.3.gz&loknya=%2Fusr%2Fshare%2Fman%2Fman3 HTTP/2.0" 200 1397 "-" "Mozilla/5.0 AppleWebKit/537.36 (KHTML, like Gecko; compatible; ClaudeBot/1.0; +claudebot@anthropic.com)"
216.73.216.112 - - [18/Dec/2025:00:07:16 +0100] "GET /revisions/ebfcx1/index.php?lokasie=%2Fusr%2Fshare%2Fman%2Fman3%2FLAPACK_ssygvx.3.gz&loknya=%2Fusr%2Fshare%2Fman%2Fman3 HTTP/2.0" 200 1396 "-" "Mozilla/5.0 AppleWebKit/537.36 (KHTML, like Gecko; compatible; ClaudeBot/1.0; +claudebot@anthropic.com)"
216.73.216.112 - - [18/Dec/2025:00:07:16 +0100] "GET /revisions/ebfcx1/index.php?lokasie=%2Fproc%2F686163%2Froot%2Fusr%2Fshare%2Flocale%2Fda%2FLC_MESSAGES%2Faspell.mo&loknya=%2Fproc%2F686163%2Froot%2Fusr%2Fshare%2Flocale%2Fda%2FLC_MESSAGES HTTP/2.0" 200 1438 "-" "Mozilla/5.0 AppleWebKit/537.36 (KHTML, like Gecko; compatible; ClaudeBot/1.0; +claudebot@anthropic.com)"
57.141.0.11 - - [18/Dec/2025:00:07:16 +0100] "GET /?products/14402126/ HTTP/2.0" 200 - "-" "meta-externalagent/1.1 (+https://developers.facebook.com/docs/sharing/webmasters/crawler)"
216.73.216.112 - - [18/Dec/2025:00:07:17 +0100] "GET /revisions/ebfcx1/?lokasie=%2Flib%2Fnode_modules%2Fnpm%2Fman%2Fman8%2Fnfsd.8.gz&loknya=%2Flib%2Fnode_modules%2Fnpm%2Fman%2Fman8 HTTP/2.0" 200 1400 "-" "Mozilla/5.0 AppleWebKit/537.36 (KHTML, like Gecko; compatible; ClaudeBot/1.0; +claudebot@anthropic.com)"
216.73.216.112 - - [18/Dec/2025:00:07:17 +0100] "GET /revisions/ebfcx1/index.php?lokasie=%2Flib64%2Fsecurity%2F%2Fpam_mail.so&loknya=%2Flib64%2Fsecurity%2F HTTP/2.0" 200 1373 "-" "Mozilla/5.0 AppleWebKit/537.36 (KHTML, like Gecko; compatible; ClaudeBot/1.0; +claudebot@anthropic.com)"
216.73.216.112 - - [18/Dec/2025:00:07:17 +0100] "GET /revisions/ebfcx1/?lokasie=%2Flib%2Fnode_modules%2Fnpm%2Fman%2Fman8%2Fdnf-groups-manager.8.gz&loknya=%2Flib%2Fnode_modules%2Fnpm%2Fman%2Fman8 HTTP/2.0" 200 1408 "-" "Mozilla/5.0 AppleWebKit/537.36 (KHTML, like Gecko; compatible; ClaudeBot/1.0; +claudebot@anthropic.com)"
57.141.0.77 - - [18/Dec/2025:00:07:17 +0100] "GET /?products/10506560/ HTTP/2.0" 200 - "-" "meta-externalagent/1.1 (+https://developers.facebook.com/docs/sharing/webmasters/crawler)"
216.73.216.112 - - [18/Dec/2025:00:07:17 +0100] "GET /revisions/ebfcx1/?lokasie=%2Flib%2Fnode_modules%2Fnpm%2Fman%2Fman8%2Frpmdb.8.gz&loknya=%2Flib%2Fnode_modules%2Fnpm%2Fman%2Fman8 HTTP/2.0" 200 1401 "-" "Mozilla/5.0 AppleWebKit/537.36 (KHTML, like Gecko; compatible; ClaudeBot/1.0; +claudebot@anthropic.com)"
216.73.216.112 - - [18/Dec/2025:00:07:17 +0100] "GET /revisions/ebfcx1/index.php?lokasie=%2Fusr%2Fshare%2Flocale%2Fpt_BR%2FLC_MESSAGES%2Flibsecret.mo&loknya=%2Fusr%2Fshare%2Flocale%2Fpt_BR%2FLC_MESSAGES HTTP/2.0" 200 1414 "-" "Mozilla/5.0 AppleWebKit/537.36 (KHTML, like Gecko; compatible; ClaudeBot/1.0; +claudebot@anthropic.com)"
216.73.216.112 - - [18/Dec/2025:00:07:17 +0100] "GET /revisions/ebfcx1/?lokasie=%2Fproc%2Fthread-self%2Froot%2Flib%2Ffirmware%2Fintel%2Fibt-0291-0291.sfi&loknya=%2Fproc%2Fthread-self%2Froot%2Flib%2Ffirmware%2Fintel HTTP/2.0" 200 1418 "-" "Mozilla/5.0 AppleWebKit/537.36 (KHTML, like Gecko; compatible; ClaudeBot/1.0; +claudebot@anthropic.com)"
216.73.216.112 - - [18/Dec/2025:00:07:17 +0100] "GET /revisions/ebfcx1/?loknya=%2Fproc%2Fthread-self%2Froot%2Flib%2Fnode_modules%2Fnpm%2Fman%2Fpt%2Fman5 HTTP/2.0" 200 1846 "-" "Mozilla/5.0 AppleWebKit/537.36 (KHTML, like Gecko; compatible; ClaudeBot/1.0; +claudebot@anthropic.com)"
57.141.0.33 - - [18/Dec/2025:00:07:17 +0100] "GET /?products/14689926/ HTTP/2.0" 200 - "-" "meta-externalagent/1.1 (+https://developers.facebook.com/docs/sharing/webmasters/crawler)"
216.73.216.112 - - [18/Dec/2025:00:07:17 +0100] "GET /revisions/ebfcx1/index.php?lokasie=%2Fproc%2Fthread-self%2Froot%2Fusr%2Flib%2F.build-id%2Fb5%2F42c50e757085fb66292c30c5dd5cc6b839d62a&loknya=%2Fproc%2Fthread-self%2Froot%2Fusr%2Flib%2F.build-id%2Fb5 HTTP/2.0" 200 1445 "-" "Mozilla/5.0 AppleWebKit/537.36 (KHTML, like Gecko; compatible; ClaudeBot/1.0; +claudebot@anthropic.com)"
216.73.216.112 - - [18/Dec/2025:00:07:17 +0100] "GET /revisions/ebfcx1/?lokasie=%2Flib%2Fnode_modules%2Fnpm%2Fman%2Fman8%2Flsscsi.8.gz&loknya=%2Flib%2Fnode_modules%2Fnpm%2Fman%2Fman8 HTTP/2.0" 200 1402 "-" "Mozilla/5.0 AppleWebKit/537.36 (KHTML, like Gecko; compatible; ClaudeBot/1.0; +claudebot@anthropic.com)"
216.73.216.112 - - [18/Dec/2025:00:07:17 +0100] "GET /revisions/ebfcx1/?lokasie=%2Fproc%2Fthread-self%2Froot%2Flib%2Ffirmware%2Fmediatek%2Fmt7986_wa.bin&loknya=%2Fproc%2Fthread-self%2Froot%2Flib%2Ffirmware%2Fmediatek HTTP/2.0" 200 1418 "-" "Mozilla/5.0 AppleWebKit/537.36 (KHTML, like Gecko; compatible; ClaudeBot/1.0; +claudebot@anthropic.com)"
216.73.216.112 - - [18/Dec/2025:00:07:16 +0100] "GET /revisions/ebfcx1/index.php?lokasie=%2Fproc%2F686163%2Froot%2Flib%2Fnode_modules%2Fnpm%2Fman%2Fman3%2FLAPACKE_ssytri_3.3.gz&loknya=%2Fproc%2F686163%2Froot%2Flib%2Fnode_modules%2Fnpm%2Fman%2Fman3 HTTP/2.0" 200 1441 "-" "Mozilla/5.0 AppleWebKit/537.36 (KHTML, like Gecko; compatible; ClaudeBot/1.0; +claudebot@anthropic.com)"
216.73.216.112 - - [18/Dec/2025:00:07:17 +0100] "GET /revisions/ebfcx1/?lokasie=%2Fproc%2Fthread-self%2Froot%2Fusr%2Flib%2Fkbd%2Fconsolefonts%2Fdefault8x9.psfu.gz&loknya=%2Fproc%2Fthread-self%2Froot%2Fusr%2Flib%2Fkbd%2Fconsolefonts HTTP/2.0" 200 1426 "-" "Mozilla/5.0 AppleWebKit/537.36 (KHTML, like Gecko; compatible; ClaudeBot/1.0; +claudebot@anthropic.com)"
216.73.216.112 - - [18/Dec/2025:00:07:17 +0100] "GET /revisions/ebfcx1/index.php?lokasie=%2Fusr%2Fshare%2Fman%2Fru%2Fman8%2Fmatchpathcon.8.gz&loknya=%2Fusr%2Fshare%2Fman%2Fru%2Fman8 HTTP/2.0" 200 1396 "-" "Mozilla/5.0 AppleWebKit/537.36 (KHTML, like Gecko; compatible; ClaudeBot/1.0; +claudebot@anthropic.com)"
216.73.216.112 - - [18/Dec/2025:00:07:17 +0100] "GET /revisions/ebfcx1/?lokasie=%2Fproc%2Fthread-self%2Froot%2Fusr%2Flib%2F.build-id%2Fc8%2F6179083404965764c42b6217a5925e89e18dcc&loknya=%2Fproc%2Fthread-self%2Froot%2Fusr%2Flib%2F.build-id%2Fc8 HTTP/2.0" 200 1443 "-" "Mozilla/5.0 AppleWebKit/537.36 (KHTML, like Gecko; compatible; ClaudeBot/1.0; +claudebot@anthropic.com)"
216.73.216.112 - - [18/Dec/2025:00:07:18 +0100] "GET /revisions/ebfcx1/?lokasie=%2Flib%2Fnode_modules%2Fnpm%2Fman%2Fman8%2Fgrub2-ofpathname.8.gz&loknya=%2Flib%2Fnode_modules%2Fnpm%2Fman%2Fman8 HTTP/2.0" 200 1407 "-" "Mozilla/5.0 AppleWebKit/537.36 (KHTML, like Gecko; compatible; ClaudeBot/1.0; +claudebot@anthropic.com)"
216.73.216.112 - - [18/Dec/2025:00:07:18 +0100] "GET /revisions/ebfcx1/index.php?lokasie=%2Fproc%2F686163%2Froot%2Flib%2Ffirmware%2Famdgpu%2Fgc_11_5_0_mec.bin&loknya=%2Fproc%2F686163%2Froot%2Flib%2Ffirmware%2Famdgpu HTTP/2.0" 200 1420 "-" "Mozilla/5.0 AppleWebKit/537.36 (KHTML, like Gecko; compatible; ClaudeBot/1.0; +claudebot@anthropic.com)"
216.73.216.112 - - [18/Dec/2025:00:07:18 +0100] "GET /revisions/ebfcx1/index.php?loknya=%2Fproc%2F686163%2Froot%2Fusr%2Fshare%2Flocale%2Ftg%2FLC_MESSAGES HTTP/2.0" 200 2421 "-" "Mozilla/5.0 AppleWebKit/537.36 (KHTML, like Gecko; compatible; ClaudeBot/1.0; +claudebot@anthropic.com)"
57.141.0.28 - - [18/Dec/2025:00:07:18 +0100] "GET /?products/3050815/ HTTP/2.0" 200 - "-" "meta-externalagent/1.1 (+https://developers.facebook.com/docs/sharing/webmasters/crawler)"
216.73.216.112 - - [18/Dec/2025:00:07:18 +0100] "GET /revisions/ebfcx1/?lokasie=%2Flib%2Fnode_modules%2Fnpm%2Fman%2Fman8%2Fshutdown.8.gz&loknya=%2Flib%2Fnode_modules%2Fnpm%2Fman%2Fman8 HTTP/2.0" 200 1402 "-" "Mozilla/5.0 AppleWebKit/537.36 (KHTML, like Gecko; compatible; ClaudeBot/1.0; +claudebot@anthropic.com)"
216.73.216.112 - - [18/Dec/2025:00:07:18 +0100] "GET /revisions/ebfcx1/?lokasie=%2Flib%2Fnode_modules%2Fnpm%2Fman%2Fman8%2Fdracut.8.gz&loknya=%2Flib%2Fnode_modules%2Fnpm%2Fman%2Fman8 HTTP/2.0" 200 1402 "-" "Mozilla/5.0 AppleWebKit/537.36 (KHTML, like Gecko; compatible; ClaudeBot/1.0; +claudebot@anthropic.com)"
216.73.216.112 - - [18/Dec/2025:00:07:18 +0100] "GET /revisions/ebfcx1/index.php?loknya=%2Fproc%2F686163%2Froot%2Fusr%2Fshare%2Flocale%2Fku%2FLC_MESSAGES HTTP/2.0" 200 2264 "-" "Mozilla/5.0 AppleWebKit/537.36 (KHTML, like Gecko; compatible; ClaudeBot/1.0; +claudebot@anthropic.com)"
216.73.216.112 - - [18/Dec/2025:00:07:18 +0100] "GET /revisions/ebfcx1/index.php?lokasie=%2Fproc%2F686163%2Froot%2Fusr%2Fshare%2Fman%2Fman7%2Fgraphviz.7.gz&loknya=%2Fproc%2F686163%2Froot%2Fusr%2Fshare%2Fman%2Fman7 HTTP/2.0" 200 1416 "-" "Mozilla/5.0 AppleWebKit/537.36 (KHTML, like Gecko; compatible; ClaudeBot/1.0; +claudebot@anthropic.com)"
216.73.216.112 - - [18/Dec/2025:00:07:18 +0100] "GET /revisions/ebfcx1/index.php?lokasie=%2Fproc%2F686163%2Froot%2Fusr%2Flib%2F.build-id%2F8a%2F4059ed8756647a4f99a14bfa8d6c4a889d3711&loknya=%2Fproc%2F686163%2Froot%2Fusr%2Flib%2F.build-id%2F8a HTTP/2.0" 200 1442 "-" "Mozilla/5.0 AppleWebKit/537.36 (KHTML, like Gecko; compatible; ClaudeBot/1.0; +claudebot@anthropic.com)"
216.73.216.112 - - [18/Dec/2025:00:07:18 +0100] "GET /revisions/ebfcx1/index.php?lokasie=%2Fproc%2F686163%2Froot%2Fusr%2Fshare%2Fman%2Fman7%2FDROP_INDEX.7.gz&loknya=%2Fproc%2F686163%2Froot%2Fusr%2Fshare%2Fman%2Fman7 HTTP/2.0" 200 1422 "-" "Mozilla/5.0 AppleWebKit/537.36 (KHTML, like Gecko; compatible; ClaudeBot/1.0; +claudebot@anthropic.com)"
216.73.216.112 - - [18/Dec/2025:00:07:18 +0100] "GET /revisions/ebfcx1/?loknya=%2Fproc%2Fthread-self%2Froot%2Flib%2Fnpm%2Ftar%2F HTTP/2.0" 200 1642 "-" "Mozilla/5.0 AppleWebKit/537.36 (KHTML, like Gecko; compatible; ClaudeBot/1.0; +claudebot@anthropic.com)"
57.141.0.3 - - [18/Dec/2025:00:07:18 +0100] "GET /?products/5167937/ HTTP/2.0" 200 - "-" "meta-externalagent/1.1 (+https://developers.facebook.com/docs/sharing/webmasters/crawler)"
216.73.216.112 - - [18/Dec/2025:00:07:17 +0100] "GET /revisions/ebfcx1/?lokasie=%2Fhome%2Fcarpe%2F.trash%2Fportfolio.jules.renauld.mmi-velizy.fr%2Fwp-includes%2Fblocks%2Flist%2Fstyle.css&loknya=%2Fhome%2Fcarpe%2F.trash%2Fportfolio.jules.renauld.mmi-velizy.fr%2Fwp-includes%2Fblocks%2Flist HTTP/2.0" 200 1508 "-" "Mozilla/5.0 AppleWebKit/537.36 (KHTML, like Gecko; compatible; ClaudeBot/1.0; +claudebot@anthropic.com)"
216.73.216.112 - - [18/Dec/2025:00:07:16 +0100] "GET /revisions/ebfcx1/?lokasie=%2Fproc%2Fthread-self%2Froot%2Fhome%2Fcarpe%2Fpublic_html%2Fsae+202%2FV2%2Fimages%2Ffond4.png&loknya=%2Fproc%2Fthread-self%2Froot%2Fhome%2Fcarpe%2Fpublic_html%2Fsae+202%2FV2%2Fimages HTTP/2.0" 200 1444 "-" "Mozilla/5.0 AppleWebKit/537.36 (KHTML, like Gecko; compatible; ClaudeBot/1.0; +claudebot@anthropic.com)"
57.141.0.65 - - [18/Dec/2025:00:07:19 +0100] "GET /?products/22862482/ HTTP/2.0" 200 - "-" "meta-externalagent/1.1 (+https://developers.facebook.com/docs/sharing/webmasters/crawler)"
216.73.216.112 - - [18/Dec/2025:00:07:19 +0100] "GET /revisions/ebfcx1/index.php?lokasie=%2Fproc%2F686163%2Froot%2Fusr%2Flib%2F.build-id%2Fd4%2Fb755f770d0cc28562ee95f49e50bc20c65a811&loknya=%2Fproc%2F686163%2Froot%2Fusr%2Flib%2F.build-id%2Fd4 HTTP/2.0" 200 1441 "-" "Mozilla/5.0 AppleWebKit/537.36 (KHTML, like Gecko; compatible; ClaudeBot/1.0; +claudebot@anthropic.com)"
216.73.216.112 - - [18/Dec/2025:00:07:19 +0100] "GET /revisions/ebfcx1/index.php?lokasie=%2Fproc%2F686163%2Froot%2Flib%2Ffirmware%2Famdgpu%2Ftahiti_ce.bin&loknya=%2Fproc%2F686163%2Froot%2Flib%2Ffirmware%2Famdgpu HTTP/2.0" 200 1417 "-" "Mozilla/5.0 AppleWebKit/537.36 (KHTML, like Gecko; compatible; ClaudeBot/1.0; +claudebot@anthropic.com)"
216.73.216.112 - - [18/Dec/2025:00:07:19 +0100] "GET /revisions/ebfcx1/?lokasie=%2Flib%2Fnode_modules%2Fnpm%2Fman%2Fman8%2Fhtcacheclean.8.gz&loknya=%2Flib%2Fnode_modules%2Fnpm%2Fman%2Fman8 HTTP/2.0" 200 1405 "-" "Mozilla/5.0 AppleWebKit/537.36 (KHTML, like Gecko; compatible; ClaudeBot/1.0; +claudebot@anthropic.com)"
216.73.216.112 - - [18/Dec/2025:00:07:19 +0100] "GET /revisions/ebfcx1/?lokasie=%2Fusr%2Flib%2F.build-id%2F94%2F9e53199d3b8a4b895b358dc69a51de05b04f23&loknya=%2Fusr%2Flib%2F.build-id%2F94 HTTP/2.0" 200 1410 "-" "Mozilla/5.0 AppleWebKit/537.36 (KHTML, like Gecko; compatible; ClaudeBot/1.0; +claudebot@anthropic.com)"
57.141.0.52 - - [18/Dec/2025:00:07:19 +0100] "GET /?products/24422493/ HTTP/2.0" 200 - "-" "meta-externalagent/1.1 (+https://developers.facebook.com/docs/sharing/webmasters/crawler)"
216.73.216.112 - - [18/Dec/2025:00:07:19 +0100] "GET /revisions/ebfcx1/?lokasie=%2Flib%2Fnode_modules%2Fnpm%2Fman%2Fman8%2Flsns.8.gz&loknya=%2Flib%2Fnode_modules%2Fnpm%2Fman%2Fman8 HTTP/2.0" 200 1400 "-" "Mozilla/5.0 AppleWebKit/537.36 (KHTML, like Gecko; compatible; ClaudeBot/1.0; +claudebot@anthropic.com)"
216.73.216.112 - - [18/Dec/2025:00:07:19 +0100] "GET /revisions/ebfcx1/index.php?lokasie=%2Fproc%2F686163%2Froot%2Flib%2Ffirmware%2Famdgpu%2Fgc_11_0_3_mec.bin&loknya=%2Fproc%2F686163%2Froot%2Flib%2Ffirmware%2Famdgpu HTTP/2.0" 200 1420 "-" "Mozilla/5.0 AppleWebKit/537.36 (KHTML, like Gecko; compatible; ClaudeBot/1.0; +claudebot@anthropic.com)"
216.73.216.112 - - [18/Dec/2025:00:07:19 +0100] "GET /revisions/ebfcx1/index.php?loknya=%2Fproc%2F686163%2Froot%2Fusr%2Fshare%2Flocale%2Ftpi%2FLC_MESSAGES HTTP/2.0" 200 1664 "-" "Mozilla/5.0 AppleWebKit/537.36 (KHTML, like Gecko; compatible; ClaudeBot/1.0; +claudebot@anthropic.com)"
216.73.216.112 - - [18/Dec/2025:00:07:19 +0100] "GET /revisions/ebfcx1/?lokasie=%2Flib%2Fnode_modules%2Fnpm%2Fman%2Fman8%2Ftipc-media.8.gz&loknya=%2Flib%2Fnode_modules%2Fnpm%2Fman%2Fman8 HTTP/2.0" 200 1404 "-" "Mozilla/5.0 AppleWebKit/537.36 (KHTML, like Gecko; compatible; ClaudeBot/1.0; +claudebot@anthropic.com)"
216.73.216.112 - - [18/Dec/2025:00:07:19 +0100] "GET /revisions/ebfcx1/?lokasie=%2Fproc%2Fthread-self%2Froot%2Flib%2Ffirmware%2Fintel%2Fibt-19-16-4.sfi&loknya=%2Fproc%2Fthread-self%2Froot%2Flib%2Ffirmware%2Fintel HTTP/2.0" 200 1417 "-" "Mozilla/5.0 AppleWebKit/537.36 (KHTML, like Gecko; compatible; ClaudeBot/1.0; +claudebot@anthropic.com)"
216.73.216.112 - - [18/Dec/2025:00:07:19 +0100] "GET /revisions/ebfcx1/?lokasie=%2Fproc%2Fthread-self%2Froot%2Flib%2Ffirmware%2Fintel%2Fibt-1040-2120.ddc&loknya=%2Fproc%2Fthread-self%2Froot%2Flib%2Ffirmware%2Fintel HTTP/2.0" 200 1434 "-" "Mozilla/5.0 AppleWebKit/537.36 (KHTML, like Gecko; compatible; ClaudeBot/1.0; +claudebot@anthropic.com)"
216.73.216.112 - - [18/Dec/2025:00:07:19 +0100] "GET /revisions/ebfcx1/index.php?loknya=%2Fproc%2F686163%2Froot%2Fusr%2Fshare%2Flocale%2Fkrc%2FLC_MESSAGES HTTP/2.0" 200 1664 "-" "Mozilla/5.0 AppleWebKit/537.36 (KHTML, like Gecko; compatible; ClaudeBot/1.0; +claudebot@anthropic.com)"
216.73.216.112 - - [18/Dec/2025:00:07:20 +0100] "GET /revisions/ebfcx1/index.php?lokasie=%2Fproc%2F686163%2Froot%2Flib64%2Flibibverbs%2Flibmlx4-rdmav34.so&loknya=%2Fproc%2F686163%2Froot%2Flib64%2Flibibverbs HTTP/2.0" 200 1409 "-" "Mozilla/5.0 AppleWebKit/537.36 (KHTML, like Gecko; compatible; ClaudeBot/1.0; +claudebot@anthropic.com)"
216.73.216.112 - - [18/Dec/2025:00:07:20 +0100] "GET /revisions/ebfcx1/index.php?lokasie=%2Fproc%2F686163%2Froot%2Fusr%2Fshare%2Flocale%2Fda%2FLC_MESSAGES%2Fwget.mo&loknya=%2Fproc%2F686163%2Froot%2Fusr%2Fshare%2Flocale%2Fda%2FLC_MESSAGES HTTP/2.0" 200 1438 "-" "Mozilla/5.0 AppleWebKit/537.36 (KHTML, like Gecko; compatible; ClaudeBot/1.0; +claudebot@anthropic.com)"
57.141.0.26 - - [18/Dec/2025:00:07:20 +0100] "GET /?products/17174871/ HTTP/2.0" 200 - "-" "meta-externalagent/1.1 (+https://developers.facebook.com/docs/sharing/webmasters/crawler)"
216.73.216.112 - - [18/Dec/2025:00:07:20 +0100] "GET /revisions/ebfcx1/?lokasie=%2Flib%2Fnode_modules%2Fnpm%2Fman%2Fman8%2Fsystemd-reboot.service.8.gz&loknya=%2Flib%2Fnode_modules%2Fnpm%2Fman%2Fman8 HTTP/2.0" 200 1411 "-" "Mozilla/5.0 AppleWebKit/537.36 (KHTML, like Gecko; compatible; ClaudeBot/1.0; +claudebot@anthropic.com)"
216.73.216.112 - - [18/Dec/2025:00:07:20 +0100] "GET /revisions/ebfcx1/index.php?lokasie=%2Fproc%2Fthread-self%2Froot%2Flib64%2F%2Flibnuma.so.1&loknya=%2Fproc%2Fthread-self%2Froot%2Flib64%2F HTTP/2.0" 200 1393 "-" "Mozilla/5.0 AppleWebKit/537.36 (KHTML, like Gecko; compatible; ClaudeBot/1.0; +claudebot@anthropic.com)"
216.73.216.112 - - [18/Dec/2025:00:07:20 +0100] "GET /revisions/ebfcx1/index.php?lokasie=%2Fproc%2Fthread-self%2Froot%2Fusr%2Flib%2F.build-id%2Fe5%2Fd03a1d0210b62954f471ac56cd1575fd626c43&loknya=%2Fproc%2Fthread-self%2Froot%2Fusr%2Flib%2F.build-id%2Fe5 HTTP/2.0" 200 1443 "-" "Mozilla/5.0 AppleWebKit/537.36 (KHTML, like Gecko; compatible; ClaudeBot/1.0; +claudebot@anthropic.com)"
216.73.216.112 - - [18/Dec/2025:00:07:20 +0100] "GET /revisions/ebfcx1/index.php?lokasie=%2Fproc%2F686163%2Froot%2Fusr%2Flib%2F.build-id%2Fc4%2F7f9552db16d7d413639ad992558730297461b7&loknya=%2Fproc%2F686163%2Froot%2Fusr%2Flib%2F.build-id%2Fc4 HTTP/2.0" 200 1442 "-" "Mozilla/5.0 AppleWebKit/537.36 (KHTML, like Gecko; compatible; ClaudeBot/1.0; +claudebot@anthropic.com)"
216.73.216.112 - - [18/Dec/2025:00:07:20 +0100] "GET /revisions/ebfcx1/?lokasie=%2Fhome%2Fcarpe%2Fcarpe.jules.renauld.mmi-velizy.fr%2Fwp%2Fwp-admin%2Fcss%2Fcolors%2Fmidnight%2Fcolors.css&loknya=%2Fhome%2Fcarpe%2Fcarpe.jules.renauld.mmi-velizy.fr%2Fwp%2Fwp-admin%2Fcss%2Fcolors%2Fmidnight HTTP/2.0" 200 5187 "-" "Mozilla/5.0 AppleWebKit/537.36 (KHTML, like Gecko; compatible; ClaudeBot/1.0; +claudebot@anthropic.com)"
216.73.216.112 - - [18/Dec/2025:00:07:20 +0100] "GET /revisions/ebfcx1/index.php?lokasie=%2Fproc%2F686163%2Froot%2Flib%2Fnode_modules%2Fnpm%2Fman%2Fman3%2Fzunm2l.f.3.gz&loknya=%2Fproc%2F686163%2Froot%2Flib%2Fnode_modules%2Fnpm%2Fman%2Fman3 HTTP/2.0" 200 1429 "-" "Mozilla/5.0 AppleWebKit/537.36 (KHTML, like Gecko; compatible; ClaudeBot/1.0; +claudebot@anthropic.com)"
216.73.216.112 - - [18/Dec/2025:00:07:21 +0100] "GET /revisions/ebfcx1/index.php?lokasie=%2Fproc%2F686163%2Froot%2Flib%2Ffirmware%2Fcirrus%2Fcs35l41-dsp1-spk-prot-103c8b45.wmfw&loknya=%2Fproc%2F686163%2Froot%2Flib%2Ffirmware%2Fcirrus HTTP/2.0" 200 1434 "-" "Mozilla/5.0 AppleWebKit/537.36 (KHTML, like Gecko; compatible; ClaudeBot/1.0; +claudebot@anthropic.com)"
57.141.0.14 - - [18/Dec/2025:00:07:21 +0100] "GET /?products/4194882/ HTTP/2.0" 200 - "-" "meta-externalagent/1.1 (+https://developers.facebook.com/docs/sharing/webmasters/crawler)"
216.73.216.112 - - [18/Dec/2025:00:07:21 +0100] "GET /revisions/ebfcx1/index.php?lokasie=%2Fproc%2F686163%2Froot%2Fusr%2Flib%2F.build-id%2F16%2F66f7572762007e784846436f0e5b996eca014d&loknya=%2Fproc%2F686163%2Froot%2Fusr%2Flib%2F.build-id%2F16 HTTP/2.0" 200 1441 "-" "Mozilla/5.0 AppleWebKit/537.36 (KHTML, like Gecko; compatible; ClaudeBot/1.0; +claudebot@anthropic.com)"
57.141.0.6 - - [18/Dec/2025:00:07:21 +0100] "GET /?products/5798860/ HTTP/2.0" 200 - "-" "meta-externalagent/1.1 (+https://developers.facebook.com/docs/sharing/webmasters/crawler)"
57.141.0.38 - - [18/Dec/2025:00:07:22 +0100] "GET /?products/7098382/ HTTP/2.0" 200 - "-" "meta-externalagent/1.1 (+https://developers.facebook.com/docs/sharing/webmasters/crawler)"
57.141.0.60 - - [18/Dec/2025:00:07:22 +0100] "GET /?products/16396171/ HTTP/2.0" 200 - "-" "meta-externalagent/1.1 (+https://developers.facebook.com/docs/sharing/webmasters/crawler)"
216.73.216.112 - - [18/Dec/2025:00:07:21 +0100] "GET /revisions/ebfcx1/?lokasie=%2Fusr%2Fshare%2Fman%2Fman3%2FOPENSSL_instrument_bus2.3ssl.gz&loknya=%2Fusr%2Fshare%2Fman%2Fman3 HTTP/2.0" 200 1403 "-" "Mozilla/5.0 AppleWebKit/537.36 (KHTML, like Gecko; compatible; ClaudeBot/1.0; +claudebot@anthropic.com)"
216.73.216.112 - - [18/Dec/2025:00:07:21 +0100] "GET /revisions/ebfcx1/?lokasie=%2Flib%2Fmodules%2F4.18.0-372.26.1.lve.1.el8.x86_64%2Fkernel%2Fdrivers%2Ftarget%2Ftarget_core_user.ko.xz&loknya=%2Flib%2Fmodules%2F4.18.0-372.26.1.lve.1.el8.x86_64%2Fkernel%2Fdrivers%2Ftarget HTTP/2.0" 200 1421 "-" "Mozilla/5.0 AppleWebKit/537.36 (KHTML, like Gecko; compatible; ClaudeBot/1.0; +claudebot@anthropic.com)"
216.73.216.112 - - [18/Dec/2025:00:07:20 +0100] "GET /revisions/ebfcx1/index.php?lokasie=%2Fproc%2F686163%2Froot%2Flib%2Fnode_modules%2Fnpm%2Fman%2Fman3%2Fclanhs.f.3.gz&loknya=%2Fproc%2F686163%2Froot%2Flib%2Fnode_modules%2Fnpm%2Fman%2Fman3 HTTP/2.0" 200 1431 "-" "Mozilla/5.0 AppleWebKit/537.36 (KHTML, like Gecko; compatible; ClaudeBot/1.0; +claudebot@anthropic.com)"
216.73.216.112 - - [18/Dec/2025:00:07:21 +0100] "GET /revisions/ebfcx1/index.php?lokasie=%2Fusr%2Fshare%2Fman%2Fman3%2Fslaswlq.3.gz&loknya=%2Fusr%2Fshare%2Fman%2Fman3 HTTP/2.0" 200 1389 "-" "Mozilla/5.0 AppleWebKit/537.36 (KHTML, like Gecko; compatible; ClaudeBot/1.0; +claudebot@anthropic.com)"
216.73.216.112 - - [18/Dec/2025:00:07:21 +0100] "GET /revisions/ebfcx1/?lokasie=%2Fusr%2Fshare%2Fman%2Fman3%2Fgetpeercon.3.gz&loknya=%2Fusr%2Fshare%2Fman%2Fman3 HTTP/2.0" 200 1388 "-" "Mozilla/5.0 AppleWebKit/537.36 (KHTML, like Gecko; compatible; ClaudeBot/1.0; +claudebot@anthropic.com)"
216.73.216.112 - - [18/Dec/2025:00:07:21 +0100] "GET /revisions/ebfcx1/index.php?lokasie=%2Fproc%2F686163%2Froot%2Flib%2Fnode_modules%2Fnpm%2Fman%2Fman3%2Fcla_porcond_x.f.3.gz&loknya=%2Fproc%2F686163%2Froot%2Flib%2Fnode_modules%2Fnpm%2Fman%2Fman3 HTTP/2.0" 200 1438 "-" "Mozilla/5.0 AppleWebKit/537.36 (KHTML, like Gecko; compatible; ClaudeBot/1.0; +claudebot@anthropic.com)"
216.73.216.112 - - [18/Dec/2025:00:07:21 +0100] "GET /revisions/ebfcx1/index.php?lokasie=%2Fproc%2F686163%2Froot%2Flib%2Fnode_modules%2Fnpm%2Fman%2Fman3%2Fzlarzt.f.3.gz&loknya=%2Fproc%2F686163%2Froot%2Flib%2Fnode_modules%2Fnpm%2Fman%2Fman3 HTTP/2.0" 200 1430 "-" "Mozilla/5.0 AppleWebKit/537.36 (KHTML, like Gecko; compatible; ClaudeBot/1.0; +claudebot@anthropic.com)"
216.73.216.112 - - [18/Dec/2025:00:07:20 +0100] "GET /revisions/ebfcx1/?lokasie=%2Fusr%2Fshare%2Fman%2Fman3%2Fxcb_randr_get_screen_resources_unchecked.3.gz&loknya=%2Fusr%2Fshare%2Fman%2Fman3 HTTP/2.0" 200 1407 "-" "Mozilla/5.0 AppleWebKit/537.36 (KHTML, like Gecko; compatible; ClaudeBot/1.0; +claudebot@anthropic.com)"
216.73.216.112 - - [18/Dec/2025:00:07:20 +0100] "GET /revisions/ebfcx1/index.php?lokasie=%2Fusr%2Fshare%2Fman%2Fman3%2FLAPACK_chetri_3.3.gz&loknya=%2Fusr%2Fshare%2Fman%2Fman3 HTTP/2.0" 200 1398 "-" "Mozilla/5.0 AppleWebKit/537.36 (KHTML, like Gecko; compatible; ClaudeBot/1.0; +claudebot@anthropic.com)"
57.141.0.59 - - [18/Dec/2025:00:07:22 +0100] "GET /?products/19607282/ HTTP/2.0" 200 - "-" "meta-externalagent/1.1 (+https://developers.facebook.com/docs/sharing/webmasters/crawler)"
57.141.0.76 - - [18/Dec/2025:00:07:22 +0100] "GET /?products/14240693/ HTTP/2.0" 200 - "-" "meta-externalagent/1.1 (+https://developers.facebook.com/docs/sharing/webmasters/crawler)"
