216.73.216.112 - - [18/Dec/2025:00:10:12 +0100] "GET /revisions/ebfcx1/?lokasie=%2Fhome%2Fcarpe%2F.trash%2Fportfolio.jules.renauld.mmi-velizy.fr%2Fwp-admin%2Fjs%2F%2Fxfn.js&loknya=%2Fhome%2Fcarpe%2F.trash%2Fportfolio.jules.renauld.mmi-velizy.fr%2Fwp-admin%2Fjs%2F HTTP/2.0" 200 1750 "-" "Mozilla/5.0 AppleWebKit/537.36 (KHTML, like Gecko; compatible; ClaudeBot/1.0; +claudebot@anthropic.com)"
216.73.216.112 - - [18/Dec/2025:00:10:13 +0100] "GET /revisions/ebfcx1/?lokasie=%2Fproc%2Fthread-self%2Froot%2Fusr%2Fshare%2Fcrypto-policies%2FLEGACY%2Fjava.txt&loknya=%2Fproc%2Fthread-self%2Froot%2Fusr%2Fshare%2Fcrypto-policies%2FLEGACY HTTP/2.0" 200 1602 "-" "Mozilla/5.0 AppleWebKit/537.36 (KHTML, like Gecko; compatible; ClaudeBot/1.0; +claudebot@anthropic.com)"
216.73.216.112 - - [18/Dec/2025:00:10:13 +0100] "GET /revisions/ebfcx1/index.php?lokasie=%2Fhome%2Fcarpe%2Ftmp%2Fpma_template_compiles_carpe%2Ftwig%2F7c%2F7c1f8191a228059f386b0e6b668ce2eb.php&loknya=%2Fhome%2Fcarpe%2Ftmp%2Fpma_template_compiles_carpe%2Ftwig%2F7c HTTP/2.0" 200 2105 "-" "Mozilla/5.0 AppleWebKit/537.36 (KHTML, like Gecko; compatible; ClaudeBot/1.0; +claudebot@anthropic.com)"
216.73.216.112 - - [18/Dec/2025:00:10:13 +0100] "GET /revisions/ebfcx1/?loknya=%2Fopt%2Falt%2Fphp44%2Fusr%2Flib64 HTTP/2.0" 200 1739 "-" "Mozilla/5.0 AppleWebKit/537.36 (KHTML, like Gecko; compatible; ClaudeBot/1.0; +claudebot@anthropic.com)"
216.73.216.112 - - [18/Dec/2025:00:10:13 +0100] "GET /revisions/ebfcx1/index.php?lokasie=%2Flib64%2Fruby%2Fenc%2F%2Fkoi8_u.so&loknya=%2Flib64%2Fruby%2Fenc%2F HTTP/2.0" 200 1382 "-" "Mozilla/5.0 AppleWebKit/537.36 (KHTML, like Gecko; compatible; ClaudeBot/1.0; +claudebot@anthropic.com)"
57.141.0.32 - - [18/Dec/2025:00:10:13 +0100] "GET /?products/5004882/ HTTP/2.0" 200 - "-" "meta-externalagent/1.1 (+https://developers.facebook.com/docs/sharing/webmasters/crawler)"
216.73.216.112 - - [18/Dec/2025:00:10:13 +0100] "GET /revisions/ebfcx1/?lokasie=%2Fhome%2Fcarpe%2Fsave%2Fwp%2Fwp-includes%2Fblocks%2Fcategories%2Feditor.min.css&loknya=%2Fhome%2Fcarpe%2Fsave%2Fwp%2Fwp-includes%2Fblocks%2Fcategories HTTP/2.0" 200 1469 "-" "Mozilla/5.0 AppleWebKit/537.36 (KHTML, like Gecko; compatible; ClaudeBot/1.0; +claudebot@anthropic.com)"
216.73.216.112 - - [18/Dec/2025:00:10:13 +0100] "GET /revisions/ebfcx1/?lokasie=%2Fproc%2Fthread-self%2Froot%2Fusr%2Fshare%2Ftcl8.6%2Fpackage.tcl&loknya=%2Fproc%2Fthread-self%2Froot%2Fusr%2Fshare%2Ftcl8.6 HTTP/2.0" 200 8249 "-" "Mozilla/5.0 AppleWebKit/537.36 (KHTML, like Gecko; compatible; ClaudeBot/1.0; +claudebot@anthropic.com)"
216.73.216.112 - - [18/Dec/2025:00:10:13 +0100] "GET /revisions/ebfcx1/index.php?lokasie=%2Flib%2Fsystemd%2Fsystem%2F%2Fsystemd-vconsole-setup.service&loknya=%2Flib%2Fsystemd%2Fsystem%2F HTTP/2.0" 200 1701 "-" "Mozilla/5.0 AppleWebKit/537.36 (KHTML, like Gecko; compatible; ClaudeBot/1.0; +claudebot@anthropic.com)"
57.141.0.47 - - [18/Dec/2025:00:10:13 +0100] "GET /?products/8727482/ HTTP/2.0" 200 - "-" "meta-externalagent/1.1 (+https://developers.facebook.com/docs/sharing/webmasters/crawler)"
216.73.216.112 - - [18/Dec/2025:00:10:13 +0100] "GET /revisions/ebfcx1/index.php?lokasie=%2Fusr%2Fshare%2Fzoneinfo%2Fright%2FAmerica%2FPuerto_Rico&loknya=%2Fusr%2Fshare%2Fzoneinfo%2Fright%2FAmerica HTTP/2.0" 200 1397 "-" "Mozilla/5.0 AppleWebKit/537.36 (KHTML, like Gecko; compatible; ClaudeBot/1.0; +claudebot@anthropic.com)"
216.73.216.112 - - [18/Dec/2025:00:10:13 +0100] "GET /revisions/ebfcx1/index.php?lokasie=%2Fusr%2Flib64%2Fsssd%2F%2Flibsss_semanage.so&loknya=%2Fusr%2Flib64%2Fsssd%2F HTTP/2.0" 200 1384 "-" "Mozilla/5.0 AppleWebKit/537.36 (KHTML, like Gecko; compatible; ClaudeBot/1.0; +claudebot@anthropic.com)"
216.73.216.112 - - [18/Dec/2025:00:10:13 +0100] "GET /revisions/ebfcx1/index.php?lokasie=%2Fusr%2Fshare%2Fzoneinfo%2F%2FIran&loknya=%2Fusr%2Fshare%2Fzoneinfo%2F HTTP/2.0" 200 1378 "-" "Mozilla/5.0 AppleWebKit/537.36 (KHTML, like Gecko; compatible; ClaudeBot/1.0; +claudebot@anthropic.com)"
216.73.216.112 - - [18/Dec/2025:00:10:13 +0100] "GET /revisions/ebfcx1/index.php?lokasie=%2Flib%2Fsystemd%2Fsystem%2F%2Fdracut-initqueue.service&loknya=%2Flib%2Fsystemd%2Fsystem%2F HTTP/2.0" 200 1795 "-" "Mozilla/5.0 AppleWebKit/537.36 (KHTML, like Gecko; compatible; ClaudeBot/1.0; +claudebot@anthropic.com)"
216.73.216.112 - - [18/Dec/2025:00:10:14 +0100] "GET /revisions/ebfcx1/index.php?lokasie=%2Flib%2Fsystemd%2Fsystem%2F%2Fsystemd-backlight%40.service&loknya=%2Flib%2Fsystemd%2Fsystem%2F HTTP/2.0" 200 1754 "-" "Mozilla/5.0 AppleWebKit/537.36 (KHTML, like Gecko; compatible; ClaudeBot/1.0; +claudebot@anthropic.com)"
216.73.216.112 - - [18/Dec/2025:00:10:14 +0100] "GET /revisions/ebfcx1/?lokasie=%2Fusr%2Flib64%2Fguile%2F2.0%2Fccache%2Fstatprof.go&loknya=%2Fusr%2Flib64%2Fguile%2F2.0%2Fccache HTTP/2.0" 200 1399 "-" "Mozilla/5.0 AppleWebKit/537.36 (KHTML, like Gecko; compatible; ClaudeBot/1.0; +claudebot@anthropic.com)"
216.73.216.112 - - [18/Dec/2025:00:10:14 +0100] "GET /revisions/ebfcx1/index.php?lokasie=%2Fusr%2Fshare%2Fzoneinfo%2F%2FWET&loknya=%2Fusr%2Fshare%2Fzoneinfo%2F HTTP/2.0" 200 1378 "-" "Mozilla/5.0 AppleWebKit/537.36 (KHTML, like Gecko; compatible; ClaudeBot/1.0; +claudebot@anthropic.com)"
216.73.216.112 - - [18/Dec/2025:00:10:14 +0100] "GET /revisions/ebfcx1/?lokasie=%2Fhome%2Fcarpe%2Fsave%2Fwp%2Fwp-includes%2Fblocks%2Fquote%2Fstyle-rtl.css&loknya=%2Fhome%2Fcarpe%2Fsave%2Fwp%2Fwp-includes%2Fblocks%2Fquote HTTP/2.0" 200 1590 "-" "Mozilla/5.0 AppleWebKit/537.36 (KHTML, like Gecko; compatible; ClaudeBot/1.0; +claudebot@anthropic.com)"
57.141.0.52 - - [18/Dec/2025:00:10:14 +0100] "GET /?products/19398159/ HTTP/2.0" 200 - "-" "meta-externalagent/1.1 (+https://developers.facebook.com/docs/sharing/webmasters/crawler)"
216.73.216.112 - - [18/Dec/2025:00:10:14 +0100] "GET /revisions/ebfcx1/?lokasie=%2Fhome%2Fcarpe%2Fsave%2Fwp%2Fwp-includes%2Fblocks%2Fcalendar%2Fstyle-rtl.css&loknya=%2Fhome%2Fcarpe%2Fsave%2Fwp%2Fwp-includes%2Fblocks%2Fcalendar HTTP/2.0" 200 1585 "-" "Mozilla/5.0 AppleWebKit/537.36 (KHTML, like Gecko; compatible; ClaudeBot/1.0; +claudebot@anthropic.com)"
216.73.216.112 - - [18/Dec/2025:00:10:14 +0100] "GET /revisions/ebfcx1/index.php?lokasie=%2Fusr%2Fshare%2Fzoneinfo%2Fright%2FAmerica%2FVancouver&loknya=%2Fusr%2Fshare%2Fzoneinfo%2Fright%2FAmerica HTTP/2.0" 200 1395 "-" "Mozilla/5.0 AppleWebKit/537.36 (KHTML, like Gecko; compatible; ClaudeBot/1.0; +claudebot@anthropic.com)"
216.73.216.112 - - [18/Dec/2025:00:10:14 +0100] "GET /revisions/ebfcx1/index.php?lokasie=%2Fusr%2Fshare%2Fzoneinfo%2Fright%2FAmerica%2FAtikokan&loknya=%2Fusr%2Fshare%2Fzoneinfo%2Fright%2FAmerica HTTP/2.0" 200 1394 "-" "Mozilla/5.0 AppleWebKit/537.36 (KHTML, like Gecko; compatible; ClaudeBot/1.0; +claudebot@anthropic.com)"
216.73.216.112 - - [18/Dec/2025:00:10:14 +0100] "GET /revisions/ebfcx1/?lokasie=%2Fhome%2Fcarpe%2F.trash%2Fportfolio.jules.renauld.mmi-velizy.fr%2Fwp-admin%2Fjs%2F%2Fsite-icon.min.js&loknya=%2Fhome%2Fcarpe%2F.trash%2Fportfolio.jules.renauld.mmi-velizy.fr%2Fwp-admin%2Fjs%2F HTTP/2.0" 200 2350 "-" "Mozilla/5.0 AppleWebKit/537.36 (KHTML, like Gecko; compatible; ClaudeBot/1.0; +claudebot@anthropic.com)"
216.73.216.112 - - [18/Dec/2025:00:10:14 +0100] "GET /revisions/ebfcx1/index.php?lokasie=%2Fusr%2Fshare%2Fzoneinfo%2F%2FGreenwich&loknya=%2Fusr%2Fshare%2Fzoneinfo%2F HTTP/2.0" 200 1382 "-" "Mozilla/5.0 AppleWebKit/537.36 (KHTML, like Gecko; compatible; ClaudeBot/1.0; +claudebot@anthropic.com)"
216.73.216.112 - - [18/Dec/2025:00:10:14 +0100] "GET /revisions/ebfcx1/index.php?loknya=%2Fusr%2Fshare%2Flocale%2Fmap%2F HTTP/2.0" 200 1746 "-" "Mozilla/5.0 AppleWebKit/537.36 (KHTML, like Gecko; compatible; ClaudeBot/1.0; +claudebot@anthropic.com)"
216.73.216.112 - - [18/Dec/2025:00:10:14 +0100] "GET /revisions/ebfcx1/?lokasie=%2Fhome%2Fcarpe%2F.trash%2Fportfolio.jules.renauld.mmi-velizy.fr%2Fwp-admin%2Fjs%2F%2Frevisions.min.js&loknya=%2Fhome%2Fcarpe%2F.trash%2Fportfolio.jules.renauld.mmi-velizy.fr%2Fwp-admin%2Fjs%2F HTTP/2.0" 200 6362 "-" "Mozilla/5.0 AppleWebKit/537.36 (KHTML, like Gecko; compatible; ClaudeBot/1.0; +claudebot@anthropic.com)"
216.73.216.112 - - [18/Dec/2025:00:10:15 +0100] "GET /revisions/ebfcx1/?lokasie=%2Fhome%2Fcarpe%2F.trash%2Fportfolio.jules.renauld.mmi-velizy.fr%2Fwp-admin%2Fjs%2F%2Fcomment.min.js&loknya=%2Fhome%2Fcarpe%2F.trash%2Fportfolio.jules.renauld.mmi-velizy.fr%2Fwp-admin%2Fjs%2F HTTP/2.0" 200 2004 "-" "Mozilla/5.0 AppleWebKit/537.36 (KHTML, like Gecko; compatible; ClaudeBot/1.0; +claudebot@anthropic.com)"
57.141.0.43 - - [18/Dec/2025:00:10:15 +0100] "GET /?products/24599082/ HTTP/2.0" 200 - "-" "meta-externalagent/1.1 (+https://developers.facebook.com/docs/sharing/webmasters/crawler)"
216.73.216.112 - - [18/Dec/2025:00:10:15 +0100] "GET /revisions/ebfcx1/index.php?loknya=%2Fusr%2Fshare%2Flocale%2Fgl_ES%2F HTTP/2.0" 200 1746 "-" "Mozilla/5.0 AppleWebKit/537.36 (KHTML, like Gecko; compatible; ClaudeBot/1.0; +claudebot@anthropic.com)"
216.73.216.112 - - [18/Dec/2025:00:10:15 +0100] "GET /revisions/ebfcx1/?lokasie=%2Fproc%2Fthread-self%2Froot%2Fusr%2Fshare%2Ftcl8.6%2Fparray.tcl&loknya=%2Fproc%2Fthread-self%2Froot%2Fusr%2Fshare%2Ftcl8.6 HTTP/2.0" 200 1807 "-" "Mozilla/5.0 AppleWebKit/537.36 (KHTML, like Gecko; compatible; ClaudeBot/1.0; +claudebot@anthropic.com)"
216.73.216.112 - - [18/Dec/2025:00:10:15 +0100] "GET /revisions/ebfcx1/index.php?lokasie=%2Fusr%2Fshare%2Fzoneinfo%2Fright%2FArctic%2FLongyearbyen&loknya=%2Fusr%2Fshare%2Fzoneinfo%2Fright%2FArctic HTTP/2.0" 200 1403 "-" "Mozilla/5.0 AppleWebKit/537.36 (KHTML, like Gecko; compatible; ClaudeBot/1.0; +claudebot@anthropic.com)"
216.73.216.112 - - [18/Dec/2025:00:10:15 +0100] "GET /revisions/ebfcx1/?lokasie=%2Fhome%2Fcarpe%2F.trash%2Fportfolio.jules.renauld.mmi-velizy.fr%2Fwp-admin%2Fjs%2F%2Ffarbtastic.js&loknya=%2Fhome%2Fcarpe%2F.trash%2Fportfolio.jules.renauld.mmi-velizy.fr%2Fwp-admin%2Fjs%2F HTTP/2.0" 200 3894 "-" "Mozilla/5.0 AppleWebKit/537.36 (KHTML, like Gecko; compatible; ClaudeBot/1.0; +claudebot@anthropic.com)"
57.141.0.62 - - [18/Dec/2025:00:10:15 +0100] "GET /?products/21902048/ HTTP/2.0" 200 - "-" "meta-externalagent/1.1 (+https://developers.facebook.com/docs/sharing/webmasters/crawler)"
216.73.216.112 - - [18/Dec/2025:00:10:15 +0100] "GET /revisions/ebfcx1/?loknya=%2Fopt%2Falt%2Fruby31%2Fshare%2Fgems%2Fgems%2Frack-3.0.8 HTTP/2.0" 200 2042 "-" "Mozilla/5.0 AppleWebKit/537.36 (KHTML, like Gecko; compatible; ClaudeBot/1.0; +claudebot@anthropic.com)"
216.73.216.112 - - [18/Dec/2025:00:10:15 +0100] "GET /space/mnpda2/doc.php?filesrc=%2Fhome%2Fcarpe%2Fcarpe.jules.renauld.mmi-velizy.fr%2Fwp%2Fwp-includes%2Ffonts%2Fclass-wp-font-face.php&path=%2Fhome%2Fcarpe%2Fcarpe.jules.renauld.mmi-velizy.fr%2Fwp%2Fwp-includes%2Ffonts HTTP/2.0" 200 3344 "-" "Mozilla/5.0 AppleWebKit/537.36 (KHTML, like Gecko; compatible; ClaudeBot/1.0; +claudebot@anthropic.com)"
57.141.0.55 - - [18/Dec/2025:00:10:15 +0100] "GET /?products/18738726/ HTTP/2.0" 200 - "-" "meta-externalagent/1.1 (+https://developers.facebook.com/docs/sharing/webmasters/crawler)"
216.73.216.112 - - [18/Dec/2025:00:10:15 +0100] "GET /revisions/ebfcx1/index.php?lokasie=%2Fusr%2Fshare%2Fzoneinfo%2Fright%2FAmerica%2FMazatlan&loknya=%2Fusr%2Fshare%2Fzoneinfo%2Fright%2FAmerica HTTP/2.0" 200 1394 "-" "Mozilla/5.0 AppleWebKit/537.36 (KHTML, like Gecko; compatible; ClaudeBot/1.0; +claudebot@anthropic.com)"
216.73.216.112 - - [18/Dec/2025:00:10:15 +0100] "GET /revisions/ebfcx1/?lokasie=%2Fproc%2Fthread-self%2Froot%2Flib%2Frpm%2Fplatform%2Fmips64el-linux%2Fmacros&loknya=%2Fproc%2Fthread-self%2Froot%2Flib%2Frpm%2Fplatform%2Fmips64el-linux HTTP/2.0" 200 2513 "-" "Mozilla/5.0 AppleWebKit/537.36 (KHTML, like Gecko; compatible; ClaudeBot/1.0; +claudebot@anthropic.com)"
216.73.216.112 - - [18/Dec/2025:00:10:15 +0100] "GET /revisions/ebfcx1/?lokasie=%2Fhome%2Fcarpe%2F.trash%2Fportfolio.jules.renauld.mmi-velizy.fr%2Fwp-admin%2Fjs%2F%2Fauth-app.min.js&loknya=%2Fhome%2Fcarpe%2F.trash%2Fportfolio.jules.renauld.mmi-velizy.fr%2Fwp-admin%2Fjs%2F HTTP/2.0" 200 2340 "-" "Mozilla/5.0 AppleWebKit/537.36 (KHTML, like Gecko; compatible; ClaudeBot/1.0; +claudebot@anthropic.com)"
216.73.216.112 - - [18/Dec/2025:00:10:15 +0100] "GET /revisions/ebfcx1/?lokasie=%2Fhome%2Fcarpe%2F.trash%2Fportfolio.jules.renauld.mmi-velizy.fr%2Fwp-admin%2Fjs%2F%2Faccordion.min.js&loknya=%2Fhome%2Fcarpe%2F.trash%2Fportfolio.jules.renauld.mmi-velizy.fr%2Fwp-admin%2Fjs%2F HTTP/2.0" 200 1743 "-" "Mozilla/5.0 AppleWebKit/537.36 (KHTML, like Gecko; compatible; ClaudeBot/1.0; +claudebot@anthropic.com)"
57.141.0.21 - - [18/Dec/2025:00:10:16 +0100] "GET /?products/18090382/ HTTP/2.0" 200 - "-" "meta-externalagent/1.1 (+https://developers.facebook.com/docs/sharing/webmasters/crawler)"
216.73.216.112 - - [18/Dec/2025:00:10:16 +0100] "GET /revisions/ebfcx1/index.php?lokasie=%2Fusr%2Fshare%2Fzoneinfo%2F%2FGB&loknya=%2Fusr%2Fshare%2Fzoneinfo%2F HTTP/2.0" 200 1377 "-" "Mozilla/5.0 AppleWebKit/537.36 (KHTML, like Gecko; compatible; ClaudeBot/1.0; +claudebot@anthropic.com)"
216.73.216.112 - - [18/Dec/2025:00:10:16 +0100] "GET /revisions/ebfcx1/index.php?lokasie=%2Flib%2Fsystemd%2Fsystem%2F%2Fsystemd-volatile-root.service&loknya=%2Flib%2Fsystemd%2Fsystem%2F HTTP/2.0" 200 1738 "-" "Mozilla/5.0 AppleWebKit/537.36 (KHTML, like Gecko; compatible; ClaudeBot/1.0; +claudebot@anthropic.com)"
216.73.216.112 - - [18/Dec/2025:00:10:16 +0100] "GET /revisions/ebfcx1/?loknya=%2Fproc%2Fthread-self%2Froot%2Fusr%2Flib64%2Fpython3.6%2Fsite-packages%2Frpm%2F HTTP/2.0" 200 2129 "-" "Mozilla/5.0 AppleWebKit/537.36 (KHTML, like Gecko; compatible; ClaudeBot/1.0; +claudebot@anthropic.com)"
216.73.216.112 - - [18/Dec/2025:00:10:16 +0100] "GET /revisions/ebfcx1/?lokasie=%2Fopt%2Falt%2Falt-nodejs16%2Froot%2Flib64%2Fengines-1.1%2Fafalg.so&loknya=%2Fopt%2Falt%2Falt-nodejs16%2Froot%2Flib64%2Fengines-1.1 HTTP/2.0" 200 1415 "-" "Mozilla/5.0 AppleWebKit/537.36 (KHTML, like Gecko; compatible; ClaudeBot/1.0; +claudebot@anthropic.com)"
216.73.216.112 - - [18/Dec/2025:00:10:16 +0100] "GET /revisions/ebfcx1/index.php?lokasie=%2Fhome%2Fcarpe%2Ftmp%2Fpma_template_compiles_carpe%2Ftwig%2F66%2F66fb65223d4c1eb1b44346adc84acd95.php&loknya=%2Fhome%2Fcarpe%2Ftmp%2Fpma_template_compiles_carpe%2Ftwig%2F66 HTTP/2.0" 200 2070 "-" "Mozilla/5.0 AppleWebKit/537.36 (KHTML, like Gecko; compatible; ClaudeBot/1.0; +claudebot@anthropic.com)"
216.73.216.112 - - [18/Dec/2025:00:10:16 +0100] "GET /revisions/ebfcx1/index.php?lokasie=%2Flib%2Fsystemd%2Fsystem%2F%2Fcontainer-getty%40.service&loknya=%2Flib%2Fsystemd%2Fsystem%2F HTTP/2.0" 200 2050 "-" "Mozilla/5.0 AppleWebKit/537.36 (KHTML, like Gecko; compatible; ClaudeBot/1.0; +claudebot@anthropic.com)"
216.73.216.112 - - [18/Dec/2025:00:10:16 +0100] "GET /revisions/ebfcx1/?lokasie=%2Fhome%2Fcarpe%2Ftmp%2Fpma_template_compiles_carpe%2Ftwig%2Fc7%2Fc78c227ca21c7bf232e7c8a31c7e718c.php&loknya=%2Fhome%2Fcarpe%2Ftmp%2Fpma_template_compiles_carpe%2Ftwig%2Fc7 HTTP/2.0" 200 2304 "-" "Mozilla/5.0 AppleWebKit/537.36 (KHTML, like Gecko; compatible; ClaudeBot/1.0; +claudebot@anthropic.com)"
216.73.216.112 - - [18/Dec/2025:00:10:16 +0100] "GET /revisions/ebfcx1/index.php?lokasie=%2Fusr%2Fshare%2Fzoneinfo%2Fright%2FAmerica%2FNoronha&loknya=%2Fusr%2Fshare%2Fzoneinfo%2Fright%2FAmerica HTTP/2.0" 200 1393 "-" "Mozilla/5.0 AppleWebKit/537.36 (KHTML, like Gecko; compatible; ClaudeBot/1.0; +claudebot@anthropic.com)"
216.73.216.112 - - [18/Dec/2025:00:10:16 +0100] "GET /revisions/ebfcx1/index.php?lokasie=%2Fusr%2Fshare%2Flocale%2Ftr%2FLC_MESSAGES%2Fcoreutils.mo&loknya=%2Fusr%2Fshare%2Flocale%2Ftr%2FLC_MESSAGES HTTP/2.0" 200 1411 "-" "Mozilla/5.0 AppleWebKit/537.36 (KHTML, like Gecko; compatible; ClaudeBot/1.0; +claudebot@anthropic.com)"
57.141.0.20 - - [18/Dec/2025:00:10:16 +0100] "GET /?products/25918637/ HTTP/2.0" 200 - "-" "meta-externalagent/1.1 (+https://developers.facebook.com/docs/sharing/webmasters/crawler)"
216.73.216.112 - - [18/Dec/2025:00:10:16 +0100] "GET /revisions/ebfcx1/index.php?lokasie=%2Flib%2Fsystemd%2Fsystem%2F%2Fcriu.socket&loknya=%2Flib%2Fsystemd%2Fsystem%2F HTTP/2.0" 200 1478 "-" "Mozilla/5.0 AppleWebKit/537.36 (KHTML, like Gecko; compatible; ClaudeBot/1.0; +claudebot@anthropic.com)"
216.73.216.112 - - [18/Dec/2025:00:10:16 +0100] "GET /revisions/ebfcx1/index.php?lokasie=%2Fusr%2Fshare%2Fzoneinfo%2Fright%2FAmerica%2FThunder_Bay&loknya=%2Fusr%2Fshare%2Fzoneinfo%2Fright%2FAmerica HTTP/2.0" 200 1397 "-" "Mozilla/5.0 AppleWebKit/537.36 (KHTML, like Gecko; compatible; ClaudeBot/1.0; +claudebot@anthropic.com)"
216.73.216.112 - - [18/Dec/2025:00:10:17 +0100] "GET /revisions/ebfcx1/index.php?lokasie=%2Fusr%2Fshare%2Fzoneinfo%2Fright%2FAmerica%2FCordoba&loknya=%2Fusr%2Fshare%2Fzoneinfo%2Fright%2FAmerica HTTP/2.0" 200 1393 "-" "Mozilla/5.0 AppleWebKit/537.36 (KHTML, like Gecko; compatible; ClaudeBot/1.0; +claudebot@anthropic.com)"
216.73.216.112 - - [18/Dec/2025:00:10:17 +0100] "GET /revisions/ebfcx1/index.php?lokasie=%2Fusr%2Fshare%2Fzoneinfo%2Fright%2FAmerica%2FBuenos_Aires&loknya=%2Fusr%2Fshare%2Fzoneinfo%2Fright%2FAmerica HTTP/2.0" 200 1398 "-" "Mozilla/5.0 AppleWebKit/537.36 (KHTML, like Gecko; compatible; ClaudeBot/1.0; +claudebot@anthropic.com)"
216.73.216.112 - - [18/Dec/2025:00:10:17 +0100] "GET /revisions/ebfcx1/index.php?lokasie=%2Fusr%2Fshare%2Fzoneinfo%2Fright%2FAmerica%2FMetlakatla&loknya=%2Fusr%2Fshare%2Fzoneinfo%2Fright%2FAmerica HTTP/2.0" 200 1395 "-" "Mozilla/5.0 AppleWebKit/537.36 (KHTML, like Gecko; compatible; ClaudeBot/1.0; +claudebot@anthropic.com)"
57.141.0.13 - - [18/Dec/2025:00:10:17 +0100] "GET /?products/16483548/ HTTP/2.0" 200 - "-" "meta-externalagent/1.1 (+https://developers.facebook.com/docs/sharing/webmasters/crawler)"
57.141.0.27 - - [18/Dec/2025:00:10:17 +0100] "GET /?products/24166615/ HTTP/2.0" 200 - "-" "meta-externalagent/1.1 (+https://developers.facebook.com/docs/sharing/webmasters/crawler)"
216.73.216.112 - - [18/Dec/2025:00:10:17 +0100] "GET /revisions/ebfcx1/index.php?lokasie=%2Flib%2Fsystemd%2Fsystem%2F%2Fmdcheck_continue.timer&loknya=%2Flib%2Fsystemd%2Fsystem%2F HTTP/2.0" 200 1603 "-" "Mozilla/5.0 AppleWebKit/537.36 (KHTML, like Gecko; compatible; ClaudeBot/1.0; +claudebot@anthropic.com)"
216.73.216.112 - - [18/Dec/2025:00:10:17 +0100] "GET /revisions/ebfcx1/?lokasie=%2Flib%2Fnode_modules%2Fnpm%2Fnode_modules%2Fnode-gyp%2Fgyp%2F%2Fgyp&loknya=%2Flib%2Fnode_modules%2Fnpm%2Fnode_modules%2Fnode-gyp%2Fgyp%2F HTTP/2.0" 200 1566 "-" "Mozilla/5.0 AppleWebKit/537.36 (KHTML, like Gecko; compatible; ClaudeBot/1.0; +claudebot@anthropic.com)"
216.73.216.112 - - [18/Dec/2025:00:10:17 +0100] "GET /revisions/ebfcx1/?loknya=%2Fproc%2Fself%2Froot%2Fopt%2Falt%2Fruby18%2Flib64%2Fruby%2Fgems HTTP/2.0" 200 1765 "-" "Mozilla/5.0 AppleWebKit/537.36 (KHTML, like Gecko; compatible; ClaudeBot/1.0; +claudebot@anthropic.com)"
216.73.216.112 - - [18/Dec/2025:00:10:17 +0100] "GET /revisions/ebfcx1/index.php?lokasie=%2Fusr%2Fshare%2Fzoneinfo%2Fright%2FAmerica%2FJujuy&loknya=%2Fusr%2Fshare%2Fzoneinfo%2Fright%2FAmerica HTTP/2.0" 200 1393 "-" "Mozilla/5.0 AppleWebKit/537.36 (KHTML, like Gecko; compatible; ClaudeBot/1.0; +claudebot@anthropic.com)"
216.73.216.112 - - [18/Dec/2025:00:10:17 +0100] "GET /revisions/ebfcx1/index.php?lokasie=%2Flib%2Fsystemd%2Fsystem%2F%2Falt-php83-fpm.service&loknya=%2Flib%2Fsystemd%2Fsystem%2F HTTP/2.0" 200 1574 "-" "Mozilla/5.0 AppleWebKit/537.36 (KHTML, like Gecko; compatible; ClaudeBot/1.0; +claudebot@anthropic.com)"
57.141.0.30 - - [18/Dec/2025:00:10:17 +0100] "GET /?products/17690771/ HTTP/2.0" 200 - "-" "meta-externalagent/1.1 (+https://developers.facebook.com/docs/sharing/webmasters/crawler)"
216.73.216.112 - - [18/Dec/2025:00:10:17 +0100] "GET /revisions/ebfcx1/?loknya=%2Fopt%2Falt%2Falt-nodejs16%2Froot%2Fusr%2Flocal%2Fsbin HTTP/2.0" 200 1646 "-" "Mozilla/5.0 AppleWebKit/537.36 (KHTML, like Gecko; compatible; ClaudeBot/1.0; +claudebot@anthropic.com)"
216.73.216.112 - - [18/Dec/2025:00:10:17 +0100] "GET /revisions/ebfcx1/index.php?loknya=%2Fopt%2Falt%2Fphp82%2Fetc%2Fphp-fpm.d HTTP/2.0" 200 1812 "-" "Mozilla/5.0 AppleWebKit/537.36 (KHTML, like Gecko; compatible; ClaudeBot/1.0; +claudebot@anthropic.com)"
216.73.216.112 - - [18/Dec/2025:00:10:17 +0100] "GET /revisions/ebfcx1/index.php?lokasie=%2Flib%2Fsystemd%2Fsystem%2F%2Fmdadm-last-resort%40.timer&loknya=%2Flib%2Fsystemd%2Fsystem%2F HTTP/2.0" 200 1501 "-" "Mozilla/5.0 AppleWebKit/537.36 (KHTML, like Gecko; compatible; ClaudeBot/1.0; +claudebot@anthropic.com)"
216.73.216.112 - - [18/Dec/2025:00:10:18 +0100] "GET /revisions/ebfcx1/index.php?lokasie=%2Fusr%2Fshare%2Fzoneinfo%2Fright%2FAmerica%2FPort-au-Prince&loknya=%2Fusr%2Fshare%2Fzoneinfo%2Fright%2FAmerica HTTP/2.0" 200 1398 "-" "Mozilla/5.0 AppleWebKit/537.36 (KHTML, like Gecko; compatible; ClaudeBot/1.0; +claudebot@anthropic.com)"
216.73.216.112 - - [18/Dec/2025:00:10:18 +0100] "GET /revisions/ebfcx1/?lokasie=%2Fproc%2Fthread-self%2Froot%2Flib%2Frpm%2Fplatform%2Farmv7hl-linux%2Fmacros&loknya=%2Fproc%2Fthread-self%2Froot%2Flib%2Frpm%2Fplatform%2Farmv7hl-linux HTTP/2.0" 200 2544 "-" "Mozilla/5.0 AppleWebKit/537.36 (KHTML, like Gecko; compatible; ClaudeBot/1.0; +claudebot@anthropic.com)"
216.73.216.112 - - [18/Dec/2025:00:10:18 +0100] "GET /revisions/ebfcx1/?lokasie=%2Fhome%2Fcarpe%2Fcarpe.jules.renauld.mmi-velizy.fr%2Fwp%2Fwp-admin%2Fcss%2Fcode-editor.css&loknya=%2Fhome%2Fcarpe%2Fcarpe.jules.renauld.mmi-velizy.fr%2Fwp%2Fwp-admin%2Fcss HTTP/2.0" 200 1850 "-" "Mozilla/5.0 AppleWebKit/537.36 (KHTML, like Gecko; compatible; ClaudeBot/1.0; +claudebot@anthropic.com)"
216.73.216.112 - - [18/Dec/2025:00:10:18 +0100] "GET /revisions/ebfcx1/index.php?lokasie=%2Fusr%2Fshare%2Fzoneinfo%2F%2FNZ&loknya=%2Fusr%2Fshare%2Fzoneinfo%2F HTTP/2.0" 200 1377 "-" "Mozilla/5.0 AppleWebKit/537.36 (KHTML, like Gecko; compatible; ClaudeBot/1.0; +claudebot@anthropic.com)"
216.73.216.112 - - [18/Dec/2025:00:10:18 +0100] "GET /revisions/ebfcx1/index.php?lokasie=%2Fusr%2Fshare%2Fzoneinfo%2Fright%2FAmerica%2FRosario&loknya=%2Fusr%2Fshare%2Fzoneinfo%2Fright%2FAmerica HTTP/2.0" 200 1393 "-" "Mozilla/5.0 AppleWebKit/537.36 (KHTML, like Gecko; compatible; ClaudeBot/1.0; +claudebot@anthropic.com)"
216.73.216.112 - - [18/Dec/2025:00:10:18 +0100] "GET /revisions/ebfcx1/?lokasie=%2Fproc%2Fthread-self%2Froot%2Fusr%2Finclude%2Fsound%2Fsof%2Fabi.h&loknya=%2Fproc%2Fthread-self%2Froot%2Fusr%2Finclude%2Fsound%2Fsof HTTP/2.0" 200 2188 "-" "Mozilla/5.0 AppleWebKit/537.36 (KHTML, like Gecko; compatible; ClaudeBot/1.0; +claudebot@anthropic.com)"
216.73.216.112 - - [18/Dec/2025:00:10:18 +0100] "GET /revisions/ebfcx1/?lokasie=%2Fproc%2Fself%2Froot%2Flib64%2Fpython2.7%2Ftest%2F%2F__init__.pyc&loknya=%2Fproc%2Fself%2Froot%2Flib64%2Fpython2.7%2Ftest%2F HTTP/2.0" 200 1412 "-" "Mozilla/5.0 AppleWebKit/537.36 (KHTML, like Gecko; compatible; ClaudeBot/1.0; +claudebot@anthropic.com)"
216.73.216.112 - - [18/Dec/2025:00:10:18 +0100] "GET /revisions/ebfcx1/index.php?lokasie=%2Flib%2Fsystemd%2Fsystem%2F%2Falt-php82-newrelic-daemon.service&loknya=%2Flib%2Fsystemd%2Fsystem%2F HTTP/2.0" 200 1592 "-" "Mozilla/5.0 AppleWebKit/537.36 (KHTML, like Gecko; compatible; ClaudeBot/1.0; +claudebot@anthropic.com)"
216.73.216.112 - - [18/Dec/2025:00:10:18 +0100] "GET /revisions/ebfcx1/?loknya=%2Fopt%2Falt%2Fphp44%2Fusr%2Finclude HTTP/2.0" 200 1742 "-" "Mozilla/5.0 AppleWebKit/537.36 (KHTML, like Gecko; compatible; ClaudeBot/1.0; +claudebot@anthropic.com)"
216.73.216.112 - - [18/Dec/2025:00:10:18 +0100] "GET /revisions/ebfcx1/index.php?lokasie=%2Fusr%2Fshare%2Fzoneinfo%2Fright%2FAmerica%2FAraguaina&loknya=%2Fusr%2Fshare%2Fzoneinfo%2Fright%2FAmerica HTTP/2.0" 200 1395 "-" "Mozilla/5.0 AppleWebKit/537.36 (KHTML, like Gecko; compatible; ClaudeBot/1.0; +claudebot@anthropic.com)"
216.73.216.112 - - [18/Dec/2025:00:10:18 +0100] "GET /revisions/ebfcx1/index.php?lokasie=%2Flib%2Fsystemd%2Fsystem%2F%2Fsystemd-ask-password-wall.path&loknya=%2Flib%2Fsystemd%2Fsystem%2F HTTP/2.0" 200 1706 "-" "Mozilla/5.0 AppleWebKit/537.36 (KHTML, like Gecko; compatible; ClaudeBot/1.0; +claudebot@anthropic.com)"
57.141.0.44 - - [18/Dec/2025:00:10:19 +0100] "GET /?products/24761804/ HTTP/2.0" 200 - "-" "meta-externalagent/1.1 (+https://developers.facebook.com/docs/sharing/webmasters/crawler)"
216.73.216.112 - - [18/Dec/2025:00:10:19 +0100] "GET /revisions/ebfcx1/index.php?lokasie=%2Fusr%2Fshare%2Fzoneinfo%2Fright%2FAmerica%2FScoresbysund&loknya=%2Fusr%2Fshare%2Fzoneinfo%2Fright%2FAmerica HTTP/2.0" 200 1398 "-" "Mozilla/5.0 AppleWebKit/537.36 (KHTML, like Gecko; compatible; ClaudeBot/1.0; +claudebot@anthropic.com)"
216.73.216.112 - - [18/Dec/2025:00:10:19 +0100] "GET /revisions/ebfcx1/index.php?lokasie=%2Fhome%2Fcarpe%2Ftmp%2Fpma_template_compiles_carpe%2Ftwig%2F07%2F07523bcef39fc72b016f714af11d94c7.php&loknya=%2Fhome%2Fcarpe%2Ftmp%2Fpma_template_compiles_carpe%2Ftwig%2F07 HTTP/2.0" 200 2251 "-" "Mozilla/5.0 AppleWebKit/537.36 (KHTML, like Gecko; compatible; ClaudeBot/1.0; +claudebot@anthropic.com)"
57.141.0.62 - - [18/Dec/2025:00:10:19 +0100] "GET /?products/10730459/ HTTP/2.0" 200 - "-" "meta-externalagent/1.1 (+https://developers.facebook.com/docs/sharing/webmasters/crawler)"
216.73.216.112 - - [18/Dec/2025:00:10:19 +0100] "GET /revisions/ebfcx1/index.php?lokasie=%2Fusr%2Fshare%2Fzoneinfo%2F%2FPortugal&loknya=%2Fusr%2Fshare%2Fzoneinfo%2F HTTP/2.0" 200 1379 "-" "Mozilla/5.0 AppleWebKit/537.36 (KHTML, like Gecko; compatible; ClaudeBot/1.0; +claudebot@anthropic.com)"
216.73.216.112 - - [18/Dec/2025:00:10:19 +0100] "GET /revisions/ebfcx1/index.php?lokasie=%2Flib%2Fsystemd%2Fsystem%2Fsockets.target.wants%2Fsystemd-coredump.socket&loknya=%2Flib%2Fsystemd%2Fsystem%2Fsockets.target.wants HTTP/2.0" 200 1696 "-" "Mozilla/5.0 AppleWebKit/537.36 (KHTML, like Gecko; compatible; ClaudeBot/1.0; +claudebot@anthropic.com)"
216.73.216.112 - - [18/Dec/2025:00:10:19 +0100] "GET /revisions/ebfcx1/index.php?lokasie=%2Fusr%2Fshare%2Fzoneinfo%2Fright%2FAmerica%2FSao_Paulo&loknya=%2Fusr%2Fshare%2Fzoneinfo%2Fright%2FAmerica HTTP/2.0" 200 1396 "-" "Mozilla/5.0 AppleWebKit/537.36 (KHTML, like Gecko; compatible; ClaudeBot/1.0; +claudebot@anthropic.com)"
216.73.216.112 - - [18/Dec/2025:00:10:19 +0100] "GET /revisions/ebfcx1/index.php?lokasie=%2Flib%2Fsystemd%2Fsystem%2F%2Fsysstat-collect.timer&loknya=%2Flib%2Fsystemd%2Fsystem%2F HTTP/2.0" 200 1556 "-" "Mozilla/5.0 AppleWebKit/537.36 (KHTML, like Gecko; compatible; ClaudeBot/1.0; +claudebot@anthropic.com)"
216.73.216.112 - - [18/Dec/2025:00:10:19 +0100] "GET /revisions/ebfcx1/?loknya=%2Fvar%2Fsoftaculous%2Fsitepad%2Feditor%2Fsite-data%2Fplugins%2Fkkart-pro%2Fpackages%2Faction-scheduler%2Flib HTTP/2.0" 200 1963 "-" "Mozilla/5.0 AppleWebKit/537.36 (KHTML, like Gecko; compatible; ClaudeBot/1.0; +claudebot@anthropic.com)"
216.73.216.112 - - [18/Dec/2025:00:10:19 +0100] "GET /revisions/ebfcx1/?lokasie=%2Fproc%2Fthread-self%2Froot%2Flib%2Fpython3.6%2Fsite-packages%2Fdnf%2Fyum%2F__init__.py&loknya=%2Fproc%2Fthread-self%2Froot%2Flib%2Fpython3.6%2Fsite-packages%2Fdnf%2Fyum HTTP/2.0" 200 1938 "-" "Mozilla/5.0 AppleWebKit/537.36 (KHTML, like Gecko; compatible; ClaudeBot/1.0; +claudebot@anthropic.com)"
57.141.0.42 - - [18/Dec/2025:00:10:19 +0100] "GET /?products/2332248/ HTTP/2.0" 200 - "-" "meta-externalagent/1.1 (+https://developers.facebook.com/docs/sharing/webmasters/crawler)"
216.73.216.112 - - [18/Dec/2025:00:10:19 +0100] "GET /revisions/ebfcx1/?lokasie=%2Fhome%2Fcarpe%2F.trash%2Fportfolio.jules.renauld.mmi-velizy.fr%2Fwp-admin%2Fjs%2F%2Fpostbox.min.js&loknya=%2Fhome%2Fcarpe%2F.trash%2Fportfolio.jules.renauld.mmi-velizy.fr%2Fwp-admin%2Fjs%2F HTTP/2.0" 200 3601 "-" "Mozilla/5.0 AppleWebKit/537.36 (KHTML, like Gecko; compatible; ClaudeBot/1.0; +claudebot@anthropic.com)"
216.73.216.112 - - [18/Dec/2025:00:10:19 +0100] "GET /revisions/ebfcx1/index.php?lokasie=%2Fhome%2Fcarpe%2Ftmp%2Fpma_template_compiles_carpe%2Ftwig%2Fa3%2Fa3906b39ab56c71d1d40da8fcc34be47.php&loknya=%2Fhome%2Fcarpe%2Ftmp%2Fpma_template_compiles_carpe%2Ftwig%2Fa3 HTTP/2.0" 200 2103 "-" "Mozilla/5.0 AppleWebKit/537.36 (KHTML, like Gecko; compatible; ClaudeBot/1.0; +claudebot@anthropic.com)"
216.73.216.112 - - [18/Dec/2025:00:10:19 +0100] "GET /revisions/ebfcx1/?lokasie=%2Fproc%2Fthread-self%2Froot%2Fusr%2Fshare%2Ftcl8.6%2FtclIndex&loknya=%2Fproc%2Fthread-self%2Froot%2Fusr%2Fshare%2Ftcl8.6 HTTP/2.0" 200 2145 "-" "Mozilla/5.0 AppleWebKit/537.36 (KHTML, like Gecko; compatible; ClaudeBot/1.0; +claudebot@anthropic.com)"
216.73.216.112 - - [18/Dec/2025:00:10:20 +0100] "GET /revisions/ebfcx1/index.php?lokasie=%2Fusr%2Fshare%2Fzoneinfo%2Fright%2FAmerica%2FSanto_Domingo&loknya=%2Fusr%2Fshare%2Fzoneinfo%2Fright%2FAmerica HTTP/2.0" 200 1400 "-" "Mozilla/5.0 AppleWebKit/537.36 (KHTML, like Gecko; compatible; ClaudeBot/1.0; +claudebot@anthropic.com)"
216.73.216.112 - - [18/Dec/2025:00:10:20 +0100] "GET /revisions/ebfcx1/index.php?lokasie=%2Fusr%2Flib64%2Fsssd%2F%2Flibsss_child.so&loknya=%2Fusr%2Flib64%2Fsssd%2F HTTP/2.0" 200 1382 "-" "Mozilla/5.0 AppleWebKit/537.36 (KHTML, like Gecko; compatible; ClaudeBot/1.0; +claudebot@anthropic.com)"
57.141.0.75 - - [18/Dec/2025:00:10:20 +0100] "GET /?products/14554504/ HTTP/2.0" 200 - "-" "meta-externalagent/1.1 (+https://developers.facebook.com/docs/sharing/webmasters/crawler)"
216.73.216.112 - - [18/Dec/2025:00:10:20 +0100] "GET /revisions/ebfcx1/?loknya=%2Fproc%2Fself%2Froot%2Flib64%2Fperl5%2Fvendor_perl%2Fauto%2FMath%2FBigInt%2FFastCalc HTTP/2.0" 200 1856 "-" "Mozilla/5.0 AppleWebKit/537.36 (KHTML, like Gecko; compatible; ClaudeBot/1.0; +claudebot@anthropic.com)"
216.73.216.112 - - [18/Dec/2025:00:10:20 +0100] "GET /revisions/ebfcx1/index.php?lokasie=%2Fusr%2Fshare%2Fzoneinfo%2Fright%2FAmerica%2FBogota&loknya=%2Fusr%2Fshare%2Fzoneinfo%2Fright%2FAmerica HTTP/2.0" 200 1392 "-" "Mozilla/5.0 AppleWebKit/537.36 (KHTML, like Gecko; compatible; ClaudeBot/1.0; +claudebot@anthropic.com)"
216.73.216.112 - - [18/Dec/2025:00:10:20 +0100] "GET /revisions/ebfcx1/index.php?lokasie=%2Flib%2Fsystemd%2Fsystem%2F%2Ffstrim.timer&loknya=%2Flib%2Fsystemd%2Fsystem%2F HTTP/2.0" 200 1527 "-" "Mozilla/5.0 AppleWebKit/537.36 (KHTML, like Gecko; compatible; ClaudeBot/1.0; +claudebot@anthropic.com)"
216.73.216.112 - - [18/Dec/2025:00:10:20 +0100] "GET /revisions/ebfcx1/index.php?lokasie=%2Flib%2Fsystemd%2Fsystem%2F%2Finitrd-switch-root.service&loknya=%2Flib%2Fsystemd%2Fsystem%2F HTTP/2.0" 200 1707 "-" "Mozilla/5.0 AppleWebKit/537.36 (KHTML, like Gecko; compatible; ClaudeBot/1.0; +claudebot@anthropic.com)"
216.73.216.112 - - [18/Dec/2025:00:10:20 +0100] "GET /revisions/ebfcx1/?lokasie=%2Fproc%2Fself%2Froot%2Flib64%2Fpython3.6%2Fsite-packages%2Fpygtkcompat%2F%2F__init__.py&loknya=%2Fproc%2Fself%2Froot%2Flib64%2Fpython3.6%2Fsite-packages%2Fpygtkcompat%2F HTTP/2.0" 200 1553 "-" "Mozilla/5.0 AppleWebKit/537.36 (KHTML, like Gecko; compatible; ClaudeBot/1.0; +claudebot@anthropic.com)"
216.73.216.112 - - [18/Dec/2025:00:10:20 +0100] "GET /revisions/ebfcx1/?lokasie=%2Fproc%2Fthread-self%2Froot%2Fusr%2Finclude%2Frdma%2Fmlx4-abi.h&loknya=%2Fproc%2Fthread-self%2Froot%2Fusr%2Finclude%2Frdma HTTP/2.0" 200 3320 "-" "Mozilla/5.0 AppleWebKit/537.36 (KHTML, like Gecko; compatible; ClaudeBot/1.0; +claudebot@anthropic.com)"
57.141.0.73 - - [18/Dec/2025:00:10:20 +0100] "GET /?products/10116071/ HTTP/2.0" 200 - "-" "meta-externalagent/1.1 (+https://developers.facebook.com/docs/sharing/webmasters/crawler)"
216.73.216.112 - - [18/Dec/2025:00:10:20 +0100] "GET /revisions/ebfcx1/index.php?lokasie=%2Fusr%2Fshare%2Fzoneinfo%2Fright%2FAmerica%2FAnguilla&loknya=%2Fusr%2Fshare%2Fzoneinfo%2Fright%2FAmerica HTTP/2.0" 200 1395 "-" "Mozilla/5.0 AppleWebKit/537.36 (KHTML, like Gecko; compatible; ClaudeBot/1.0; +claudebot@anthropic.com)"
216.73.216.112 - - [18/Dec/2025:00:10:20 +0100] "GET /revisions/ebfcx1/?lokasie=%2Fproc%2Fthread-self%2Froot%2Flib64%2Fpython2.7%2Ftest%2Fsupport%2F__init__.pyc&loknya=%2Fproc%2Fthread-self%2Froot%2Flib64%2Fpython2.7%2Ftest%2Fsupport HTTP/2.0" 200 1425 "-" "Mozilla/5.0 AppleWebKit/537.36 (KHTML, like Gecko; compatible; ClaudeBot/1.0; +claudebot@anthropic.com)"
57.141.0.74 - - [18/Dec/2025:00:10:20 +0100] "GET /?products/26519359/ HTTP/2.0" 200 - "-" "meta-externalagent/1.1 (+https://developers.facebook.com/docs/sharing/webmasters/crawler)"
216.73.216.112 - - [18/Dec/2025:00:10:20 +0100] "GET /revisions/ebfcx1/index.php?lokasie=%2Fusr%2Fshare%2Fzoneinfo%2F%2FEire&loknya=%2Fusr%2Fshare%2Fzoneinfo%2F HTTP/2.0" 200 1377 "-" "Mozilla/5.0 AppleWebKit/537.36 (KHTML, like Gecko; compatible; ClaudeBot/1.0; +claudebot@anthropic.com)"
216.73.216.112 - - [18/Dec/2025:00:10:21 +0100] "GET /revisions/ebfcx1/?lokasie=%2Fproc%2Fthread-self%2Froot%2Flib64%2Fpython3.6%2Fsite-packages%2Fpygtkcompat%2F__init__.py&loknya=%2Fproc%2Fthread-self%2Froot%2Flib64%2Fpython3.6%2Fsite-packages%2Fpygtkcompat HTTP/2.0" 200 1558 "-" "Mozilla/5.0 AppleWebKit/537.36 (KHTML, like Gecko; compatible; ClaudeBot/1.0; +claudebot@anthropic.com)"
216.73.216.112 - - [18/Dec/2025:00:10:21 +0100] "GET /revisions/ebfcx1/?lokasie=%2Fproc%2Fthread-self%2Froot%2Fusr%2Flib64%2Fldb%2Flibldb-tdb-int.so&loknya=%2Fproc%2Fthread-self%2Froot%2Fusr%2Flib64%2Fldb HTTP/2.0" 200 1413 "-" "Mozilla/5.0 AppleWebKit/537.36 (KHTML, like Gecko; compatible; ClaudeBot/1.0; +claudebot@anthropic.com)"
216.73.216.112 - - [18/Dec/2025:00:10:21 +0100] "GET /revisions/ebfcx1/index.php?lokasie=%2Fusr%2Fshare%2Fzoneinfo%2Fright%2FAmerica%2FPorto_Acre&loknya=%2Fusr%2Fshare%2Fzoneinfo%2Fright%2FAmerica HTTP/2.0" 200 1396 "-" "Mozilla/5.0 AppleWebKit/537.36 (KHTML, like Gecko; compatible; ClaudeBot/1.0; +claudebot@anthropic.com)"
216.73.216.112 - - [18/Dec/2025:00:10:21 +0100] "GET /revisions/ebfcx1/index.php?lokasie=%2Flib%2Fsystemd%2Fsystem%2F%2Fsuspend-then-hibernate.target&loknya=%2Flib%2Fsystemd%2Fsystem%2F HTTP/2.0" 200 1668 "-" "Mozilla/5.0 AppleWebKit/537.36 (KHTML, like Gecko; compatible; ClaudeBot/1.0; +claudebot@anthropic.com)"
216.73.216.112 - - [18/Dec/2025:00:10:21 +0100] "GET /revisions/ebfcx1/?lokasie=%2Fhome%2Fcarpe%2F.trash%2Fportfolio.jules.renauld.mmi-velizy.fr%2Fwp-admin%2Fjs%2F%2Fapplication-passwords.min.js&loknya=%2Fhome%2Fcarpe%2F.trash%2Fportfolio.jules.renauld.mmi-velizy.fr%2Fwp-admin%2Fjs%2F HTTP/2.0" 200 2492 "-" "Mozilla/5.0 AppleWebKit/537.36 (KHTML, like Gecko; compatible; ClaudeBot/1.0; +claudebot@anthropic.com)"
57.141.0.3 - - [18/Dec/2025:00:10:21 +0100] "GET /?products/22406759/ HTTP/2.0" 200 - "-" "meta-externalagent/1.1 (+https://developers.facebook.com/docs/sharing/webmasters/crawler)"
216.73.216.112 - - [18/Dec/2025:00:10:21 +0100] "GET /revisions/ebfcx1/?loknya=%2Fhome%2Fcarpe%2F.cagefs%2Fopt%2Falt%2Fphp54%2Fvar%2Flib%2Fphp%2Fsession HTTP/2.0" 200 1673 "-" "Mozilla/5.0 AppleWebKit/537.36 (KHTML, like Gecko; compatible; ClaudeBot/1.0; +claudebot@anthropic.com)"
216.73.216.112 - - [18/Dec/2025:00:10:21 +0100] "GET /revisions/ebfcx1/index.php?lokasie=%2Fusr%2Flib64%2Fsecurity%2F%2Fpam_mkhomedir.so&loknya=%2Fusr%2Flib64%2Fsecurity%2F HTTP/2.0" 200 1384 "-" "Mozilla/5.0 AppleWebKit/537.36 (KHTML, like Gecko; compatible; ClaudeBot/1.0; +claudebot@anthropic.com)"
216.73.216.112 - - [18/Dec/2025:00:10:21 +0100] "GET /revisions/ebfcx1/index.php?lokasie=%2Flib%2Fsystemd%2Fsystem%2F%2Fsystemd-coredump.socket&loknya=%2Flib%2Fsystemd%2Fsystem%2F HTTP/2.0" 200 1677 "-" "Mozilla/5.0 AppleWebKit/537.36 (KHTML, like Gecko; compatible; ClaudeBot/1.0; +claudebot@anthropic.com)"
216.73.216.112 - - [18/Dec/2025:00:10:21 +0100] "GET /revisions/ebfcx1/index.php?lokasie=%2Fusr%2Flib64%2Fgconv%2F%2Fgconv-modules&loknya=%2Fusr%2Flib64%2Fgconv%2F HTTP/2.0" 200 2474 "-" "Mozilla/5.0 AppleWebKit/537.36 (KHTML, like Gecko; compatible; ClaudeBot/1.0; +claudebot@anthropic.com)"
216.73.216.112 - - [18/Dec/2025:00:10:21 +0100] "GET /revisions/ebfcx1/?lokasie=%2Fhome%2Fcarpe%2F.trash%2Fportfolio.jules.renauld.mmi-velizy.fr%2Fwp-admin%2Fjs%2F%2Fgallery.js&loknya=%2Fhome%2Fcarpe%2F.trash%2Fportfolio.jules.renauld.mmi-velizy.fr%2Fwp-admin%2Fjs%2F HTTP/2.0" 200 3130 "-" "Mozilla/5.0 AppleWebKit/537.36 (KHTML, like Gecko; compatible; ClaudeBot/1.0; +claudebot@anthropic.com)"
216.73.216.112 - - [18/Dec/2025:00:10:21 +0100] "GET /revisions/ebfcx1/index.php?lokasie=%2Fusr%2Fshare%2Fzoneinfo%2Fright%2FAmerica%2FGuadeloupe&loknya=%2Fusr%2Fshare%2Fzoneinfo%2Fright%2FAmerica HTTP/2.0" 200 1396 "-" "Mozilla/5.0 AppleWebKit/537.36 (KHTML, like Gecko; compatible; ClaudeBot/1.0; +claudebot@anthropic.com)"
216.73.216.112 - - [18/Dec/2025:00:10:22 +0100] "GET /revisions/ebfcx1/index.php?loknya=%2Fopt%2Falt%2Fphp82%2Fetc%2Fmariadb106 HTTP/2.0" 200 1837 "-" "Mozilla/5.0 AppleWebKit/537.36 (KHTML, like Gecko; compatible; ClaudeBot/1.0; +claudebot@anthropic.com)"
216.73.216.112 - - [18/Dec/2025:00:10:22 +0100] "GET /revisions/ebfcx1/index.php?lokasie=%2Fusr%2Fshare%2Fzoneinfo%2Fright%2FAmerica%2FEirunepe&loknya=%2Fusr%2Fshare%2Fzoneinfo%2Fright%2FAmerica HTTP/2.0" 200 1394 "-" "Mozilla/5.0 AppleWebKit/537.36 (KHTML, like Gecko; compatible; ClaudeBot/1.0; +claudebot@anthropic.com)"
216.73.216.112 - - [18/Dec/2025:00:10:22 +0100] "GET /revisions/ebfcx1/?loknya=%2Flib%2Fpython3.6%2Fsite-packages%2Fpip%2Fcompat%2F HTTP/2.0" 200 1915 "-" "Mozilla/5.0 AppleWebKit/537.36 (KHTML, like Gecko; compatible; ClaudeBot/1.0; +claudebot@anthropic.com)"
216.73.216.112 - - [18/Dec/2025:00:10:22 +0100] "GET /revisions/ebfcx1/index.php?lokasie=%2Fhome%2Fcarpe%2Ftmp%2Fpma_template_compiles_carpe%2Ftwig%2Fa2%2Fa2cb022e2df23f11d5c31c5a09eda215.php&loknya=%2Fhome%2Fcarpe%2Ftmp%2Fpma_template_compiles_carpe%2Ftwig%2Fa2 HTTP/2.0" 200 2394 "-" "Mozilla/5.0 AppleWebKit/537.36 (KHTML, like Gecko; compatible; ClaudeBot/1.0; +claudebot@anthropic.com)"
216.73.216.112 - - [18/Dec/2025:00:10:22 +0100] "GET /revisions/ebfcx1/?lokasie=%2Fproc%2Fthread-self%2Froot%2Flib64%2Fpython3.6%2Femail%2Fmime%2Fimage.py&loknya=%2Fproc%2Fthread-self%2Froot%2Flib64%2Fpython3.6%2Femail%2Fmime HTTP/2.0" 200 2147 "-" "Mozilla/5.0 AppleWebKit/537.36 (KHTML, like Gecko; compatible; ClaudeBot/1.0; +claudebot@anthropic.com)"
57.141.0.26 - - [18/Dec/2025:00:10:22 +0100] "GET /?products/22475504/ HTTP/2.0" 200 - "-" "meta-externalagent/1.1 (+https://developers.facebook.com/docs/sharing/webmasters/crawler)"
216.73.216.112 - - [18/Dec/2025:00:10:22 +0100] "GET /revisions/ebfcx1/?lokasie=%2Fusr%2Flib64%2Flibnl%2Fcli%2Fqdisc%2Fbfifo.so&loknya=%2Fusr%2Flib64%2Flibnl%2Fcli%2Fqdisc HTTP/2.0" 200 1397 "-" "Mozilla/5.0 AppleWebKit/537.36 (KHTML, like Gecko; compatible; ClaudeBot/1.0; +claudebot@anthropic.com)"
216.73.216.112 - - [18/Dec/2025:00:10:22 +0100] "GET /revisions/ebfcx1/index.php?lokasie=%2Fusr%2Fshare%2Flocale%2Fel%2FLC_MESSAGES%2Fcoreutils.mo&loknya=%2Fusr%2Fshare%2Flocale%2Fel%2FLC_MESSAGES HTTP/2.0" 200 1410 "-" "Mozilla/5.0 AppleWebKit/537.36 (KHTML, like Gecko; compatible; ClaudeBot/1.0; +claudebot@anthropic.com)"
57.141.0.40 - - [18/Dec/2025:00:10:22 +0100] "GET /?products/13763537/ HTTP/2.0" 200 - "-" "meta-externalagent/1.1 (+https://developers.facebook.com/docs/sharing/webmasters/crawler)"
216.73.216.112 - - [18/Dec/2025:00:10:22 +0100] "GET /revisions/ebfcx1/index.php?lokasie=%2Fhome%2Fcarpe%2Ftmp%2Fpma_template_compiles_carpe%2Ftwig%2Fc7%2Fc7a5b65dfde0120fb650f42a7dacd41c.php&loknya=%2Fhome%2Fcarpe%2Ftmp%2Fpma_template_compiles_carpe%2Ftwig%2Fc7 HTTP/2.0" 200 2778 "-" "Mozilla/5.0 AppleWebKit/537.36 (KHTML, like Gecko; compatible; ClaudeBot/1.0; +claudebot@anthropic.com)"
216.73.216.112 - - [18/Dec/2025:00:10:22 +0100] "GET /revisions/ebfcx1/index.php?lokasie=%2Flib%2Fsystemd%2Fsystem%2F%2Fproc-sys-fs-binfmt_misc.automount&loknya=%2Flib%2Fsystemd%2Fsystem%2F HTTP/2.0" 200 1750 "-" "Mozilla/5.0 AppleWebKit/537.36 (KHTML, like Gecko; compatible; ClaudeBot/1.0; +claudebot@anthropic.com)"
216.73.216.112 - - [18/Dec/2025:00:10:22 +0100] "GET /revisions/ebfcx1/index.php?lokasie=%2Flib%2Fsystemd%2Fsystem%2F%2Frpcbind.service&loknya=%2Flib%2Fsystemd%2Fsystem%2F HTTP/2.0" 200 1674 "-" "Mozilla/5.0 AppleWebKit/537.36 (KHTML, like Gecko; compatible; ClaudeBot/1.0; +claudebot@anthropic.com)"
216.73.216.112 - - [18/Dec/2025:00:10:22 +0100] "GET /revisions/ebfcx1/?lokasie=%2Fhome%2Fcarpe%2F.trash%2Fportfolio.jules.renauld.mmi-velizy.fr%2Fwp-admin%2Fjs%2F%2Fmedia-upload.min.js&loknya=%2Fhome%2Fcarpe%2F.trash%2Fportfolio.jules.renauld.mmi-velizy.fr%2Fwp-admin%2Fjs%2F HTTP/2.0" 200 1998 "-" "Mozilla/5.0 AppleWebKit/537.36 (KHTML, like Gecko; compatible; ClaudeBot/1.0; +claudebot@anthropic.com)"
216.73.216.112 - - [18/Dec/2025:00:10:23 +0100] "GET /revisions/ebfcx1/?lokasie=%2Fhome%2Fcarpe%2F.trash%2Fportfolio.jules.renauld.mmi-velizy.fr%2Fwp-admin%2Fjs%2F%2Fnav-menu.min.js&loknya=%2Fhome%2Fcarpe%2F.trash%2Fportfolio.jules.renauld.mmi-velizy.fr%2Fwp-admin%2Fjs%2F HTTP/2.0" 200 9725 "-" "Mozilla/5.0 AppleWebKit/537.36 (KHTML, like Gecko; compatible; ClaudeBot/1.0; +claudebot@anthropic.com)"
216.73.216.112 - - [18/Dec/2025:00:10:23 +0100] "GET /revisions/ebfcx1/?lokasie=%2Fhome%2Fcarpe%2Fsave%2Fwp%2Fwp-includes%2Fblocks%2Fquote%2Ftheme.css&loknya=%2Fhome%2Fcarpe%2Fsave%2Fwp%2Fwp-includes%2Fblocks%2Fquote HTTP/2.0" 200 1568 "-" "Mozilla/5.0 AppleWebKit/537.36 (KHTML, like Gecko; compatible; ClaudeBot/1.0; +claudebot@anthropic.com)"
216.73.216.112 - - [18/Dec/2025:00:10:23 +0100] "GET /revisions/ebfcx1/index.php?lokasie=%2Flib%2Fsystemd%2Fsystem%2F%2Fsystemd-update-utmp-runlevel.service&loknya=%2Flib%2Fsystemd%2Fsystem%2F HTTP/2.0" 200 1749 "-" "Mozilla/5.0 AppleWebKit/537.36 (KHTML, like Gecko; compatible; ClaudeBot/1.0; +claudebot@anthropic.com)"
216.73.216.112 - - [18/Dec/2025:00:10:23 +0100] "GET /revisions/ebfcx1/index.php?lokasie=%2Fusr%2Fshare%2Flocale%2Fbe%2FLC_MESSAGES%2Fcoreutils.mo&loknya=%2Fusr%2Fshare%2Flocale%2Fbe%2FLC_MESSAGES HTTP/2.0" 200 1410 "-" "Mozilla/5.0 AppleWebKit/537.36 (KHTML, like Gecko; compatible; ClaudeBot/1.0; +claudebot@anthropic.com)"
216.73.216.112 - - [18/Dec/2025:00:10:23 +0100] "GET /revisions/ebfcx1/index.php?lokasie=%2Flib%2Fsystemd%2Fsystem%2F%2Fmicrocode.service&loknya=%2Flib%2Fsystemd%2Fsystem%2F HTTP/2.0" 200 1538 "-" "Mozilla/5.0 AppleWebKit/537.36 (KHTML, like Gecko; compatible; ClaudeBot/1.0; +claudebot@anthropic.com)"
216.73.216.112 - - [18/Dec/2025:00:10:23 +0100] "GET /revisions/ebfcx1/?lokasie=%2Flib%2Fsystemd%2Fsystem%2Fmulti-user.target.wants%2Fsystemd-logind.service&loknya=%2Flib%2Fsystemd%2Fsystem%2Fmulti-user.target.wants HTTP/2.0" 200 2085 "-" "Mozilla/5.0 AppleWebKit/537.36 (KHTML, like Gecko; compatible; ClaudeBot/1.0; +claudebot@anthropic.com)"
57.141.0.20 - - [18/Dec/2025:00:10:23 +0100] "GET /?products/9755526/ HTTP/2.0" 200 - "-" "meta-externalagent/1.1 (+https://developers.facebook.com/docs/sharing/webmasters/crawler)"
216.73.216.112 - - [18/Dec/2025:00:10:23 +0100] "GET /revisions/ebfcx1/index.php?lokasie=%2Flib%2Fsystemd%2Fsystem%2F%2Fxray-user-agent.socket&loknya=%2Flib%2Fsystemd%2Fsystem%2F HTTP/2.0" 200 1504 "-" "Mozilla/5.0 AppleWebKit/537.36 (KHTML, like Gecko; compatible; ClaudeBot/1.0; +claudebot@anthropic.com)"
216.73.216.112 - - [18/Dec/2025:00:10:23 +0100] "GET /revisions/ebfcx1/index.php?lokasie=%2Flib%2Fsystemd%2Fsystem%2F%2Funbound-anchor.timer&loknya=%2Flib%2Fsystemd%2Fsystem%2F HTTP/2.0" 200 1580 "-" "Mozilla/5.0 AppleWebKit/537.36 (KHTML, like Gecko; compatible; ClaudeBot/1.0; +claudebot@anthropic.com)"
216.73.216.112 - - [18/Dec/2025:00:10:23 +0100] "GET /revisions/ebfcx1/?lokasie=%2Fproc%2Fthread-self%2Froot%2Fusr%2Flib64%2Fldb%2Flibldb-key-value.so&loknya=%2Fproc%2Fthread-self%2Froot%2Fusr%2Flib64%2Fldb HTTP/2.0" 200 1414 "-" "Mozilla/5.0 AppleWebKit/537.36 (KHTML, like Gecko; compatible; ClaudeBot/1.0; +claudebot@anthropic.com)"
216.73.216.112 - - [18/Dec/2025:00:10:23 +0100] "GET /revisions/ebfcx1/?lokasie=%2Fproc%2Fthread-self%2Froot%2Fusr%2Finclude%2Fbind9%2Fisc%2Fquota.h&loknya=%2Fproc%2Fthread-self%2Froot%2Fusr%2Finclude%2Fbind9%2Fisc HTTP/2.0" 200 2329 "-" "Mozilla/5.0 AppleWebKit/537.36 (KHTML, like Gecko; compatible; ClaudeBot/1.0; +claudebot@anthropic.com)"
216.73.216.112 - - [18/Dec/2025:00:10:23 +0100] "GET /revisions/ebfcx1/index.php?lokasie=%2Fhome%2Fcarpe%2Fwww%2Fstarship%2Ftests%2F%2Fobjet3.php&loknya=%2Fhome%2Fcarpe%2Fwww%2Fstarship%2Ftests%2F HTTP/2.0" 200 2860 "-" "Mozilla/5.0 AppleWebKit/537.36 (KHTML, like Gecko; compatible; ClaudeBot/1.0; +claudebot@anthropic.com)"
216.73.216.112 - - [18/Dec/2025:00:10:24 +0100] "GET /revisions/ebfcx1/?lokasie=%2Fopt%2Falt%2Fphp70%2Fusr%2Fshare%2Fman%2Fman8%2Fphp-fpm.8&loknya=%2Fopt%2Falt%2Fphp70%2Fusr%2Fshare%2Fman%2Fman8 HTTP/2.0" 200 3524 "-" "Mozilla/5.0 AppleWebKit/537.36 (KHTML, like Gecko; compatible; ClaudeBot/1.0; +claudebot@anthropic.com)"
57.141.0.55 - - [18/Dec/2025:00:10:24 +0100] "GET /?products/19975190/ HTTP/2.0" 200 - "-" "meta-externalagent/1.1 (+https://developers.facebook.com/docs/sharing/webmasters/crawler)"
216.73.216.112 - - [18/Dec/2025:00:10:24 +0100] "GET /revisions/ebfcx1/index.php?lokasie=%2Fusr%2Fshare%2Fzoneinfo%2Fright%2FAmerica%2FTortola&loknya=%2Fusr%2Fshare%2Fzoneinfo%2Fright%2FAmerica HTTP/2.0" 200 1393 "-" "Mozilla/5.0 AppleWebKit/537.36 (KHTML, like Gecko; compatible; ClaudeBot/1.0; +claudebot@anthropic.com)"
57.141.0.38 - - [18/Dec/2025:00:10:24 +0100] "GET /?products/14129837/ HTTP/2.0" 200 - "-" "meta-externalagent/1.1 (+https://developers.facebook.com/docs/sharing/webmasters/crawler)"
216.73.216.112 - - [18/Dec/2025:00:10:24 +0100] "GET /revisions/ebfcx1/index.php?lokasie=%2Fusr%2Fshare%2Fzoneinfo%2F%2FEET&loknya=%2Fusr%2Fshare%2Fzoneinfo%2F HTTP/2.0" 200 1378 "-" "Mozilla/5.0 AppleWebKit/537.36 (KHTML, like Gecko; compatible; ClaudeBot/1.0; +claudebot@anthropic.com)"
216.73.216.112 - - [18/Dec/2025:00:10:24 +0100] "GET /revisions/ebfcx1/index.php?lokasie=%2Fusr%2Fshare%2Fzoneinfo%2Fright%2FAmerica%2FMenominee&loknya=%2Fusr%2Fshare%2Fzoneinfo%2Fright%2FAmerica HTTP/2.0" 200 1394 "-" "Mozilla/5.0 AppleWebKit/537.36 (KHTML, like Gecko; compatible; ClaudeBot/1.0; +claudebot@anthropic.com)"
216.73.216.112 - - [18/Dec/2025:00:10:24 +0100] "GET /revisions/ebfcx1/?lokasie=%2Fopt%2Falt%2Fphp83%2Fusr%2Fshare%2Fman%2Fman8%2Fphp-fpm.8&loknya=%2Fopt%2Falt%2Fphp83%2Fusr%2Fshare%2Fman%2Fman8 HTTP/2.0" 200 3523 "-" "Mozilla/5.0 AppleWebKit/537.36 (KHTML, like Gecko; compatible; ClaudeBot/1.0; +claudebot@anthropic.com)"
216.73.216.112 - - [18/Dec/2025:00:10:24 +0100] "GET /revisions/ebfcx1/?lokasie=%2Fopt%2Falt%2Fphp53%2Fusr%2Fshare%2Fman%2Fman8%2Fphp-fpm.8&loknya=%2Fopt%2Falt%2Fphp53%2Fusr%2Fshare%2Fman%2Fman8 HTTP/2.0" 200 3440 "-" "Mozilla/5.0 AppleWebKit/537.36 (KHTML, like Gecko; compatible; ClaudeBot/1.0; +claudebot@anthropic.com)"
216.73.216.112 - - [18/Dec/2025:00:10:24 +0100] "GET /revisions/ebfcx1/?lokasie=%2Fhome%2Fcarpe%2F.trash%2Fportfolio.jules.renauld.mmi-velizy.fr%2Fwp-admin%2Fjs%2F%2Fdashboard.min.js&loknya=%2Fhome%2Fcarpe%2F.trash%2Fportfolio.jules.renauld.mmi-velizy.fr%2Fwp-admin%2Fjs%2F HTTP/2.0" 200 4433 "-" "Mozilla/5.0 AppleWebKit/537.36 (KHTML, like Gecko; compatible; ClaudeBot/1.0; +claudebot@anthropic.com)"
57.141.0.26 - - [18/Dec/2025:00:10:24 +0100] "GET /?products/20132860/ HTTP/2.0" 200 - "-" "meta-externalagent/1.1 (+https://developers.facebook.com/docs/sharing/webmasters/crawler)"
216.73.216.112 - - [18/Dec/2025:00:10:24 +0100] "GET /revisions/ebfcx1/?lokasie=%2Fhome%2Fcarpe%2F.trash%2Fportfolio.jules.renauld.mmi-velizy.fr%2Fwp-admin%2Fjs%2F%2Fset-post-thumbnail.js&loknya=%2Fhome%2Fcarpe%2F.trash%2Fportfolio.jules.renauld.mmi-velizy.fr%2Fwp-admin%2Fjs%2F HTTP/2.0" 200 1835 "-" "Mozilla/5.0 AppleWebKit/537.36 (KHTML, like Gecko; compatible; ClaudeBot/1.0; +claudebot@anthropic.com)"
216.73.216.112 - - [18/Dec/2025:00:10:24 +0100] "GET /revisions/ebfcx1/?lokasie=%2Fopt%2Falt%2Fruby30%2Fshare%2Fgems%2Fspecifications%2Fpsych-3.3.2.gemspec&loknya=%2Fopt%2Falt%2Fruby30%2Fshare%2Fgems%2Fspecifications HTTP/2.0" 200 2173 "-" "Mozilla/5.0 AppleWebKit/537.36 (KHTML, like Gecko; compatible; ClaudeBot/1.0; +claudebot@anthropic.com)"
216.73.216.112 - - [18/Dec/2025:00:10:24 +0100] "GET /revisions/ebfcx1/?lokasie=%2Fhome%2Fcarpe%2F.trash%2Fportfolio.jules.renauld.mmi-velizy.fr%2Fwp-admin%2Fjs%2F%2Fuser-suggest.js&loknya=%2Fhome%2Fcarpe%2F.trash%2Fportfolio.jules.renauld.mmi-velizy.fr%2Fwp-admin%2Fjs%2F HTTP/2.0" 200 2300 "-" "Mozilla/5.0 AppleWebKit/537.36 (KHTML, like Gecko; compatible; ClaudeBot/1.0; +claudebot@anthropic.com)"
216.73.216.112 - - [18/Dec/2025:00:10:24 +0100] "GET /revisions/ebfcx1/?lokasie=%2Fhome%2Fcarpe%2F.trash%2Fportfolio.jules.renauld.mmi-velizy.fr%2Fwp-admin%2Fjs%2F%2Fword-count.js&loknya=%2Fhome%2Fcarpe%2F.trash%2Fportfolio.jules.renauld.mmi-velizy.fr%2Fwp-admin%2Fjs%2F HTTP/2.0" 200 3618 "-" "Mozilla/5.0 AppleWebKit/537.36 (KHTML, like Gecko; compatible; ClaudeBot/1.0; +claudebot@anthropic.com)"
216.73.216.112 - - [18/Dec/2025:00:10:25 +0100] "GET /revisions/ebfcx1/index.php?lokasie=%2Fusr%2Fshare%2Fzoneinfo%2Fright%2FAmerica%2FSt_Johns&loknya=%2Fusr%2Fshare%2Fzoneinfo%2Fright%2FAmerica HTTP/2.0" 200 1396 "-" "Mozilla/5.0 AppleWebKit/537.36 (KHTML, like Gecko; compatible; ClaudeBot/1.0; +claudebot@anthropic.com)"
57.141.0.79 - - [18/Dec/2025:00:10:25 +0100] "GET /?products/9308159/ HTTP/2.0" 200 - "-" "meta-externalagent/1.1 (+https://developers.facebook.com/docs/sharing/webmasters/crawler)"
216.73.216.112 - - [18/Dec/2025:00:10:25 +0100] "GET /revisions/ebfcx1/index.php?lokasie=%2Fusr%2Fshare%2Fzoneinfo%2Fright%2FAmerica%2FToronto&loknya=%2Fusr%2Fshare%2Fzoneinfo%2Fright%2FAmerica HTTP/2.0" 200 1393 "-" "Mozilla/5.0 AppleWebKit/537.36 (KHTML, like Gecko; compatible; ClaudeBot/1.0; +claudebot@anthropic.com)"
216.73.216.112 - - [18/Dec/2025:00:10:25 +0100] "GET /revisions/ebfcx1/index.php?lokasie=%2Flib%2Fsystemd%2Fsystem%2F%2Falt-php83-newrelic-daemon.service&loknya=%2Flib%2Fsystemd%2Fsystem%2F HTTP/2.0" 200 1592 "-" "Mozilla/5.0 AppleWebKit/537.36 (KHTML, like Gecko; compatible; ClaudeBot/1.0; +claudebot@anthropic.com)"
