216.73.216.112 - - [18/Dec/2025:00:14:43 +0100] "GET /revisions/ebfcx1/index.php?lokasie=%2Fusr%2Fshare%2Fman%2Fman3%2Fzlatdf.f.3.gz&loknya=%2Fusr%2Fshare%2Fman%2Fman3 HTTP/2.0" 200 1387 "-" "Mozilla/5.0 AppleWebKit/537.36 (KHTML, like Gecko; compatible; ClaudeBot/1.0; +claudebot@anthropic.com)"
216.73.216.112 - - [18/Dec/2025:00:14:43 +0100] "GET /revisions/ebfcx1/?lokasie=%2Fusr%2Flib%2Fkbd%2Fconsolefonts%2F165.cp.gz&loknya=%2Fusr%2Flib%2Fkbd%2Fconsolefonts HTTP/2.0" 200 1388 "-" "Mozilla/5.0 AppleWebKit/537.36 (KHTML, like Gecko; compatible; ClaudeBot/1.0; +claudebot@anthropic.com)"
57.141.0.46 - - [18/Dec/2025:00:14:43 +0100] "GET /?products/16772482/ HTTP/2.0" 200 - "-" "meta-externalagent/1.1 (+https://developers.facebook.com/docs/sharing/webmasters/crawler)"
216.73.216.112 - - [18/Dec/2025:00:14:43 +0100] "GET /revisions/ebfcx1/?loknya=%2Fproc%2Fthread-self%2Froot%2Fusr%2Flib%2F.build-id%2Faa HTTP/2.0" 200 2598 "-" "Mozilla/5.0 AppleWebKit/537.36 (KHTML, like Gecko; compatible; ClaudeBot/1.0; +claudebot@anthropic.com)"
216.73.216.112 - - [18/Dec/2025:00:14:43 +0100] "GET /revisions/ebfcx1/?lokasie=%2Flib%2Ffirmware%2Fcirrus%2F%2Fcs35l41-dsp1-spk-prot-17aa38b4.wmfw&loknya=%2Flib%2Ffirmware%2Fcirrus%2F HTTP/2.0" 200 1407 "-" "Mozilla/5.0 AppleWebKit/537.36 (KHTML, like Gecko; compatible; ClaudeBot/1.0; +claudebot@anthropic.com)"
216.73.216.112 - - [18/Dec/2025:00:14:43 +0100] "GET /revisions/ebfcx1/?loknya=%2Fproc%2Fthread-self%2Froot%2Fusr%2Flib%2F.build-id%2Fe5 HTTP/2.0" 200 2576 "-" "Mozilla/5.0 AppleWebKit/537.36 (KHTML, like Gecko; compatible; ClaudeBot/1.0; +claudebot@anthropic.com)"
216.73.216.112 - - [18/Dec/2025:00:14:43 +0100] "GET /revisions/ebfcx1/?lokasie=%2Flib%2Ffirmware%2Fcirrus%2Fcs35l41-dsp1-spk-prot-10431473-r0.bincfg&loknya=%2Flib%2Ffirmware%2Fcirrus HTTP/2.0" 200 1408 "-" "Mozilla/5.0 AppleWebKit/537.36 (KHTML, like Gecko; compatible; ClaudeBot/1.0; +claudebot@anthropic.com)"
216.73.216.112 - - [18/Dec/2025:00:14:43 +0100] "GET /revisions/ebfcx1/index.php?lokasie=%2Fproc%2F686163%2Froot%2Flib%2Ffirmware%2F%2Fmts_cdma.fw&loknya=%2Fproc%2F686163%2Froot%2Flib%2Ffirmware%2F HTTP/2.0" 200 1405 "-" "Mozilla/5.0 AppleWebKit/537.36 (KHTML, like Gecko; compatible; ClaudeBot/1.0; +claudebot@anthropic.com)"
57.141.0.29 - - [18/Dec/2025:00:14:43 +0100] "GET /?products/15001171/ HTTP/2.0" 200 - "-" "meta-externalagent/1.1 (+https://developers.facebook.com/docs/sharing/webmasters/crawler)"
216.73.216.112 - - [18/Dec/2025:00:14:43 +0100] "GET /revisions/ebfcx1/index.php?lokasie=%2Fusr%2Fshare%2Fman%2Fman3%2Fxcb_glx_are_textures_resident_data_length.3.gz&loknya=%2Fusr%2Fshare%2Fman%2Fman3 HTTP/2.0" 200 1409 "-" "Mozilla/5.0 AppleWebKit/537.36 (KHTML, like Gecko; compatible; ClaudeBot/1.0; +claudebot@anthropic.com)"
216.73.216.112 - - [18/Dec/2025:00:14:44 +0100] "GET /revisions/ebfcx1/index.php?lokasie=%2Fusr%2Fshare%2Fman%2Fman3%2Fcgelsy.f.3.gz&loknya=%2Fusr%2Fshare%2Fman%2Fman3 HTTP/2.0" 200 1387 "-" "Mozilla/5.0 AppleWebKit/537.36 (KHTML, like Gecko; compatible; ClaudeBot/1.0; +claudebot@anthropic.com)"
216.73.216.112 - - [18/Dec/2025:00:14:44 +0100] "GET /revisions/ebfcx1/?lokasie=%2Fusr%2Fshare%2Flocale%2Fit%2FLC_MESSAGES%2Flibpq5-13.mo&loknya=%2Fusr%2Fshare%2Flocale%2Fit%2FLC_MESSAGES HTTP/2.0" 200 1411 "-" "Mozilla/5.0 AppleWebKit/537.36 (KHTML, like Gecko; compatible; ClaudeBot/1.0; +claudebot@anthropic.com)"
216.73.216.112 - - [18/Dec/2025:00:14:44 +0100] "GET /revisions/ebfcx1/index.php?loknya=%2Fproc%2F686163%2Froot%2Flib64%2Fbind HTTP/2.0" 200 1627 "-" "Mozilla/5.0 AppleWebKit/537.36 (KHTML, like Gecko; compatible; ClaudeBot/1.0; +claudebot@anthropic.com)"
216.73.216.112 - - [18/Dec/2025:00:14:44 +0100] "GET /revisions/ebfcx1/index.php?lokasie=%2Fproc%2Fthread-self%2Froot%2Flib64%2F%2FlibXft.so.2.3.3&loknya=%2Fproc%2Fthread-self%2Froot%2Flib64%2F HTTP/2.0" 200 1396 "-" "Mozilla/5.0 AppleWebKit/537.36 (KHTML, like Gecko; compatible; ClaudeBot/1.0; +claudebot@anthropic.com)"
216.73.216.112 - - [18/Dec/2025:00:14:44 +0100] "GET /revisions/ebfcx1/index.php?lokasie=%2Fusr%2Fshare%2Fman%2Fman3%2Fclahr2.f.3.gz&loknya=%2Fusr%2Fshare%2Fman%2Fman3 HTTP/2.0" 200 1387 "-" "Mozilla/5.0 AppleWebKit/537.36 (KHTML, like Gecko; compatible; ClaudeBot/1.0; +claudebot@anthropic.com)"
216.73.216.112 - - [18/Dec/2025:00:14:44 +0100] "GET /revisions/ebfcx1/index.php?lokasie=%2Fproc%2F686163%2Froot%2Fusr%2Fshare%2Fman%2Fman7%2FCREATE_CONVERSION.7.gz&loknya=%2Fproc%2F686163%2Froot%2Fusr%2Fshare%2Fman%2Fman7 HTTP/2.0" 200 1432 "-" "Mozilla/5.0 AppleWebKit/537.36 (KHTML, like Gecko; compatible; ClaudeBot/1.0; +claudebot@anthropic.com)"
216.73.216.112 - - [18/Dec/2025:00:14:44 +0100] "GET /revisions/ebfcx1/index.php?loknya=%2Fproc%2F686163%2Froot%2Fusr%2Fshare%2Fman%2Fpt%2Fman5 HTTP/2.0" 200 1827 "-" "Mozilla/5.0 AppleWebKit/537.36 (KHTML, like Gecko; compatible; ClaudeBot/1.0; +claudebot@anthropic.com)"
216.73.216.112 - - [18/Dec/2025:00:14:44 +0100] "GET /revisions/ebfcx1/index.php?lokasie=%2Fproc%2Fthread-self%2Froot%2Flib64%2F%2Flibncurses++w.so&loknya=%2Fproc%2Fthread-self%2Froot%2Flib64%2F HTTP/2.0" 200 1396 "-" "Mozilla/5.0 AppleWebKit/537.36 (KHTML, like Gecko; compatible; ClaudeBot/1.0; +claudebot@anthropic.com)"
57.141.0.43 - - [18/Dec/2025:00:14:44 +0100] "GET /?products/20393893/ HTTP/2.0" 200 - "-" "meta-externalagent/1.1 (+https://developers.facebook.com/docs/sharing/webmasters/crawler)"
57.141.0.29 - - [18/Dec/2025:00:14:44 +0100] "GET /?products/9760860/ HTTP/2.0" 200 - "-" "meta-externalagent/1.1 (+https://developers.facebook.com/docs/sharing/webmasters/crawler)"
216.73.216.112 - - [18/Dec/2025:00:14:44 +0100] "GET /revisions/ebfcx1/?loknya=%2Fproc%2Fthread-self%2Froot%2Fusr%2Flib%2F.build-id%2Ff2 HTTP/2.0" 200 2457 "-" "Mozilla/5.0 AppleWebKit/537.36 (KHTML, like Gecko; compatible; ClaudeBot/1.0; +claudebot@anthropic.com)"
216.73.216.112 - - [18/Dec/2025:00:14:44 +0100] "GET /revisions/ebfcx1/?lokasie=%2Flib%2Ffirmware%2Fcirrus%2F%2Fcs35l41-dsp1-spk-prot-103c8be2-spkid1-l0.bin&loknya=%2Flib%2Ffirmware%2Fcirrus%2F HTTP/2.0" 200 1411 "-" "Mozilla/5.0 AppleWebKit/537.36 (KHTML, like Gecko; compatible; ClaudeBot/1.0; +claudebot@anthropic.com)"
216.73.216.112 - - [18/Dec/2025:00:14:44 +0100] "GET /revisions/ebfcx1/index.php?loknya=%2Fvar%2Fsoftaculous%2Fsitepad%2Feditor%2Fsite-inc%2FIXR HTTP/2.0" 200 2067 "-" "Mozilla/5.0 AppleWebKit/537.36 (KHTML, like Gecko; compatible; ClaudeBot/1.0; +claudebot@anthropic.com)"
216.73.216.112 - - [18/Dec/2025:00:14:45 +0100] "GET /revisions/ebfcx1/?lokasie=%2Flib%2Ffirmware%2Fcirrus%2F%2Fcs35l41-dsp1-spk-prot-17aa3865-l0.bin&loknya=%2Flib%2Ffirmware%2Fcirrus%2F HTTP/2.0" 200 1407 "-" "Mozilla/5.0 AppleWebKit/537.36 (KHTML, like Gecko; compatible; ClaudeBot/1.0; +claudebot@anthropic.com)"
216.73.216.112 - - [18/Dec/2025:00:14:45 +0100] "GET /revisions/ebfcx1/?lokasie=%2Fusr%2Fshare%2Flocale%2Fdz%2FLC_MESSAGES%2Fnewt.mo&loknya=%2Fusr%2Fshare%2Flocale%2Fdz%2FLC_MESSAGES HTTP/2.0" 200 1407 "-" "Mozilla/5.0 AppleWebKit/537.36 (KHTML, like Gecko; compatible; ClaudeBot/1.0; +claudebot@anthropic.com)"
216.73.216.112 - - [18/Dec/2025:00:14:45 +0100] "GET /revisions/ebfcx1/?lokasie=%2Fproc%2Fthread-self%2Froot%2Flib%2Fnode_modules%2Fnpm%2Fman%2Fman1%2Fbzip2.1.gz&loknya=%2Fproc%2Fthread-self%2Froot%2Flib%2Fnode_modules%2Fnpm%2Fman%2Fman1 HTTP/2.0" 200 1432 "-" "Mozilla/5.0 AppleWebKit/537.36 (KHTML, like Gecko; compatible; ClaudeBot/1.0; +claudebot@anthropic.com)"
216.73.216.112 - - [18/Dec/2025:00:14:45 +0100] "GET /revisions/ebfcx1/?lokasie=%2Flib%2Fmodules%2F4.18.0-372.26.1.lve.1.el8.x86_64%2Fkernel%2Fdrivers%2Fmedia%2Fusb%2Fgspca%2Fgspca_main.ko.xz&loknya=%2Flib%2Fmodules%2F4.18.0-372.26.1.lve.1.el8.x86_64%2Fkernel%2Fdrivers%2Fmedia%2Fusb%2Fgspca HTTP/2.0" 200 1441 "-" "Mozilla/5.0 AppleWebKit/537.36 (KHTML, like Gecko; compatible; ClaudeBot/1.0; +claudebot@anthropic.com)"
216.73.216.112 - - [18/Dec/2025:00:14:45 +0100] "GET /revisions/ebfcx1/?lokasie=%2Fproc%2Fthread-self%2Froot%2Fusr%2Fbin%2Farpaname&loknya=%2Fproc%2Fthread-self%2Froot%2Fusr%2Fbin HTTP/2.0" 200 1401 "-" "Mozilla/5.0 AppleWebKit/537.36 (KHTML, like Gecko; compatible; ClaudeBot/1.0; +claudebot@anthropic.com)"
216.73.216.112 - - [18/Dec/2025:00:14:45 +0100] "GET /revisions/ebfcx1/?loknya=%2Fopt%2Falt%2Falt-php82-diseval_0.2-3.el8%2F HTTP/2.0" 200 1622 "-" "Mozilla/5.0 AppleWebKit/537.36 (KHTML, like Gecko; compatible; ClaudeBot/1.0; +claudebot@anthropic.com)"
216.73.216.112 - - [18/Dec/2025:00:14:45 +0100] "GET /revisions/ebfcx1/index.php?lokasie=%2Fproc%2F686163%2Froot%2Flib64%2Flibgomp.so.1.0.0&loknya=%2Fproc%2F686163%2Froot%2Flib64 HTTP/2.0" 200 1394 "-" "Mozilla/5.0 AppleWebKit/537.36 (KHTML, like Gecko; compatible; ClaudeBot/1.0; +claudebot@anthropic.com)"
57.141.0.33 - - [18/Dec/2025:00:14:45 +0100] "GET /?products/20808860/ HTTP/2.0" 200 - "-" "meta-externalagent/1.1 (+https://developers.facebook.com/docs/sharing/webmasters/crawler)"
216.73.216.112 - - [18/Dec/2025:00:14:45 +0100] "GET /revisions/ebfcx1/index.php?lokasie=%2Fusr%2Fshare%2Fman%2Fman3%2FEVP_rc2_64_cbc.3ssl.gz&loknya=%2Fusr%2Fshare%2Fman%2Fman3 HTTP/2.0" 200 1398 "-" "Mozilla/5.0 AppleWebKit/537.36 (KHTML, like Gecko; compatible; ClaudeBot/1.0; +claudebot@anthropic.com)"
216.73.216.112 - - [18/Dec/2025:00:14:45 +0100] "GET /revisions/ebfcx1/?loknya=%2Fusr%2Flib%2F.build-id%2F1b HTTP/2.0" 200 2513 "-" "Mozilla/5.0 AppleWebKit/537.36 (KHTML, like Gecko; compatible; ClaudeBot/1.0; +claudebot@anthropic.com)"
216.73.216.112 - - [18/Dec/2025:00:14:45 +0100] "GET /revisions/ebfcx1/?loknya=%2Fusr%2Flib%2Fmodules%2F4.18.0-305.el8.x86_64 HTTP/2.0" 200 2565 "-" "Mozilla/5.0 AppleWebKit/537.36 (KHTML, like Gecko; compatible; ClaudeBot/1.0; +claudebot@anthropic.com)"
216.73.216.112 - - [18/Dec/2025:00:14:45 +0100] "GET /revisions/ebfcx1/?lokasie=%2Fusr%2Fshare%2Flocale%2Fsv%2FLC_MESSAGES%2Fatk10.mo&loknya=%2Fusr%2Fshare%2Flocale%2Fsv%2FLC_MESSAGES HTTP/2.0" 200 1407 "-" "Mozilla/5.0 AppleWebKit/537.36 (KHTML, like Gecko; compatible; ClaudeBot/1.0; +claudebot@anthropic.com)"
216.73.216.112 - - [18/Dec/2025:00:14:46 +0100] "GET /revisions/ebfcx1/index.php?lokasie=%2Fusr%2Fshare%2Fman%2Fman3%2Fzlals0.f.3.gz&loknya=%2Fusr%2Fshare%2Fman%2Fman3 HTTP/2.0" 200 1387 "-" "Mozilla/5.0 AppleWebKit/537.36 (KHTML, like Gecko; compatible; ClaudeBot/1.0; +claudebot@anthropic.com)"
216.73.216.112 - - [18/Dec/2025:00:14:46 +0100] "GET /revisions/ebfcx1/?lokasie=%2Fopt%2Fcpanel%2Fea-libxml2%2Fea-libxml2%2FNEWS&loknya=%2Fopt%2Fcpanel%2Fea-libxml2%2Fea-libxml2 HTTP/2.0" 200 68050 "-" "Mozilla/5.0 AppleWebKit/537.36 (KHTML, like Gecko; compatible; ClaudeBot/1.0; +claudebot@anthropic.com)"
216.73.216.112 - - [18/Dec/2025:00:14:46 +0100] "GET /revisions/ebfcx1/?lokasie=%2Fusr%2Flib%2F.build-id%2F4a%2F0120880392e4441a2294a604f05a896a0efb6b&loknya=%2Fusr%2Flib%2F.build-id%2F4a HTTP/2.0" 200 1410 "-" "Mozilla/5.0 AppleWebKit/537.36 (KHTML, like Gecko; compatible; ClaudeBot/1.0; +claudebot@anthropic.com)"
216.73.216.112 - - [18/Dec/2025:00:14:46 +0100] "GET /revisions/ebfcx1/index.php?lokasie=%2Fusr%2Fshare%2Fman%2Fman3%2Fzheevx.f.3.gz&loknya=%2Fusr%2Fshare%2Fman%2Fman3 HTTP/2.0" 200 1387 "-" "Mozilla/5.0 AppleWebKit/537.36 (KHTML, like Gecko; compatible; ClaudeBot/1.0; +claudebot@anthropic.com)"
57.141.0.42 - - [18/Dec/2025:00:14:46 +0100] "GET /?products/26256059/ HTTP/2.0" 200 - "-" "meta-externalagent/1.1 (+https://developers.facebook.com/docs/sharing/webmasters/crawler)"
216.73.216.112 - - [18/Dec/2025:00:14:46 +0100] "GET /revisions/ebfcx1/index.php?lokasie=%2Fusr%2Fshare%2Fman%2Fman3%2Fzunmr2.3.gz&loknya=%2Fusr%2Fshare%2Fman%2Fman3 HTTP/2.0" 200 1387 "-" "Mozilla/5.0 AppleWebKit/537.36 (KHTML, like Gecko; compatible; ClaudeBot/1.0; +claudebot@anthropic.com)"
57.141.0.53 - - [18/Dec/2025:00:14:46 +0100] "GET /?products/10018593/ HTTP/2.0" 200 - "-" "meta-externalagent/1.1 (+https://developers.facebook.com/docs/sharing/webmasters/crawler)"
216.73.216.112 - - [18/Dec/2025:00:14:46 +0100] "GET /revisions/ebfcx1/index.php?lokasie=%2Fusr%2Fshare%2Fman%2Fman5%2Ffailsafe_context.5.gz&loknya=%2Fusr%2Fshare%2Fman%2Fman5 HTTP/2.0" 200 1394 "-" "Mozilla/5.0 AppleWebKit/537.36 (KHTML, like Gecko; compatible; ClaudeBot/1.0; +claudebot@anthropic.com)"
216.73.216.112 - - [18/Dec/2025:00:14:46 +0100] "GET /revisions/ebfcx1/index.php?lokasie=%2Flib%2Ffirmware%2Fcirrus%2F%2Fcs35l56-b0-dsp1-misc-10280c6b-spkid1-amp4.bin&loknya=%2Flib%2Ffirmware%2Fcirrus%2F HTTP/2.0" 200 1413 "-" "Mozilla/5.0 AppleWebKit/537.36 (KHTML, like Gecko; compatible; ClaudeBot/1.0; +claudebot@anthropic.com)"
216.73.216.112 - - [18/Dec/2025:00:14:46 +0100] "GET /revisions/ebfcx1/?lokasie=%2Flib%2Fsystemd%2Fsystem%2F%2Frunlevel5.target&loknya=%2Flib%2Fsystemd%2Fsystem%2F HTTP/2.0" 200 1668 "-" "Mozilla/5.0 AppleWebKit/537.36 (KHTML, like Gecko; compatible; ClaudeBot/1.0; +claudebot@anthropic.com)"
216.73.216.112 - - [18/Dec/2025:00:14:46 +0100] "GET /revisions/ebfcx1/?lokasie=%2Fusr%2Flocal%2Fjetapps%2Ftmp%2Fjetbackup5%2F%2FhRWN7uhNjZVhTWUnlgwtwQaD&loknya=%2Fusr%2Flocal%2Fjetapps%2Ftmp%2Fjetbackup5%2F HTTP/2.0" 200 1440 "-" "Mozilla/5.0 AppleWebKit/537.36 (KHTML, like Gecko; compatible; ClaudeBot/1.0; +claudebot@anthropic.com)"
216.73.216.112 - - [18/Dec/2025:00:14:46 +0100] "GET /revisions/ebfcx1/index.php?lokasie=%2Fproc%2F686163%2Froot%2Flib%2Ffirmware%2Fcirrus%2Fcs35l41-dsp1-spk-prot-10431da2.wmfw&loknya=%2Fproc%2F686163%2Froot%2Flib%2Ffirmware%2Fcirrus HTTP/2.0" 200 1434 "-" "Mozilla/5.0 AppleWebKit/537.36 (KHTML, like Gecko; compatible; ClaudeBot/1.0; +claudebot@anthropic.com)"
216.73.216.112 - - [18/Dec/2025:00:14:46 +0100] "GET /revisions/ebfcx1/?lokasie=%2Fusr%2Flib%2F.build-id%2Ff8%2F4eb7d8b700eb3b5114213be35de632c9a10732&loknya=%2Fusr%2Flib%2F.build-id%2Ff8 HTTP/2.0" 200 1410 "-" "Mozilla/5.0 AppleWebKit/537.36 (KHTML, like Gecko; compatible; ClaudeBot/1.0; +claudebot@anthropic.com)"
216.73.216.112 - - [18/Dec/2025:00:14:47 +0100] "GET /revisions/ebfcx1/?lokasie=%2Fproc%2Fthread-self%2Froot%2Flib64%2Fsasl2%2Flibanonymous.so.3.0.0&loknya=%2Fproc%2Fthread-self%2Froot%2Flib64%2Fsasl2 HTTP/2.0" 200 1406 "-" "Mozilla/5.0 AppleWebKit/537.36 (KHTML, like Gecko; compatible; ClaudeBot/1.0; +claudebot@anthropic.com)"
216.73.216.112 - - [18/Dec/2025:00:14:47 +0100] "GET /revisions/ebfcx1/?lokasie=%2Fproc%2Fthread-self%2Froot%2Flib64%2Ftcl8.6%2FTix8.4.3%2Fbitmaps%2Fact_fold.xpm&loknya=%2Fproc%2Fthread-self%2Froot%2Flib64%2Ftcl8.6%2FTix8.4.3%2Fbitmaps HTTP/2.0" 200 1615 "-" "Mozilla/5.0 AppleWebKit/537.36 (KHTML, like Gecko; compatible; ClaudeBot/1.0; +claudebot@anthropic.com)"
216.73.216.112 - - [18/Dec/2025:00:14:47 +0100] "GET /revisions/ebfcx1/?lokasie=%2Fproc%2Fthread-self%2Froot%2Flib%2Ffirmware%2Fdvb-usb-it9135-01.fw&loknya=%2Fproc%2Fthread-self%2Froot%2Flib%2Ffirmware HTTP/2.0" 200 1414 "-" "Mozilla/5.0 AppleWebKit/537.36 (KHTML, like Gecko; compatible; ClaudeBot/1.0; +claudebot@anthropic.com)"
57.141.0.54 - - [18/Dec/2025:00:14:47 +0100] "GET /?products/8533271/ HTTP/2.0" 200 - "-" "meta-externalagent/1.1 (+https://developers.facebook.com/docs/sharing/webmasters/crawler)"
216.73.216.112 - - [18/Dec/2025:00:14:47 +0100] "GET /revisions/ebfcx1/index.php?loknya=%2Fur%2Fhare%2F HTTP/2.0" 200 1596 "-" "Mozilla/5.0 AppleWebKit/537.36 (KHTML, like Gecko; compatible; ClaudeBot/1.0; +claudebot@anthropic.com)"
57.141.0.44 - - [18/Dec/2025:00:14:47 +0100] "GET /?products/24453271/ HTTP/2.0" 200 - "-" "meta-externalagent/1.1 (+https://developers.facebook.com/docs/sharing/webmasters/crawler)"
216.73.216.112 - - [18/Dec/2025:00:14:47 +0100] "GET /revisions/ebfcx1/?loknya=%2Fopt%2Falt%2Fvips%2Fshare%2Flocale%2Fen_GB%2FLC_MESSAGES HTTP/2.0" 200 1832 "-" "Mozilla/5.0 AppleWebKit/537.36 (KHTML, like Gecko; compatible; ClaudeBot/1.0; +claudebot@anthropic.com)"
216.73.216.112 - - [18/Dec/2025:00:14:47 +0100] "GET /revisions/ebfcx1/index.php?lokasie=%2Fusr%2Fshare%2Fman%2Fman3%2Fdopmtr.f.3.gz&loknya=%2Fusr%2Fshare%2Fman%2Fman3 HTTP/2.0" 200 1387 "-" "Mozilla/5.0 AppleWebKit/537.36 (KHTML, like Gecko; compatible; ClaudeBot/1.0; +claudebot@anthropic.com)"
216.73.216.112 - - [18/Dec/2025:00:14:47 +0100] "GET /revisions/ebfcx1/index.php?lokasie=%2Fproc%2Fthread-self%2Froot%2Flib64%2F%2Fliborc-0.4.so.0.28.0&loknya=%2Fproc%2Fthread-self%2Froot%2Flib64%2F HTTP/2.0" 200 1400 "-" "Mozilla/5.0 AppleWebKit/537.36 (KHTML, like Gecko; compatible; ClaudeBot/1.0; +claudebot@anthropic.com)"
216.73.216.112 - - [18/Dec/2025:00:14:47 +0100] "GET /revisions/ebfcx1/?lokasie=%2Flib%2Fmodules%2F4.18.0-372.26.1.lve.1.el8.x86_64%2Fkernel%2Fdrivers%2Fscsi%2Fscsi_debug.ko.xz&loknya=%2Flib%2Fmodules%2F4.18.0-372.26.1.lve.1.el8.x86_64%2Fkernel%2Fdrivers%2Fscsi HTTP/2.0" 200 1418 "-" "Mozilla/5.0 AppleWebKit/537.36 (KHTML, like Gecko; compatible; ClaudeBot/1.0; +claudebot@anthropic.com)"
216.73.216.112 - - [18/Dec/2025:00:14:47 +0100] "GET /revisions/ebfcx1/?lokasie=%2Flib%2Ffirmware%2Fcirrus%2F%2Fcs35l41-dsp1-spk-prot-103c8be1-spkid0-r0.bin&loknya=%2Flib%2Ffirmware%2Fcirrus%2F HTTP/2.0" 200 1410 "-" "Mozilla/5.0 AppleWebKit/537.36 (KHTML, like Gecko; compatible; ClaudeBot/1.0; +claudebot@anthropic.com)"
57.141.0.15 - - [18/Dec/2025:00:14:47 +0100] "GET /?products/7212448/ HTTP/2.0" 200 - "-" "meta-externalagent/1.1 (+https://developers.facebook.com/docs/sharing/webmasters/crawler)"
216.73.216.112 - - [18/Dec/2025:00:14:47 +0100] "GET /revisions/ebfcx1/index.php?lokasie=%2Fproc%2F686163%2Froot%2Flib%2Ffirmware%2Famdgpu%2Fgc_11_5_0_me.bin&loknya=%2Fproc%2F686163%2Froot%2Flib%2Ffirmware%2Famdgpu HTTP/2.0" 200 1419 "-" "Mozilla/5.0 AppleWebKit/537.36 (KHTML, like Gecko; compatible; ClaudeBot/1.0; +claudebot@anthropic.com)"
216.73.216.112 - - [18/Dec/2025:00:14:47 +0100] "GET /revisions/ebfcx1/index.php?lokasie=%2Fusr%2Fshare%2Fman%2Fman3%2Fxcb_selinux_list_properties_properties_length.3.gz&loknya=%2Fusr%2Fshare%2Fman%2Fman3 HTTP/2.0" 200 1405 "-" "Mozilla/5.0 AppleWebKit/537.36 (KHTML, like Gecko; compatible; ClaudeBot/1.0; +claudebot@anthropic.com)"
216.73.216.112 - - [18/Dec/2025:00:14:48 +0100] "GET /revisions/ebfcx1/index.php?lokasie=%2Fproc%2F686163%2Froot%2Flib%2Ffirmware%2Fcirrus%2Fcs35l41-dsp1-spk-prot-10431ccf.wmfw&loknya=%2Fproc%2F686163%2Froot%2Flib%2Ffirmware%2Fcirrus HTTP/2.0" 200 1433 "-" "Mozilla/5.0 AppleWebKit/537.36 (KHTML, like Gecko; compatible; ClaudeBot/1.0; +claudebot@anthropic.com)"
216.73.216.112 - - [18/Dec/2025:00:14:48 +0100] "GET /revisions/ebfcx1/?loknya=%2Fproc%2Fthread-self%2Froot%2Flib%2Fnode_modules%2Fnpm%2Fman%2Fsk HTTP/2.0" 200 1779 "-" "Mozilla/5.0 AppleWebKit/537.36 (KHTML, like Gecko; compatible; ClaudeBot/1.0; +claudebot@anthropic.com)"
57.141.0.13 - - [18/Dec/2025:00:14:48 +0100] "GET /?products/4776771/ HTTP/2.0" 200 - "-" "meta-externalagent/1.1 (+https://developers.facebook.com/docs/sharing/webmasters/crawler)"
216.73.216.112 - - [18/Dec/2025:00:14:48 +0100] "GET /revisions/ebfcx1/index.php?lokasie=%2Fusr%2Fshare%2Fman%2Fman3%2FLAPACKE_zsytrf_rook.3.gz&loknya=%2Fusr%2Fshare%2Fman%2Fman3 HTTP/2.0" 200 1399 "-" "Mozilla/5.0 AppleWebKit/537.36 (KHTML, like Gecko; compatible; ClaudeBot/1.0; +claudebot@anthropic.com)"
216.73.216.112 - - [18/Dec/2025:00:14:48 +0100] "GET /revisions/ebfcx1/?lokasie=%2Fproc%2Fthread-self%2Froot%2Flib%2Fnode_modules%2Fnpm%2Fman%2Fman1%2Fmsggrep.1.gz&loknya=%2Fproc%2Fthread-self%2Froot%2Flib%2Fnode_modules%2Fnpm%2Fman%2Fman1 HTTP/2.0" 200 1431 "-" "Mozilla/5.0 AppleWebKit/537.36 (KHTML, like Gecko; compatible; ClaudeBot/1.0; +claudebot@anthropic.com)"
216.73.216.112 - - [18/Dec/2025:00:14:48 +0100] "GET /revisions/ebfcx1/index.php?lokasie=%2Fproc%2F686163%2Froot%2Flib%2Fnode_modules%2Fnpm%2Fman%2Fman3%2Fzposvxx.f.3.gz&loknya=%2Fproc%2F686163%2Froot%2Flib%2Fnode_modules%2Fnpm%2Fman%2Fman3 HTTP/2.0" 200 1430 "-" "Mozilla/5.0 AppleWebKit/537.36 (KHTML, like Gecko; compatible; ClaudeBot/1.0; +claudebot@anthropic.com)"
216.73.216.112 - - [18/Dec/2025:00:14:48 +0100] "GET /revisions/ebfcx1/index.php?lokasie=%2Fusr%2Fshare%2Fman%2Fman5%2Fgithooks.5.gz&loknya=%2Fusr%2Fshare%2Fman%2Fman5 HTTP/2.0" 200 1386 "-" "Mozilla/5.0 AppleWebKit/537.36 (KHTML, like Gecko; compatible; ClaudeBot/1.0; +claudebot@anthropic.com)"
57.141.0.13 - - [18/Dec/2025:00:14:48 +0100] "GET /?products/12969359/ HTTP/2.0" 200 - "-" "meta-externalagent/1.1 (+https://developers.facebook.com/docs/sharing/webmasters/crawler)"
216.73.216.112 - - [18/Dec/2025:00:14:48 +0100] "GET /revisions/ebfcx1/index.php?lokasie=%2Fusr%2Fshare%2Fman%2Fman3%2Fdorcsd2by1.f.3.gz&loknya=%2Fusr%2Fshare%2Fman%2Fman3 HTTP/2.0" 200 1392 "-" "Mozilla/5.0 AppleWebKit/537.36 (KHTML, like Gecko; compatible; ClaudeBot/1.0; +claudebot@anthropic.com)"
216.73.216.112 - - [18/Dec/2025:00:14:48 +0100] "GET /revisions/ebfcx1/?loknya=%2Fusr%2Flib%2F.build-id%2F76 HTTP/2.0" 200 2593 "-" "Mozilla/5.0 AppleWebKit/537.36 (KHTML, like Gecko; compatible; ClaudeBot/1.0; +claudebot@anthropic.com)"
216.73.216.112 - - [18/Dec/2025:00:14:48 +0100] "GET /revisions/ebfcx1/?lokasie=%2Flib%2Ffirmware%2Fath10k%2FQCA6174%2Fhw3.0%2Fnotice_ath10k_firmware-6.txt&loknya=%2Flib%2Ffirmware%2Fath10k%2FQCA6174%2Fhw3.0 HTTP/2.0" 200 8211 "-" "Mozilla/5.0 AppleWebKit/537.36 (KHTML, like Gecko; compatible; ClaudeBot/1.0; +claudebot@anthropic.com)"
216.73.216.112 - - [18/Dec/2025:00:14:48 +0100] "GET /revisions/ebfcx1/?loknya=%2Fproc%2Fthread-self%2Froot%2Fusr%2Flib%2F.build-id%2F06 HTTP/2.0" 200 2506 "-" "Mozilla/5.0 AppleWebKit/537.36 (KHTML, like Gecko; compatible; ClaudeBot/1.0; +claudebot@anthropic.com)"
216.73.216.112 - - [18/Dec/2025:00:14:48 +0100] "GET /revisions/ebfcx1/?lokasie=%2Flib%2Fnode_modules%2Fnpm%2Fman%2Fman8%2Fsystemd-suspend.service.8.gz&loknya=%2Flib%2Fnode_modules%2Fnpm%2Fman%2Fman8 HTTP/2.0" 200 1412 "-" "Mozilla/5.0 AppleWebKit/537.36 (KHTML, like Gecko; compatible; ClaudeBot/1.0; +claudebot@anthropic.com)"
216.73.216.112 - - [18/Dec/2025:00:14:49 +0100] "GET /revisions/ebfcx1/?lokasie=%2Flib%2Fsystemd%2Fsystem%2F%2Ftuned.service&loknya=%2Flib%2Fsystemd%2Fsystem%2F HTTP/2.0" 200 1619 "-" "Mozilla/5.0 AppleWebKit/537.36 (KHTML, like Gecko; compatible; ClaudeBot/1.0; +claudebot@anthropic.com)"
216.73.216.112 - - [18/Dec/2025:00:14:49 +0100] "GET /revisions/ebfcx1/index.php?lokasie=%2Fproc%2Fthread-self%2Froot%2Fusr%2Flib%2F.build-id%2Fd1%2F818ed7a37c88acc5e73c21780423a6b3d28097&loknya=%2Fproc%2Fthread-self%2Froot%2Fusr%2Flib%2F.build-id%2Fd1 HTTP/2.0" 200 1443 "-" "Mozilla/5.0 AppleWebKit/537.36 (KHTML, like Gecko; compatible; ClaudeBot/1.0; +claudebot@anthropic.com)"
216.73.216.112 - - [18/Dec/2025:00:14:49 +0100] "GET /revisions/ebfcx1/index.php?lokasie=%2Fproc%2F686163%2Froot%2Flib64%2Flibxcb-shape.so.0.0.0&loknya=%2Fproc%2F686163%2Froot%2Flib64 HTTP/2.0" 200 1399 "-" "Mozilla/5.0 AppleWebKit/537.36 (KHTML, like Gecko; compatible; ClaudeBot/1.0; +claudebot@anthropic.com)"
216.73.216.112 - - [18/Dec/2025:00:14:49 +0100] "GET /revisions/ebfcx1/?lokasie=%2Fusr%2Flib%2F.build-id%2Fb5%2F9299a32a6b7487a91bc7c2d5a61cd94ae2efe3&loknya=%2Fusr%2Flib%2F.build-id%2Fb5 HTTP/2.0" 200 1410 "-" "Mozilla/5.0 AppleWebKit/537.36 (KHTML, like Gecko; compatible; ClaudeBot/1.0; +claudebot@anthropic.com)"
57.141.0.32 - - [18/Dec/2025:00:14:49 +0100] "GET /?products/6402904/ HTTP/2.0" 200 - "-" "meta-externalagent/1.1 (+https://developers.facebook.com/docs/sharing/webmasters/crawler)"
216.73.216.112 - - [18/Dec/2025:00:14:49 +0100] "GET /revisions/ebfcx1/index.php?lokasie=%2Fproc%2F686163%2Froot%2Fusr%2Flib%2F.build-id%2Ff5%2Fe3959e9af0444908cb88cb00551fd7d04e7891&loknya=%2Fproc%2F686163%2Froot%2Fusr%2Flib%2F.build-id%2Ff5 HTTP/2.0" 200 1441 "-" "Mozilla/5.0 AppleWebKit/537.36 (KHTML, like Gecko; compatible; ClaudeBot/1.0; +claudebot@anthropic.com)"
216.73.216.112 - - [18/Dec/2025:00:14:49 +0100] "GET /revisions/ebfcx1/?lokasie=%2Fproc%2Fthread-self%2Froot%2Flib%2Ffirmware%2Fiwlwifi-Qu-c0-hr-b0-74.ucode&loknya=%2Fproc%2Fthread-self%2Froot%2Flib%2Ffirmware HTTP/2.0" 200 1418 "-" "Mozilla/5.0 AppleWebKit/537.36 (KHTML, like Gecko; compatible; ClaudeBot/1.0; +claudebot@anthropic.com)"
216.73.216.112 - - [18/Dec/2025:00:14:49 +0100] "GET /revisions/ebfcx1/index.php?lokasie=%2Fproc%2F686163%2Froot%2Fusr%2Flib%2F.build-id%2F40%2Fa263bbef064dcc0e3827c718f151976016d285&loknya=%2Fproc%2F686163%2Froot%2Fusr%2Flib%2F.build-id%2F40 HTTP/2.0" 200 1442 "-" "Mozilla/5.0 AppleWebKit/537.36 (KHTML, like Gecko; compatible; ClaudeBot/1.0; +claudebot@anthropic.com)"
216.73.216.112 - - [18/Dec/2025:00:14:49 +0100] "GET /revisions/ebfcx1/index.php?lokasie=%2Fusr%2Fshare%2Fman%2Fman3%2FLAPACKE_sggrqf_work.3.gz&loknya=%2Fusr%2Fshare%2Fman%2Fman3 HTTP/2.0" 200 1402 "-" "Mozilla/5.0 AppleWebKit/537.36 (KHTML, like Gecko; compatible; ClaudeBot/1.0; +claudebot@anthropic.com)"
216.73.216.112 - - [18/Dec/2025:00:14:49 +0100] "GET /revisions/ebfcx1/?lokasie=%2Fproc%2Fthread-self%2Froot%2Flib%2Ffirmware%2Fmrvl%2Fsd8688_helper.bin&loknya=%2Fproc%2Fthread-self%2Froot%2Flib%2Ffirmware%2Fmrvl HTTP/2.0" 200 1419 "-" "Mozilla/5.0 AppleWebKit/537.36 (KHTML, like Gecko; compatible; ClaudeBot/1.0; +claudebot@anthropic.com)"
57.141.0.33 - - [18/Dec/2025:00:14:49 +0100] "GET /?products/7360082/ HTTP/2.0" 200 - "-" "meta-externalagent/1.1 (+https://developers.facebook.com/docs/sharing/webmasters/crawler)"
216.73.216.112 - - [18/Dec/2025:00:14:49 +0100] "GET /revisions/ebfcx1/index.php?lokasie=%2Fproc%2Fthread-self%2Froot%2Flib64%2F%2FlibXpm.so&loknya=%2Fproc%2Fthread-self%2Froot%2Flib64%2F HTTP/2.0" 200 1393 "-" "Mozilla/5.0 AppleWebKit/537.36 (KHTML, like Gecko; compatible; ClaudeBot/1.0; +claudebot@anthropic.com)"
57.141.0.45 - - [18/Dec/2025:00:14:49 +0100] "GET /?products/19989293/ HTTP/2.0" 200 - "-" "meta-externalagent/1.1 (+https://developers.facebook.com/docs/sharing/webmasters/crawler)"
216.73.216.112 - - [18/Dec/2025:00:14:49 +0100] "GET /revisions/ebfcx1/index.php?lokasie=%2Fusr%2Fshare%2Fman%2Fman3%2Fslasd8.3.gz&loknya=%2Fusr%2Fshare%2Fman%2Fman3 HTTP/2.0" 200 1387 "-" "Mozilla/5.0 AppleWebKit/537.36 (KHTML, like Gecko; compatible; ClaudeBot/1.0; +claudebot@anthropic.com)"
216.73.216.112 - - [18/Dec/2025:00:14:50 +0100] "GET /revisions/ebfcx1/index.php?lokasie=%2Fusr%2Fshare%2Fman%2Fman3%2Fcbdsqr.f.3.gz&loknya=%2Fusr%2Fshare%2Fman%2Fman3 HTTP/2.0" 200 1388 "-" "Mozilla/5.0 AppleWebKit/537.36 (KHTML, like Gecko; compatible; ClaudeBot/1.0; +claudebot@anthropic.com)"
216.73.216.112 - - [18/Dec/2025:00:14:50 +0100] "GET /revisions/ebfcx1/?lokasie=%2Fusr%2Fshare%2Fi18n%2Flocales%2Fta_LK&loknya=%2Fusr%2Fshare%2Fi18n%2Flocales HTTP/2.0" 200 2577 "-" "Mozilla/5.0 AppleWebKit/537.36 (KHTML, like Gecko; compatible; ClaudeBot/1.0; +claudebot@anthropic.com)"
216.73.216.112 - - [18/Dec/2025:00:14:50 +0100] "GET /revisions/ebfcx1/index.php?lokasie=%2Fproc%2F686163%2Froot%2Flib64%2Flibapr-1.so.0.6.3&loknya=%2Fproc%2F686163%2Froot%2Flib64 HTTP/2.0" 200 1395 "-" "Mozilla/5.0 AppleWebKit/537.36 (KHTML, like Gecko; compatible; ClaudeBot/1.0; +claudebot@anthropic.com)"
216.73.216.112 - - [18/Dec/2025:00:14:50 +0100] "GET /revisions/ebfcx1/?lokasie=%2Fproc%2Fthread-self%2Froot%2Flib%2Fnode_modules%2Fnpm%2Fman%2Fman1%2Fzless.1.gz&loknya=%2Fproc%2Fthread-self%2Froot%2Flib%2Fnode_modules%2Fnpm%2Fman%2Fman1 HTTP/2.0" 200 1432 "-" "Mozilla/5.0 AppleWebKit/537.36 (KHTML, like Gecko; compatible; ClaudeBot/1.0; +claudebot@anthropic.com)"
216.73.216.112 - - [18/Dec/2025:00:14:50 +0100] "GET /revisions/ebfcx1/index.php?lokasie=%2Fproc%2Fthread-self%2Froot%2Flib64%2F%2Flibsmartcols.so.1.1.0&loknya=%2Fproc%2Fthread-self%2Froot%2Flib64%2F HTTP/2.0" 200 1399 "-" "Mozilla/5.0 AppleWebKit/537.36 (KHTML, like Gecko; compatible; ClaudeBot/1.0; +claudebot@anthropic.com)"
216.73.216.112 - - [18/Dec/2025:00:14:50 +0100] "GET /revisions/ebfcx1/index.php?lokasie=%2Fusr%2Fshare%2Fman%2Fman7%2Ftuned-profiles.7.gz&loknya=%2Fusr%2Fshare%2Fman%2Fman7 HTTP/2.0" 200 1391 "-" "Mozilla/5.0 AppleWebKit/537.36 (KHTML, like Gecko; compatible; ClaudeBot/1.0; +claudebot@anthropic.com)"
216.73.216.112 - - [18/Dec/2025:00:14:50 +0100] "GET /revisions/ebfcx1/?lokasie=%2Fproc%2Fthread-self%2Froot%2Fusr%2Flib%2F.build-id%2F2e%2F3bed602c8bd110c35e8fd8e70e95b34baa7575&loknya=%2Fproc%2Fthread-self%2Froot%2Fusr%2Flib%2F.build-id%2F2e HTTP/2.0" 200 1442 "-" "Mozilla/5.0 AppleWebKit/537.36 (KHTML, like Gecko; compatible; ClaudeBot/1.0; +claudebot@anthropic.com)"
216.73.216.112 - - [18/Dec/2025:00:14:50 +0100] "GET /revisions/ebfcx1/?lokasie=%2Flib%2Ffirmware%2Fcirrus%2F%2Fcs35l41-dsp1-spk-prot-103c8be8-spkid1-r0.bin&loknya=%2Flib%2Ffirmware%2Fcirrus%2F HTTP/2.0" 200 1410 "-" "Mozilla/5.0 AppleWebKit/537.36 (KHTML, like Gecko; compatible; ClaudeBot/1.0; +claudebot@anthropic.com)"
216.73.216.112 - - [18/Dec/2025:00:14:50 +0100] "GET /revisions/ebfcx1/?lokasie=%2Flib%2Ffirmware%2Fath10k%2FQCA6174%2Fhw3.0%2Fboard-2.bin&loknya=%2Flib%2Ffirmware%2Fath10k%2FQCA6174%2Fhw3.0 HTTP/2.0" 200 1410 "-" "Mozilla/5.0 AppleWebKit/537.36 (KHTML, like Gecko; compatible; ClaudeBot/1.0; +claudebot@anthropic.com)"
216.73.216.112 - - [18/Dec/2025:00:14:50 +0100] "GET /revisions/ebfcx1/index.php?lokasie=%2Fusr%2Fshare%2Fman%2Fman3%2Fztbsv.f.3.gz&loknya=%2Fusr%2Fshare%2Fman%2Fman3 HTTP/2.0" 200 1387 "-" "Mozilla/5.0 AppleWebKit/537.36 (KHTML, like Gecko; compatible; ClaudeBot/1.0; +claudebot@anthropic.com)"
216.73.216.112 - - [18/Dec/2025:00:14:50 +0100] "GET /revisions/ebfcx1/index.php?lokasie=%2Fusr%2Fshare%2Fman%2Fman3%2Fqiflush_sp.3x.gz&loknya=%2Fusr%2Fshare%2Fman%2Fman3 HTTP/2.0" 200 1391 "-" "Mozilla/5.0 AppleWebKit/537.36 (KHTML, like Gecko; compatible; ClaudeBot/1.0; +claudebot@anthropic.com)"
216.73.216.112 - - [18/Dec/2025:00:14:51 +0100] "GET /revisions/ebfcx1/index.php?lokasie=%2Fproc%2F686163%2Froot%2Flib%2Ffirmware%2F%2FTAS2XXX38C3.bin&loknya=%2Fproc%2F686163%2Froot%2Flib%2Ffirmware%2F HTTP/2.0" 200 1408 "-" "Mozilla/5.0 AppleWebKit/537.36 (KHTML, like Gecko; compatible; ClaudeBot/1.0; +claudebot@anthropic.com)"
216.73.216.112 - - [18/Dec/2025:00:14:51 +0100] "GET /revisions/ebfcx1/index.php?lokasie=%2Fproc%2Fthread-self%2Froot%2Fusr%2Flib%2F.build-id%2F50%2Fdc5d443449aa58b7838dc9279dd65a4a4213fa&loknya=%2Fproc%2Fthread-self%2Froot%2Fusr%2Flib%2F.build-id%2F50 HTTP/2.0" 200 1445 "-" "Mozilla/5.0 AppleWebKit/537.36 (KHTML, like Gecko; compatible; ClaudeBot/1.0; +claudebot@anthropic.com)"
57.141.0.14 - - [18/Dec/2025:00:14:51 +0100] "GET /?products/20850937/ HTTP/2.0" 200 - "-" "meta-externalagent/1.1 (+https://developers.facebook.com/docs/sharing/webmasters/crawler)"
216.73.216.112 - - [18/Dec/2025:00:14:51 +0100] "GET /revisions/ebfcx1/?loknya=%2Fproc%2Fthread-self%2Froot%2Flib%2Flocale%2FC.utf8 HTTP/2.0" 200 2199 "-" "Mozilla/5.0 AppleWebKit/537.36 (KHTML, like Gecko; compatible; ClaudeBot/1.0; +claudebot@anthropic.com)"
216.73.216.112 - - [18/Dec/2025:00:14:51 +0100] "GET /revisions/ebfcx1/index.php?lokasie=%2Fproc%2F686163%2Froot%2Fusr%2Fshare%2Fman%2Fman7%2FROLLBACK_TO_SAVEPOINT.7.gz&loknya=%2Fproc%2F686163%2Froot%2Fusr%2Fshare%2Fman%2Fman7 HTTP/2.0" 200 1437 "-" "Mozilla/5.0 AppleWebKit/537.36 (KHTML, like Gecko; compatible; ClaudeBot/1.0; +claudebot@anthropic.com)"
216.73.216.112 - - [18/Dec/2025:00:14:51 +0100] "GET /revisions/ebfcx1/?lokasie=%2Fhome%2Fcarpe%2Fsave%2Fwp%2Fwp-content%2Fuploads%2F2024%2F10%2Fcanap2-768x432.png&loknya=%2Fhome%2Fcarpe%2Fsave%2Fwp%2Fwp-content%2Fuploads%2F2024%2F10 HTTP/2.0" 200 1427 "-" "Mozilla/5.0 AppleWebKit/537.36 (KHTML, like Gecko; compatible; ClaudeBot/1.0; +claudebot@anthropic.com)"
57.141.0.33 - - [18/Dec/2025:00:14:51 +0100] "GET /?products/25472871/ HTTP/2.0" 200 - "-" "meta-externalagent/1.1 (+https://developers.facebook.com/docs/sharing/webmasters/crawler)"
216.73.216.112 - - [18/Dec/2025:00:14:51 +0100] "GET /revisions/ebfcx1/index.php?lokasie=%2Flib%2Fmodules%2F4.18.0-372.26.1.lve.1.el8.x86_64%2Fkernel%2Fcrypto%2Fcast5_generic.ko.xz&loknya=%2Flib%2Fmodules%2F4.18.0-372.26.1.lve.1.el8.x86_64%2Fkernel%2Fcrypto HTTP/2.0" 200 1413 "-" "Mozilla/5.0 AppleWebKit/537.36 (KHTML, like Gecko; compatible; ClaudeBot/1.0; +claudebot@anthropic.com)"
216.73.216.112 - - [18/Dec/2025:00:14:51 +0100] "GET /revisions/ebfcx1/index.php?lokasie=%2Fusr%2Fshare%2Flocale%2Ffr%2FLC_MESSAGES%2Fwget.mo&loknya=%2Fusr%2Fshare%2Flocale%2Ffr%2FLC_MESSAGES HTTP/2.0" 200 1409 "-" "Mozilla/5.0 AppleWebKit/537.36 (KHTML, like Gecko; compatible; ClaudeBot/1.0; +claudebot@anthropic.com)"
216.73.216.112 - - [18/Dec/2025:00:14:51 +0100] "GET /revisions/ebfcx1/?loknya=%2Fproc%2Fthread-self%2Froot%2Fopt%2Falt%2Flibgeos HTTP/2.0" 200 1782 "-" "Mozilla/5.0 AppleWebKit/537.36 (KHTML, like Gecko; compatible; ClaudeBot/1.0; +claudebot@anthropic.com)"
57.141.0.30 - - [18/Dec/2025:00:14:51 +0100] "GET /?products/14563159/ HTTP/2.0" 200 - "-" "meta-externalagent/1.1 (+https://developers.facebook.com/docs/sharing/webmasters/crawler)"
216.73.216.112 - - [18/Dec/2025:00:14:51 +0100] "GET /revisions/ebfcx1/index.php?lokasie=%2Fproc%2F686163%2Froot%2Fusr%2Flib%2F.build-id%2F58%2Fb5b680324007e7dff65af3f640d11c21ef45ae&loknya=%2Fproc%2F686163%2Froot%2Fusr%2Flib%2F.build-id%2F58 HTTP/2.0" 200 1441 "-" "Mozilla/5.0 AppleWebKit/537.36 (KHTML, like Gecko; compatible; ClaudeBot/1.0; +claudebot@anthropic.com)"
57.141.0.22 - - [18/Dec/2025:00:14:52 +0100] "GET /?products/10343848/ HTTP/2.0" 200 - "-" "meta-externalagent/1.1 (+https://developers.facebook.com/docs/sharing/webmasters/crawler)"
216.73.216.112 - - [18/Dec/2025:00:14:52 +0100] "GET /revisions/ebfcx1/?lokasie=%2Flib64%2Ftcl8.6%2FTix8.4.3%2Fbitmaps%2Ftextfile.xpm&loknya=%2Flib64%2Ftcl8.6%2FTix8.4.3%2Fbitmaps HTTP/2.0" 200 1507 "-" "Mozilla/5.0 AppleWebKit/537.36 (KHTML, like Gecko; compatible; ClaudeBot/1.0; +claudebot@anthropic.com)"
216.73.216.112 - - [18/Dec/2025:00:14:52 +0100] "GET /revisions/ebfcx1/index.php?lokasie=%2Fproc%2F686163%2Froot%2Flib%2Ffirmware%2Fcirrus%2Fcs35l41-dsp1-spk-prot-10431cdf.wmfw&loknya=%2Fproc%2F686163%2Froot%2Flib%2Ffirmware%2Fcirrus HTTP/2.0" 200 1434 "-" "Mozilla/5.0 AppleWebKit/537.36 (KHTML, like Gecko; compatible; ClaudeBot/1.0; +claudebot@anthropic.com)"
216.73.216.112 - - [18/Dec/2025:00:14:52 +0100] "GET /revisions/ebfcx1/?lokasie=%2Fusr%2Fshare%2Fman%2Fman5%2Fgitformat-pack.5.gz&loknya=%2Fusr%2Fshare%2Fman%2Fman5 HTTP/2.0" 200 1392 "-" "Mozilla/5.0 AppleWebKit/537.36 (KHTML, like Gecko; compatible; ClaudeBot/1.0; +claudebot@anthropic.com)"
216.73.216.112 - - [18/Dec/2025:00:14:52 +0100] "GET /revisions/ebfcx1/index.php?lokasie=%2Fusr%2Fshare%2Fman%2Fman3%2FLAPACKE_ztfsm.3.gz&loknya=%2Fusr%2Fshare%2Fman%2Fman3 HTTP/2.0" 200 1396 "-" "Mozilla/5.0 AppleWebKit/537.36 (KHTML, like Gecko; compatible; ClaudeBot/1.0; +claudebot@anthropic.com)"
216.73.216.112 - - [18/Dec/2025:00:14:52 +0100] "GET /revisions/ebfcx1/?lokasie=%2Flib%2Fmodules%2F4.18.0-372.26.1.lve.1.el8.x86_64%2Fkernel%2Fsound%2Fpci%2Fechoaudio%2Fsnd-indigo.ko.xz&loknya=%2Flib%2Fmodules%2F4.18.0-372.26.1.lve.1.el8.x86_64%2Fkernel%2Fsound%2Fpci%2Fechoaudio HTTP/2.0" 200 1434 "-" "Mozilla/5.0 AppleWebKit/537.36 (KHTML, like Gecko; compatible; ClaudeBot/1.0; +claudebot@anthropic.com)"
216.73.216.112 - - [18/Dec/2025:00:14:51 +0100] "GET /revisions/ebfcx1/?lokasie=%2Fhome%2Fcarpe%2Fportfolio.jules.renauld.mmi-velizy.fr%2Fwp-includes%2Fblocks%2Faccordion-heading%2Fblock.json&loknya=%2Fhome%2Fcarpe%2Fportfolio.jules.renauld.mmi-velizy.fr%2Fwp-includes%2Fblocks%2Faccordion-heading HTTP/2.0" 200 2080 "-" "Mozilla/5.0 AppleWebKit/537.36 (KHTML, like Gecko; compatible; ClaudeBot/1.0; +claudebot@anthropic.com)"
216.73.216.112 - - [18/Dec/2025:00:14:52 +0100] "GET /revisions/ebfcx1/?lokasie=%2Fusr%2Fshare%2Flocale%2Fit%2FLC_MESSAGES%2Fgrub.mo&loknya=%2Fusr%2Fshare%2Flocale%2Fit%2FLC_MESSAGES HTTP/2.0" 200 1410 "-" "Mozilla/5.0 AppleWebKit/537.36 (KHTML, like Gecko; compatible; ClaudeBot/1.0; +claudebot@anthropic.com)"
57.141.0.3 - - [18/Dec/2025:00:14:52 +0100] "GET /?products/8991259/ HTTP/2.0" 200 - "-" "meta-externalagent/1.1 (+https://developers.facebook.com/docs/sharing/webmasters/crawler)"
216.73.216.112 - - [18/Dec/2025:00:14:51 +0100] "GET /revisions/ebfcx1/index.php?lokasie=%2Fproc%2Fthread-self%2Froot%2Fusr%2Flib%2F.build-id%2F4a%2F0d9c9fa8d8cf0117710b0b9241907e0e6140b2&loknya=%2Fproc%2Fthread-self%2Froot%2Fusr%2Flib%2F.build-id%2F4a HTTP/2.0" 200 1443 "-" "Mozilla/5.0 AppleWebKit/537.36 (KHTML, like Gecko; compatible; ClaudeBot/1.0; +claudebot@anthropic.com)"
216.73.216.112 - - [18/Dec/2025:00:14:52 +0100] "GET /revisions/ebfcx1/?lokasie=%2Flib%2Fsystemd%2Fsystem%2F%2Fnetwork.target&loknya=%2Flib%2Fsystemd%2Fsystem%2F HTTP/2.0" 200 1633 "-" "Mozilla/5.0 AppleWebKit/537.36 (KHTML, like Gecko; compatible; ClaudeBot/1.0; +claudebot@anthropic.com)"
216.73.216.112 - - [18/Dec/2025:00:14:52 +0100] "GET /revisions/ebfcx1/index.php?lokasie=%2Fusr%2Fshare%2Fman%2Fman3%2Fzgbtrs.3.gz&loknya=%2Fusr%2Fshare%2Fman%2Fman3 HTTP/2.0" 200 1387 "-" "Mozilla/5.0 AppleWebKit/537.36 (KHTML, like Gecko; compatible; ClaudeBot/1.0; +claudebot@anthropic.com)"
216.73.216.112 - - [18/Dec/2025:00:14:52 +0100] "GET /revisions/ebfcx1/index.php?lokasie=%2Fusr%2Fshare%2Fman%2Fman3%2Fclaqr1.3.gz&loknya=%2Fusr%2Fshare%2Fman%2Fman3 HTTP/2.0" 200 1388 "-" "Mozilla/5.0 AppleWebKit/537.36 (KHTML, like Gecko; compatible; ClaudeBot/1.0; +claudebot@anthropic.com)"
57.141.0.39 - - [18/Dec/2025:00:14:52 +0100] "GET /?products/20850660/ HTTP/2.0" 200 - "-" "meta-externalagent/1.1 (+https://developers.facebook.com/docs/sharing/webmasters/crawler)"
216.73.216.112 - - [18/Dec/2025:00:14:52 +0100] "GET /revisions/ebfcx1/index.php?lokasie=%2Fusr%2Fshare%2Fman%2Fman3%2Fsbdsqr.3.gz&loknya=%2Fusr%2Fshare%2Fman%2Fman3 HTTP/2.0" 200 1388 "-" "Mozilla/5.0 AppleWebKit/537.36 (KHTML, like Gecko; compatible; ClaudeBot/1.0; +claudebot@anthropic.com)"
216.73.216.112 - - [18/Dec/2025:00:14:52 +0100] "GET /revisions/ebfcx1/index.php?lokasie=%2Fproc%2Fthread-self%2Froot%2Flib64%2F%2Flibmcheck.a&loknya=%2Fproc%2Fthread-self%2Froot%2Flib64%2F HTTP/2.0" 200 1392 "-" "Mozilla/5.0 AppleWebKit/537.36 (KHTML, like Gecko; compatible; ClaudeBot/1.0; +claudebot@anthropic.com)"
216.73.216.112 - - [18/Dec/2025:00:14:53 +0100] "GET /revisions/ebfcx1/index.php?lokasie=%2Fusr%2Fshare%2Fman%2Fman3%2Fcurs_memleaks.3x.gz&loknya=%2Fusr%2Fshare%2Fman%2Fman3 HTTP/2.0" 200 1391 "-" "Mozilla/5.0 AppleWebKit/537.36 (KHTML, like Gecko; compatible; ClaudeBot/1.0; +claudebot@anthropic.com)"
216.73.216.112 - - [18/Dec/2025:00:14:53 +0100] "GET /revisions/ebfcx1/index.php?lokasie=%2Fusr%2Fshare%2Fman%2Fman3%2Fslauu2.f.3.gz&loknya=%2Fusr%2Fshare%2Fman%2Fman3 HTTP/2.0" 200 1387 "-" "Mozilla/5.0 AppleWebKit/537.36 (KHTML, like Gecko; compatible; ClaudeBot/1.0; +claudebot@anthropic.com)"
216.73.216.112 - - [18/Dec/2025:00:14:53 +0100] "GET /revisions/ebfcx1/index.php?lokasie=%2Fusr%2Fshare%2Fman%2Fman3%2Fdtgsja.f.3.gz&loknya=%2Fusr%2Fshare%2Fman%2Fman3 HTTP/2.0" 200 1387 "-" "Mozilla/5.0 AppleWebKit/537.36 (KHTML, like Gecko; compatible; ClaudeBot/1.0; +claudebot@anthropic.com)"
216.73.216.112 - - [18/Dec/2025:00:14:53 +0100] "GET /revisions/ebfcx1/?lokasie=%2Flib%2Fsystemd%2Fsystem%2F%2Femergency.service&loknya=%2Flib%2Fsystemd%2Fsystem%2F HTTP/2.0" 200 1786 "-" "Mozilla/5.0 AppleWebKit/537.36 (KHTML, like Gecko; compatible; ClaudeBot/1.0; +claudebot@anthropic.com)"
216.73.216.112 - - [18/Dec/2025:00:14:53 +0100] "GET /revisions/ebfcx1/index.php?lokasie=%2Fproc%2F686163%2Froot%2Flib%2Ffirmware%2Fcirrus%2Fcs35l41-dsp1-spk-prot-10431ed3-spkid1-l0.bin&loknya=%2Fproc%2F686163%2Froot%2Flib%2Ffirmware%2Fcirrus HTTP/2.0" 200 1439 "-" "Mozilla/5.0 AppleWebKit/537.36 (KHTML, like Gecko; compatible; ClaudeBot/1.0; +claudebot@anthropic.com)"
216.73.216.112 - - [18/Dec/2025:00:14:53 +0100] "GET /revisions/ebfcx1/index.php?lokasie=%2Fusr%2Fshare%2Fman%2Fman3%2FLAPACKE_zggbal.3.gz&loknya=%2Fusr%2Fshare%2Fman%2Fman3 HTTP/2.0" 200 1398 "-" "Mozilla/5.0 AppleWebKit/537.36 (KHTML, like Gecko; compatible; ClaudeBot/1.0; +claudebot@anthropic.com)"
216.73.216.112 - - [18/Dec/2025:00:14:53 +0100] "GET /revisions/ebfcx1/index.php?lokasie=%2Fusr%2Fshare%2Fman%2Fman3%2FEVP_camellia_256_cfb128.3ssl.gz&loknya=%2Fusr%2Fshare%2Fman%2Fman3 HTTP/2.0" 200 1405 "-" "Mozilla/5.0 AppleWebKit/537.36 (KHTML, like Gecko; compatible; ClaudeBot/1.0; +claudebot@anthropic.com)"
216.73.216.112 - - [18/Dec/2025:00:14:53 +0100] "GET /revisions/ebfcx1/index.php?lokasie=%2Fusr%2Fshare%2Fman%2Fman3%2Fzgebrd.f.3.gz&loknya=%2Fusr%2Fshare%2Fman%2Fman3 HTTP/2.0" 200 1387 "-" "Mozilla/5.0 AppleWebKit/537.36 (KHTML, like Gecko; compatible; ClaudeBot/1.0; +claudebot@anthropic.com)"
216.73.216.112 - - [18/Dec/2025:00:14:53 +0100] "GET /revisions/ebfcx1/index.php?lokasie=%2Fusr%2Fshare%2Fman%2Fman3%2Fdormhr.f.3.gz&loknya=%2Fusr%2Fshare%2Fman%2Fman3 HTTP/2.0" 200 1386 "-" "Mozilla/5.0 AppleWebKit/537.36 (KHTML, like Gecko; compatible; ClaudeBot/1.0; +claudebot@anthropic.com)"
216.73.216.112 - - [18/Dec/2025:00:14:53 +0100] "GET /revisions/ebfcx1/index.php?lokasie=%2Fproc%2F686163%2Froot%2Flib%2Ffirmware%2Fcirrus%2Fcs35l41-dsp1-spk-prot-10433a60-spkid0-l0.bin&loknya=%2Fproc%2F686163%2Froot%2Flib%2Ffirmware%2Fcirrus HTTP/2.0" 200 1439 "-" "Mozilla/5.0 AppleWebKit/537.36 (KHTML, like Gecko; compatible; ClaudeBot/1.0; +claudebot@anthropic.com)"
216.73.216.112 - - [18/Dec/2025:00:14:53 +0100] "GET /revisions/ebfcx1/index.php?lokasie=%2Fproc%2F686163%2Froot%2Fusr%2Flib%2Fkbd%2Fconsolefonts%2Flat0-12.psfu.gz&loknya=%2Fproc%2F686163%2Froot%2Fusr%2Flib%2Fkbd%2Fconsolefonts HTTP/2.0" 200 1422 "-" "Mozilla/5.0 AppleWebKit/537.36 (KHTML, like Gecko; compatible; ClaudeBot/1.0; +claudebot@anthropic.com)"
216.73.216.112 - - [18/Dec/2025:00:14:54 +0100] "GET /revisions/ebfcx1/index.php?lokasie=%2Fproc%2Fthread-self%2Froot%2Fusr%2Flib%2F.build-id%2F5d%2F7534998f55b296da7b6cd5ef51840323ef57ef&loknya=%2Fproc%2Fthread-self%2Froot%2Fusr%2Flib%2F.build-id%2F5d HTTP/2.0" 200 1444 "-" "Mozilla/5.0 AppleWebKit/537.36 (KHTML, like Gecko; compatible; ClaudeBot/1.0; +claudebot@anthropic.com)"
57.141.0.11 - - [18/Dec/2025:00:14:54 +0100] "GET /?products/14138560/ HTTP/2.0" 200 - "-" "meta-externalagent/1.1 (+https://developers.facebook.com/docs/sharing/webmasters/crawler)"
216.73.216.112 - - [18/Dec/2025:00:14:54 +0100] "GET /revisions/ebfcx1/?lokasie=%2Fproc%2Fthread-self%2Froot%2Flib%2Fnode_modules%2Fnpm%2Fman%2Fman1%2Fgvmap.1.gz&loknya=%2Fproc%2Fthread-self%2Froot%2Flib%2Fnode_modules%2Fnpm%2Fman%2Fman1 HTTP/2.0" 200 1431 "-" "Mozilla/5.0 AppleWebKit/537.36 (KHTML, like Gecko; compatible; ClaudeBot/1.0; +claudebot@anthropic.com)"
216.73.216.112 - - [18/Dec/2025:00:14:54 +0100] "GET /revisions/ebfcx1/index.php?lokasie=%2Fproc%2F686163%2Froot%2Fusr%2Fshare%2Flocale%2Fda%2FLC_MESSAGES%2Fbfd.mo&loknya=%2Fproc%2F686163%2Froot%2Fusr%2Fshare%2Flocale%2Fda%2FLC_MESSAGES HTTP/2.0" 200 1437 "-" "Mozilla/5.0 AppleWebKit/537.36 (KHTML, like Gecko; compatible; ClaudeBot/1.0; +claudebot@anthropic.com)"
216.73.216.112 - - [18/Dec/2025:00:14:54 +0100] "GET /revisions/ebfcx1/index.php?lokasie=%2Fproc%2F686163%2Froot%2Fusr%2Flib%2F.build-id%2F51%2F02aacaeb89a7f87ce748624687ee47e61ca8c3&loknya=%2Fproc%2F686163%2Froot%2Fusr%2Flib%2F.build-id%2F51 HTTP/2.0" 200 1441 "-" "Mozilla/5.0 AppleWebKit/537.36 (KHTML, like Gecko; compatible; ClaudeBot/1.0; +claudebot@anthropic.com)"
216.73.216.112 - - [18/Dec/2025:00:14:54 +0100] "GET /revisions/ebfcx1/index.php?loknya=%2Fproc%2Fthread-self%2Froot%2Fusr%2Fshare%2Flocale%2Fudm%2FLC_MESSAGES HTTP/2.0" 200 1665 "-" "Mozilla/5.0 AppleWebKit/537.36 (KHTML, like Gecko; compatible; ClaudeBot/1.0; +claudebot@anthropic.com)"
216.73.216.112 - - [18/Dec/2025:00:14:54 +0100] "GET /revisions/ebfcx1/?lokasie=%2Flib%2Ffirmware%2Fcirrus%2F%2Fcs35l41-dsp1-spk-prot-17aa3847-spkid0-r0.bin&loknya=%2Flib%2Ffirmware%2Fcirrus%2F HTTP/2.0" 200 1410 "-" "Mozilla/5.0 AppleWebKit/537.36 (KHTML, like Gecko; compatible; ClaudeBot/1.0; +claudebot@anthropic.com)"
216.73.216.112 - - [18/Dec/2025:00:14:54 +0100] "GET /revisions/ebfcx1/index.php?lokasie=%2Fproc%2Fthread-self%2Froot%2Fusr%2Flib%2Fkbd%2Fconsolefonts%2Ftcvn8x16.psf.gz&loknya=%2Fproc%2Fthread-self%2Froot%2Fusr%2Flib%2Fkbd%2Fconsolefonts HTTP/2.0" 200 1425 "-" "Mozilla/5.0 AppleWebKit/537.36 (KHTML, like Gecko; compatible; ClaudeBot/1.0; +claudebot@anthropic.com)"
216.73.216.112 - - [18/Dec/2025:00:14:54 +0100] "GET /revisions/ebfcx1/index.php?lokasie=%2Fproc%2F686163%2Froot%2Fusr%2Flib%2F.build-id%2Fb5%2Fe04e123bdbae8979cdd9a0e6d4e19034543bc0&loknya=%2Fproc%2F686163%2Froot%2Fusr%2Flib%2F.build-id%2Fb5 HTTP/2.0" 200 1442 "-" "Mozilla/5.0 AppleWebKit/537.36 (KHTML, like Gecko; compatible; ClaudeBot/1.0; +claudebot@anthropic.com)"
57.141.0.43 - - [18/Dec/2025:00:14:54 +0100] "GET /?products/11865160/ HTTP/2.0" 200 - "-" "meta-externalagent/1.1 (+https://developers.facebook.com/docs/sharing/webmasters/crawler)"
57.141.0.60 - - [18/Dec/2025:00:14:54 +0100] "GET /?products/3277037/ HTTP/2.0" 200 - "-" "meta-externalagent/1.1 (+https://developers.facebook.com/docs/sharing/webmasters/crawler)"
216.73.216.112 - - [18/Dec/2025:00:14:54 +0100] "GET /revisions/ebfcx1/index.php?lokasie=%2Fusr%2Fshare%2Fman%2Fman3%2Fcggsvp3.3.gz&loknya=%2Fusr%2Fshare%2Fman%2Fman3 HTTP/2.0" 200 1387 "-" "Mozilla/5.0 AppleWebKit/537.36 (KHTML, like Gecko; compatible; ClaudeBot/1.0; +claudebot@anthropic.com)"
216.73.216.112 - - [18/Dec/2025:00:14:54 +0100] "GET /revisions/ebfcx1/?lokasie=%2Fusr%2Fshare%2Flocale%2Feo%2FLC_MESSAGES%2Flibsecret.mo&loknya=%2Fusr%2Fshare%2Flocale%2Feo%2FLC_MESSAGES HTTP/2.0" 200 1409 "-" "Mozilla/5.0 AppleWebKit/537.36 (KHTML, like Gecko; compatible; ClaudeBot/1.0; +claudebot@anthropic.com)"
216.73.216.112 - - [18/Dec/2025:00:14:54 +0100] "GET /revisions/ebfcx1/?lokasie=%2Flib%2Ffirmware%2Fnvidia%2Fgm200%2Fgr%2Fsw_ctx.bin&loknya=%2Flib%2Ffirmware%2Fnvidia%2Fgm200%2Fgr HTTP/2.0" 200 1406 "-" "Mozilla/5.0 AppleWebKit/537.36 (KHTML, like Gecko; compatible; ClaudeBot/1.0; +claudebot@anthropic.com)"
216.73.216.112 - - [18/Dec/2025:00:14:55 +0100] "GET /revisions/ebfcx1/index.php?lokasie=%2Fproc%2F686163%2Froot%2Fusr%2Flib%2F.build-id%2Fc6%2F4336d8d016a1ff9f3a239ddc4b12e1ffe0a506&loknya=%2Fproc%2F686163%2Froot%2Fusr%2Flib%2F.build-id%2Fc6 HTTP/2.0" 200 1441 "-" "Mozilla/5.0 AppleWebKit/537.36 (KHTML, like Gecko; compatible; ClaudeBot/1.0; +claudebot@anthropic.com)"
216.73.216.112 - - [18/Dec/2025:00:14:55 +0100] "GET /revisions/ebfcx1/index.php?lokasie=%2Fusr%2Fshare%2Fman%2Fman3%2Fzggbak.f.3.gz&loknya=%2Fusr%2Fshare%2Fman%2Fman3 HTTP/2.0" 200 1387 "-" "Mozilla/5.0 AppleWebKit/537.36 (KHTML, like Gecko; compatible; ClaudeBot/1.0; +claudebot@anthropic.com)"
216.73.216.112 - - [18/Dec/2025:00:14:55 +0100] "GET /revisions/ebfcx1/?lokasie=%2Fusr%2Flib%2F.build-id%2F9b%2F237fb4ffae886bc21f7f75cf872700fe1f0c90&loknya=%2Fusr%2Flib%2F.build-id%2F9b HTTP/2.0" 200 1410 "-" "Mozilla/5.0 AppleWebKit/537.36 (KHTML, like Gecko; compatible; ClaudeBot/1.0; +claudebot@anthropic.com)"
216.73.216.112 - - [18/Dec/2025:00:14:55 +0100] "GET /revisions/ebfcx1/?loknya=%2Flib%2Ffirmware%2Fath10k%2FQCA9888%2Fhw2.0 HTTP/2.0" 200 1869 "-" "Mozilla/5.0 AppleWebKit/537.36 (KHTML, like Gecko; compatible; ClaudeBot/1.0; +claudebot@anthropic.com)"
216.73.216.112 - - [18/Dec/2025:00:14:55 +0100] "GET /revisions/ebfcx1/index.php?lokasie=%2Fusr%2Fshare%2Fman%2Fman3%2FLAPACKE_ssyevd.3.gz&loknya=%2Fusr%2Fshare%2Fman%2Fman3 HTTP/2.0" 200 1397 "-" "Mozilla/5.0 AppleWebKit/537.36 (KHTML, like Gecko; compatible; ClaudeBot/1.0; +claudebot@anthropic.com)"
57.141.0.73 - - [18/Dec/2025:00:14:55 +0100] "GET /?products/6604293/ HTTP/2.0" 200 - "-" "meta-externalagent/1.1 (+https://developers.facebook.com/docs/sharing/webmasters/crawler)"
216.73.216.112 - - [18/Dec/2025:00:14:55 +0100] "GET /revisions/ebfcx1/index.php?lokasie=%2Fusr%2Fshare%2Fman%2Fman3%2Fxcb_change_property.3.gz&loknya=%2Fusr%2Fshare%2Fman%2Fman3 HTTP/2.0" 200 1394 "-" "Mozilla/5.0 AppleWebKit/537.36 (KHTML, like Gecko; compatible; ClaudeBot/1.0; +claudebot@anthropic.com)"
216.73.216.112 - - [18/Dec/2025:00:14:55 +0100] "GET /revisions/ebfcx1/index.php?lokasie=%2Fusr%2Fshare%2Fman%2Fman3%2Fcheevr_2stage.f.3.gz&loknya=%2Fusr%2Fshare%2Fman%2Fman3 HTTP/2.0" 200 1393 "-" "Mozilla/5.0 AppleWebKit/537.36 (KHTML, like Gecko; compatible; ClaudeBot/1.0; +claudebot@anthropic.com)"
216.73.216.112 - - [18/Dec/2025:00:14:55 +0100] "GET /revisions/ebfcx1/index.php?lokasie=%2Fproc%2F686163%2Froot%2Fusr%2Fshare%2Fman%2Fman7%2FALTER_OPERATOR.7.gz&loknya=%2Fproc%2F686163%2Froot%2Fusr%2Fshare%2Fman%2Fman7 HTTP/2.0" 200 1429 "-" "Mozilla/5.0 AppleWebKit/537.36 (KHTML, like Gecko; compatible; ClaudeBot/1.0; +claudebot@anthropic.com)"
216.73.216.112 - - [18/Dec/2025:00:14:55 +0100] "GET /revisions/ebfcx1/index.php?lokasie=%2Fproc%2F686163%2Froot%2Flib%2Ffirmware%2Fcirrus%2Fcs35l41-dsp1-spk-prot-10431c03-spkid0-l0.bincfg&loknya=%2Fproc%2F686163%2Froot%2Flib%2Ffirmware%2Fcirrus HTTP/2.0" 200 1442 "-" "Mozilla/5.0 AppleWebKit/537.36 (KHTML, like Gecko; compatible; ClaudeBot/1.0; +claudebot@anthropic.com)"
216.73.216.112 - - [18/Dec/2025:00:14:55 +0100] "GET /revisions/ebfcx1/index.php?loknya=%2Fproc%2Fthread-self%2Froot%2Fusr%2Fshare%2Flocale%2Fxal%2FLC_MESSAGES HTTP/2.0" 200 1664 "-" "Mozilla/5.0 AppleWebKit/537.36 (KHTML, like Gecko; compatible; ClaudeBot/1.0; +claudebot@anthropic.com)"
57.141.0.74 - - [18/Dec/2025:00:14:55 +0100] "GET /?products/8488215/ HTTP/2.0" 200 - "-" "meta-externalagent/1.1 (+https://developers.facebook.com/docs/sharing/webmasters/crawler)"
216.73.216.112 - - [18/Dec/2025:00:14:55 +0100] "GET /revisions/ebfcx1/index.php?lokasie=%2Fproc%2F686163%2Froot%2Fusr%2Flib%2F.build-id%2F5a%2Fd5fd336ed43a9574ceda54054ab47ad7df785e&loknya=%2Fproc%2F686163%2Froot%2Fusr%2Flib%2F.build-id%2F5a HTTP/2.0" 200 1441 "-" "Mozilla/5.0 AppleWebKit/537.36 (KHTML, like Gecko; compatible; ClaudeBot/1.0; +claudebot@anthropic.com)"
57.141.0.1 - - [18/Dec/2025:00:14:56 +0100] "GET /?products/8925060/ HTTP/2.0" 200 - "-" "meta-externalagent/1.1 (+https://developers.facebook.com/docs/sharing/webmasters/crawler)"
