216.73.216.112 - - [18/Dec/2025:00:14:56 +0100] "GET /revisions/ebfcx1/index.php?lokasie=%2Fusr%2Fshare%2Fman%2Fman3%2Fzhetrf_rook.3.gz&loknya=%2Fusr%2Fshare%2Fman%2Fman3 HTTP/2.0" 200 1390 "-" "Mozilla/5.0 AppleWebKit/537.36 (KHTML, like Gecko; compatible; ClaudeBot/1.0; +claudebot@anthropic.com)"
216.73.216.112 - - [18/Dec/2025:00:14:56 +0100] "GET /revisions/ebfcx1/?lokasie=%2Fhome%2Fcarpe%2Fcarpe.jules.renauld.mmi-velizy.fr%2Fwp%2Fwp-includes%2Fsodium_compat%2F%2FLICENSE&loknya=%2Fhome%2Fcarpe%2Fcarpe.jules.renauld.mmi-velizy.fr%2Fwp%2Fwp-includes%2Fsodium_compat%2F HTTP/2.0" 200 1989 "-" "Mozilla/5.0 AppleWebKit/537.36 (KHTML, like Gecko; compatible; ClaudeBot/1.0; +claudebot@anthropic.com)"
216.73.216.112 - - [18/Dec/2025:00:14:56 +0100] "GET /revisions/ebfcx1/index.php?lokasie=%2Flib%2Ffirmware%2Fcirrus%2F%2Fcs35l56-b0-dsp1-misc-103c8c52-amp4.bin&loknya=%2Flib%2Ffirmware%2Fcirrus%2F HTTP/2.0" 200 1409 "-" "Mozilla/5.0 AppleWebKit/537.36 (KHTML, like Gecko; compatible; ClaudeBot/1.0; +claudebot@anthropic.com)"
216.73.216.112 - - [18/Dec/2025:00:14:56 +0100] "GET /revisions/ebfcx1/index.php?lokasie=%2Fproc%2F686163%2Froot%2Flib%2Ffirmware%2Fcirrus%2Fcs35l41-dsp1-spk-prot-10431433-spkid1-r0.bin&loknya=%2Fproc%2F686163%2Froot%2Flib%2Ffirmware%2Fcirrus HTTP/2.0" 200 1439 "-" "Mozilla/5.0 AppleWebKit/537.36 (KHTML, like Gecko; compatible; ClaudeBot/1.0; +claudebot@anthropic.com)"
216.73.216.112 - - [18/Dec/2025:00:14:56 +0100] "GET /revisions/ebfcx1/index.php?lokasie=%2Fproc%2Fthread-self%2Froot%2Fusr%2Flib%2F.build-id%2Fdd%2F56df3364e0a120316ba13844156f82f2316575&loknya=%2Fproc%2Fthread-self%2Froot%2Fusr%2Flib%2F.build-id%2Fdd HTTP/2.0" 200 1442 "-" "Mozilla/5.0 AppleWebKit/537.36 (KHTML, like Gecko; compatible; ClaudeBot/1.0; +claudebot@anthropic.com)"
216.73.216.112 - - [18/Dec/2025:00:14:56 +0100] "GET /revisions/ebfcx1/index.php?lokasie=%2Fproc%2F686163%2Froot%2Fusr%2Flib%2F.build-id%2Fa7%2F2aeb5b18671c14f545bef1058542d8b03c6c0d&loknya=%2Fproc%2F686163%2Froot%2Fusr%2Flib%2F.build-id%2Fa7 HTTP/2.0" 200 1442 "-" "Mozilla/5.0 AppleWebKit/537.36 (KHTML, like Gecko; compatible; ClaudeBot/1.0; +claudebot@anthropic.com)"
216.73.216.112 - - [18/Dec/2025:00:14:56 +0100] "GET /revisions/ebfcx1/?lokasie=%2Flib%2Fnode_modules%2Fnpm%2Fman%2Fman8%2Fdepmod.8.gz&loknya=%2Flib%2Fnode_modules%2Fnpm%2Fman%2Fman8 HTTP/2.0" 200 1401 "-" "Mozilla/5.0 AppleWebKit/537.36 (KHTML, like Gecko; compatible; ClaudeBot/1.0; +claudebot@anthropic.com)"
216.73.216.112 - - [18/Dec/2025:00:14:56 +0100] "GET /revisions/ebfcx1/index.php?lokasie=%2Fproc%2F686163%2Froot%2Flib%2Ffirmware%2Fmrvl%2Fpcieuart8997_combo_v4.bin&loknya=%2Fproc%2F686163%2Froot%2Flib%2Ffirmware%2Fmrvl HTTP/2.0" 200 1426 "-" "Mozilla/5.0 AppleWebKit/537.36 (KHTML, like Gecko; compatible; ClaudeBot/1.0; +claudebot@anthropic.com)"
216.73.216.112 - - [18/Dec/2025:00:14:56 +0100] "GET /revisions/ebfcx1/index.php?lokasie=%2Fproc%2Fthread-self%2Froot%2Fusr%2Fshare%2Fi18n%2Flocales%2Fgv_GB&loknya=%2Fproc%2Fthread-self%2Froot%2Fusr%2Fshare%2Fi18n%2Flocales HTTP/2.0" 200 2943 "-" "Mozilla/5.0 AppleWebKit/537.36 (KHTML, like Gecko; compatible; ClaudeBot/1.0; +claudebot@anthropic.com)"
216.73.216.112 - - [18/Dec/2025:00:14:56 +0100] "GET /revisions/ebfcx1/index.php?lokasie=%2Fusr%2Fshare%2Fman%2Fman3%2Fclarscl2.f.3.gz&loknya=%2Fusr%2Fshare%2Fman%2Fman3 HTTP/2.0" 200 1390 "-" "Mozilla/5.0 AppleWebKit/537.36 (KHTML, like Gecko; compatible; ClaudeBot/1.0; +claudebot@anthropic.com)"
57.141.0.14 - - [18/Dec/2025:00:14:57 +0100] "GET /?products/15117315/ HTTP/2.0" 200 - "-" "meta-externalagent/1.1 (+https://developers.facebook.com/docs/sharing/webmasters/crawler)"
216.73.216.112 - - [18/Dec/2025:00:14:57 +0100] "GET /revisions/ebfcx1/index.php?lokasie=%2Flib%2Fmodules%2F4.18.0-372.26.1.lve.1.el8.x86_64%2Fkernel%2Fcrypto%2F%2Fcrypto_user.ko.xz&loknya=%2Flib%2Fmodules%2F4.18.0-372.26.1.lve.1.el8.x86_64%2Fkernel%2Fcrypto%2F HTTP/2.0" 200 1407 "-" "Mozilla/5.0 AppleWebKit/537.36 (KHTML, like Gecko; compatible; ClaudeBot/1.0; +claudebot@anthropic.com)"
216.73.216.112 - - [18/Dec/2025:00:14:57 +0100] "GET /revisions/ebfcx1/?lokasie=%2Fproc%2Fthread-self%2Froot%2Flib%2Fnode_modules%2Fnpm%2Fman%2Fman1%2Fmogrify.1.gz&loknya=%2Fproc%2Fthread-self%2Froot%2Flib%2Fnode_modules%2Fnpm%2Fman%2Fman1 HTTP/2.0" 200 1431 "-" "Mozilla/5.0 AppleWebKit/537.36 (KHTML, like Gecko; compatible; ClaudeBot/1.0; +claudebot@anthropic.com)"
57.141.0.52 - - [18/Dec/2025:00:14:57 +0100] "GET /?products/11066148/ HTTP/2.0" 200 - "-" "meta-externalagent/1.1 (+https://developers.facebook.com/docs/sharing/webmasters/crawler)"
216.73.216.112 - - [18/Dec/2025:00:14:57 +0100] "GET /revisions/ebfcx1/?loknya=%2Fproc%2Fthread-self%2Froot%2Fusr%2Flib%2F.build-id%2Fba HTTP/2.0" 200 2383 "-" "Mozilla/5.0 AppleWebKit/537.36 (KHTML, like Gecko; compatible; ClaudeBot/1.0; +claudebot@anthropic.com)"
216.73.216.112 - - [18/Dec/2025:00:14:57 +0100] "GET /revisions/ebfcx1/?lokasie=%2Fusr%2Flib%2F.build-id%2F35%2Fdc99790a65d5ae048740ca6d085d2e69b7d0ed&loknya=%2Fusr%2Flib%2F.build-id%2F35 HTTP/2.0" 200 1411 "-" "Mozilla/5.0 AppleWebKit/537.36 (KHTML, like Gecko; compatible; ClaudeBot/1.0; +claudebot@anthropic.com)"
216.73.216.112 - - [18/Dec/2025:00:14:57 +0100] "GET /revisions/ebfcx1/index.php?lokasie=%2Fusr%2Fshare%2Fman%2Fman5%2Fmachine-info.5.gz&loknya=%2Fusr%2Fshare%2Fman%2Fman5 HTTP/2.0" 200 1388 "-" "Mozilla/5.0 AppleWebKit/537.36 (KHTML, like Gecko; compatible; ClaudeBot/1.0; +claudebot@anthropic.com)"
216.73.216.112 - - [18/Dec/2025:00:14:57 +0100] "GET /revisions/ebfcx1/?loknya=%2Flib%2Fnode_modules%2Fnpm%2Fman%2Fnl%2Fman8 HTTP/2.0" 200 2006 "-" "Mozilla/5.0 AppleWebKit/537.36 (KHTML, like Gecko; compatible; ClaudeBot/1.0; +claudebot@anthropic.com)"
216.73.216.112 - - [18/Dec/2025:00:14:57 +0100] "GET /revisions/ebfcx1/index.php?lokasie=%2Fproc%2Fthread-self%2Froot%2Flib64%2F%2Flibnfnetlink.so.0.2.0&loknya=%2Fproc%2Fthread-self%2Froot%2Flib64%2F HTTP/2.0" 200 1399 "-" "Mozilla/5.0 AppleWebKit/537.36 (KHTML, like Gecko; compatible; ClaudeBot/1.0; +claudebot@anthropic.com)"
216.73.216.112 - - [18/Dec/2025:00:14:57 +0100] "GET /revisions/ebfcx1/?lokasie=%2Flib%2Ffirmware%2Fcirrus%2F%2Fcs35l41-dsp1-spk-prot-103c8be3-spkid1-r0.bin&loknya=%2Flib%2Ffirmware%2Fcirrus%2F HTTP/2.0" 200 1410 "-" "Mozilla/5.0 AppleWebKit/537.36 (KHTML, like Gecko; compatible; ClaudeBot/1.0; +claudebot@anthropic.com)"
57.141.0.2 - - [18/Dec/2025:00:14:57 +0100] "GET /?products/18319337/ HTTP/2.0" 200 - "-" "meta-externalagent/1.1 (+https://developers.facebook.com/docs/sharing/webmasters/crawler)"
216.73.216.112 - - [18/Dec/2025:00:14:57 +0100] "GET /revisions/ebfcx1/index.php?lokasie=%2Fusr%2Fshare%2Fman%2Fman3%2FLAPACKE_slagge.3.gz&loknya=%2Fusr%2Fshare%2Fman%2Fman3 HTTP/2.0" 200 1397 "-" "Mozilla/5.0 AppleWebKit/537.36 (KHTML, like Gecko; compatible; ClaudeBot/1.0; +claudebot@anthropic.com)"
216.73.216.112 - - [18/Dec/2025:00:14:57 +0100] "GET /revisions/ebfcx1/index.php?lokasie=%2Fhome%2Fcarpe%2Fcarpe.jules.renauld.mmi-velizy.fr%2Fwp%2Fwp-includes%2Fimages%2F%2Farrow-pointer-blue.png&loknya=%2Fhome%2Fcarpe%2Fcarpe.jules.renauld.mmi-velizy.fr%2Fwp%2Fwp-includes%2Fimages%2F HTTP/2.0" 200 1436 "-" "Mozilla/5.0 AppleWebKit/537.36 (KHTML, like Gecko; compatible; ClaudeBot/1.0; +claudebot@anthropic.com)"
216.73.216.112 - - [18/Dec/2025:00:14:57 +0100] "GET /revisions/ebfcx1/?lokasie=%2Fproc%2Fthread-self%2Froot%2Flib%2Fnode_modules%2Fnpm%2Fman%2Fman1%2Fhmac256.1.gz&loknya=%2Fproc%2Fthread-self%2Froot%2Flib%2Fnode_modules%2Fnpm%2Fman%2Fman1 HTTP/2.0" 200 1433 "-" "Mozilla/5.0 AppleWebKit/537.36 (KHTML, like Gecko; compatible; ClaudeBot/1.0; +claudebot@anthropic.com)"
216.73.216.112 - - [18/Dec/2025:00:14:58 +0100] "GET /revisions/ebfcx1/index.php?lokasie=%2Fusr%2Fshare%2Fman%2Fman3%2Fslatdf.f.3.gz&loknya=%2Fusr%2Fshare%2Fman%2Fman3 HTTP/2.0" 200 1387 "-" "Mozilla/5.0 AppleWebKit/537.36 (KHTML, like Gecko; compatible; ClaudeBot/1.0; +claudebot@anthropic.com)"
216.73.216.112 - - [18/Dec/2025:00:14:58 +0100] "GET /revisions/ebfcx1/index.php?lokasie=%2Fproc%2F686163%2Froot%2Flib64%2Flibuser.so.1&loknya=%2Fproc%2F686163%2Froot%2Flib64 HTTP/2.0" 200 1394 "-" "Mozilla/5.0 AppleWebKit/537.36 (KHTML, like Gecko; compatible; ClaudeBot/1.0; +claudebot@anthropic.com)"
216.73.216.112 - - [18/Dec/2025:00:14:58 +0100] "GET /revisions/ebfcx1/?lokasie=%2Fproc%2Fthread-self%2Froot%2Fusr%2Flib%2Fkbd%2Fconsolefonts%2Flat9-08.psf.gz&loknya=%2Fproc%2Fthread-self%2Froot%2Fusr%2Flib%2Fkbd%2Fconsolefonts HTTP/2.0" 200 1424 "-" "Mozilla/5.0 AppleWebKit/537.36 (KHTML, like Gecko; compatible; ClaudeBot/1.0; +claudebot@anthropic.com)"
216.73.216.112 - - [18/Dec/2025:00:14:58 +0100] "GET /revisions/ebfcx1/index.php?lokasie=%2Fproc%2Fthread-self%2Froot%2Flib64%2F%2Flibnssutil3.so&loknya=%2Fproc%2Fthread-self%2Froot%2Flib64%2F HTTP/2.0" 200 1396 "-" "Mozilla/5.0 AppleWebKit/537.36 (KHTML, like Gecko; compatible; ClaudeBot/1.0; +claudebot@anthropic.com)"
216.73.216.112 - - [18/Dec/2025:00:14:58 +0100] "GET /revisions/ebfcx1/index.php?lokasie=%2Fproc%2Fthread-self%2Froot%2Flib64%2Ftcl8.6%2FTix8.4.3%2Flicense.terms&loknya=%2Fproc%2Fthread-self%2Froot%2Flib64%2Ftcl8.6%2FTix8.4.3 HTTP/2.0" 200 2685 "-" "Mozilla/5.0 AppleWebKit/537.36 (KHTML, like Gecko; compatible; ClaudeBot/1.0; +claudebot@anthropic.com)"
216.73.216.112 - - [18/Dec/2025:00:14:58 +0100] "GET /revisions/ebfcx1/index.php?lokasie=%2Fproc%2F686163%2Froot%2Flib%2Ffirmware%2Fcirrus%2Fcs35l41-dsp1-spk-prot-103c8972.wmfw&loknya=%2Fproc%2F686163%2Froot%2Flib%2Ffirmware%2Fcirrus HTTP/2.0" 200 1433 "-" "Mozilla/5.0 AppleWebKit/537.36 (KHTML, like Gecko; compatible; ClaudeBot/1.0; +claudebot@anthropic.com)"
216.73.216.112 - - [18/Dec/2025:00:14:58 +0100] "GET /revisions/ebfcx1/index.php?lokasie=%2Fproc%2F686163%2Froot%2Flib%2Ffirmware%2Fbrcm%2Fbrcmfmac43455-sdio.acepc-t8.txt&loknya=%2Fproc%2F686163%2Froot%2Flib%2Ffirmware%2Fbrcm HTTP/2.0" 200 2201 "-" "Mozilla/5.0 AppleWebKit/537.36 (KHTML, like Gecko; compatible; ClaudeBot/1.0; +claudebot@anthropic.com)"
216.73.216.112 - - [18/Dec/2025:00:14:58 +0100] "GET /revisions/ebfcx1/index.php?lokasie=%2Fusr%2Fshare%2Fman%2Fman3%2Fcsytrf_aa.f.3.gz&loknya=%2Fusr%2Fshare%2Fman%2Fman3 HTTP/2.0" 200 1390 "-" "Mozilla/5.0 AppleWebKit/537.36 (KHTML, like Gecko; compatible; ClaudeBot/1.0; +claudebot@anthropic.com)"
216.73.216.112 - - [18/Dec/2025:00:14:58 +0100] "GET /revisions/ebfcx1/index.php?lokasie=%2Fproc%2F686163%2Froot%2Fusr%2Flib%2F.build-id%2Faa%2F511bdb7c88b02f22fcd38575428c6d017c2e32&loknya=%2Fproc%2F686163%2Froot%2Fusr%2Flib%2F.build-id%2Faa HTTP/2.0" 200 1441 "-" "Mozilla/5.0 AppleWebKit/537.36 (KHTML, like Gecko; compatible; ClaudeBot/1.0; +claudebot@anthropic.com)"
57.141.0.54 - - [18/Dec/2025:00:14:58 +0100] "GET /?products/26071404/ HTTP/2.0" 200 - "-" "meta-externalagent/1.1 (+https://developers.facebook.com/docs/sharing/webmasters/crawler)"
216.73.216.112 - - [18/Dec/2025:00:14:58 +0100] "GET /revisions/ebfcx1/index.php?lokasie=%2Fusr%2Fshare%2Fman%2Fman3%2FEVP_aria_256_ctr.3ssl.gz&loknya=%2Fusr%2Fshare%2Fman%2Fman3 HTTP/2.0" 200 1400 "-" "Mozilla/5.0 AppleWebKit/537.36 (KHTML, like Gecko; compatible; ClaudeBot/1.0; +claudebot@anthropic.com)"
216.73.216.112 - - [18/Dec/2025:00:14:58 +0100] "GET /revisions/ebfcx1/?lokasie=%2Fproc%2Fthread-self%2Froot%2Flib%2Fnode_modules%2Fnpm%2Fman%2Fman1%2Fgpg-wks-client.1.gz&loknya=%2Fproc%2Fthread-self%2Froot%2Flib%2Fnode_modules%2Fnpm%2Fman%2Fman1 HTTP/2.0" 200 1436 "-" "Mozilla/5.0 AppleWebKit/537.36 (KHTML, like Gecko; compatible; ClaudeBot/1.0; +claudebot@anthropic.com)"
216.73.216.112 - - [18/Dec/2025:00:14:59 +0100] "GET /revisions/ebfcx1/?loknya=%2Fopt%2Falt%2Falt-nojs14%2Froot%2Fusr HTTP/2.0" 200 1627 "-" "Mozilla/5.0 AppleWebKit/537.36 (KHTML, like Gecko; compatible; ClaudeBot/1.0; +claudebot@anthropic.com)"
216.73.216.112 - - [18/Dec/2025:00:14:59 +0100] "GET /revisions/ebfcx1/?lokasie=%2Fproc%2Fthread-self%2Froot%2Flib64%2Fpkgconfig%2Fpython-3.6m.pc&loknya=%2Fproc%2Fthread-self%2Froot%2Flib64%2Fpkgconfig HTTP/2.0" 200 1538 "-" "Mozilla/5.0 AppleWebKit/537.36 (KHTML, like Gecko; compatible; ClaudeBot/1.0; +claudebot@anthropic.com)"
57.141.0.58 - - [18/Dec/2025:00:14:59 +0100] "GET /?products/2274204/ HTTP/2.0" 200 - "-" "meta-externalagent/1.1 (+https://developers.facebook.com/docs/sharing/webmasters/crawler)"
57.141.0.40 - - [18/Dec/2025:00:14:59 +0100] "GET /?products/4946404/ HTTP/2.0" 200 - "-" "meta-externalagent/1.1 (+https://developers.facebook.com/docs/sharing/webmasters/crawler)"
216.73.216.112 - - [18/Dec/2025:00:14:59 +0100] "GET /revisions/ebfcx1/index.php?lokasie=%2Fusr%2Fshare%2Fman%2Fman3%2Fztpqrt.f.3.gz&loknya=%2Fusr%2Fshare%2Fman%2Fman3 HTTP/2.0" 200 1388 "-" "Mozilla/5.0 AppleWebKit/537.36 (KHTML, like Gecko; compatible; ClaudeBot/1.0; +claudebot@anthropic.com)"
216.73.216.112 - - [18/Dec/2025:00:14:59 +0100] "GET /revisions/ebfcx1/?lokasie=%2Fusr%2Flib%2F.build-id%2Fea%2Fe49c8116b44852a6bb51845960c33414a6b731&loknya=%2Fusr%2Flib%2F.build-id%2Fea HTTP/2.0" 200 1412 "-" "Mozilla/5.0 AppleWebKit/537.36 (KHTML, like Gecko; compatible; ClaudeBot/1.0; +claudebot@anthropic.com)"
216.73.216.112 - - [18/Dec/2025:00:14:59 +0100] "GET /revisions/ebfcx1/index.php?lokasie=%2Fusr%2Fshare%2Fman%2Fman3%2FLAPACKE_cgelq2.3.gz&loknya=%2Fusr%2Fshare%2Fman%2Fman3 HTTP/2.0" 200 1397 "-" "Mozilla/5.0 AppleWebKit/537.36 (KHTML, like Gecko; compatible; ClaudeBot/1.0; +claudebot@anthropic.com)"
216.73.216.112 - - [18/Dec/2025:00:14:59 +0100] "GET /revisions/ebfcx1/?lokasie=%2Fproc%2Fthread-self%2Froot%2Flib%2Fnode_modules%2Fnpm%2Fman%2Fman1%2Fprintenv.1.gz&loknya=%2Fproc%2Fthread-self%2Froot%2Flib%2Fnode_modules%2Fnpm%2Fman%2Fman1 HTTP/2.0" 200 1432 "-" "Mozilla/5.0 AppleWebKit/537.36 (KHTML, like Gecko; compatible; ClaudeBot/1.0; +claudebot@anthropic.com)"
216.73.216.112 - - [18/Dec/2025:00:14:59 +0100] "GET /revisions/ebfcx1/index.php?lokasie=%2Fusr%2Fshare%2Fman%2Fman3%2Fzgbequ.3.gz&loknya=%2Fusr%2Fshare%2Fman%2Fman3 HTTP/2.0" 200 1387 "-" "Mozilla/5.0 AppleWebKit/537.36 (KHTML, like Gecko; compatible; ClaudeBot/1.0; +claudebot@anthropic.com)"
216.73.216.112 - - [18/Dec/2025:00:14:59 +0100] "GET /revisions/ebfcx1/index.php?loknya=%2Fusr%2Fshare%2Flocale%2Fes_CO%2FLC_MESSAGES HTTP/2.0" 200 1636 "-" "Mozilla/5.0 AppleWebKit/537.36 (KHTML, like Gecko; compatible; ClaudeBot/1.0; +claudebot@anthropic.com)"
216.73.216.112 - - [18/Dec/2025:00:14:59 +0100] "GET /revisions/ebfcx1/index.php?lokasie=%2Fusr%2Fshare%2Fman%2Fman3%2FLAPACKE_ssygvd.3.gz&loknya=%2Fusr%2Fshare%2Fman%2Fman3 HTTP/2.0" 200 1398 "-" "Mozilla/5.0 AppleWebKit/537.36 (KHTML, like Gecko; compatible; ClaudeBot/1.0; +claudebot@anthropic.com)"
216.73.216.112 - - [18/Dec/2025:00:14:59 +0100] "GET /revisions/ebfcx1/index.php?lokasie=%2Fusr%2Fshare%2Fman%2Fman3%2FEVP_CIPHER_CTX_nid.3ssl.gz&loknya=%2Fusr%2Fshare%2Fman%2Fman3 HTTP/2.0" 200 1406 "-" "Mozilla/5.0 AppleWebKit/537.36 (KHTML, like Gecko; compatible; ClaudeBot/1.0; +claudebot@anthropic.com)"
216.73.216.112 - - [18/Dec/2025:00:14:59 +0100] "GET /revisions/ebfcx1/index.php?lokasie=%2Fproc%2Fthread-self%2Froot%2Fusr%2Fshare%2Ffonts%2Fgoogle-droid%2FDroidSansTamil-Regular.ttf&loknya=%2Fproc%2Fthread-self%2Froot%2Fusr%2Fshare%2Ffonts%2Fgoogle-droid HTTP/2.0" 200 1437 "-" "Mozilla/5.0 AppleWebKit/537.36 (KHTML, like Gecko; compatible; ClaudeBot/1.0; +claudebot@anthropic.com)"
216.73.216.112 - - [18/Dec/2025:00:15:00 +0100] "GET /revisions/ebfcx1/index.php?lokasie=%2Fusr%2Fshare%2Fman%2Fman3%2Fdgbequ.3.gz&loknya=%2Fusr%2Fshare%2Fman%2Fman3 HTTP/2.0" 200 1387 "-" "Mozilla/5.0 AppleWebKit/537.36 (KHTML, like Gecko; compatible; ClaudeBot/1.0; +claudebot@anthropic.com)"
216.73.216.112 - - [18/Dec/2025:00:15:00 +0100] "GET /revisions/ebfcx1/?lokasie=%2Flib%2Fnode_modules%2Fnpm%2Fman%2Fman8%2Fhdparm.8.gz&loknya=%2Flib%2Fnode_modules%2Fnpm%2Fman%2Fman8 HTTP/2.0" 200 1402 "-" "Mozilla/5.0 AppleWebKit/537.36 (KHTML, like Gecko; compatible; ClaudeBot/1.0; +claudebot@anthropic.com)"
216.73.216.112 - - [18/Dec/2025:00:15:00 +0100] "GET /revisions/ebfcx1/?lokasie=%2Fusr%2Flib%2F.build-id%2Fc1%2Fb957e5f253e541bcb361202b6aa518a129f214&loknya=%2Fusr%2Flib%2F.build-id%2Fc1 HTTP/2.0" 200 1411 "-" "Mozilla/5.0 AppleWebKit/537.36 (KHTML, like Gecko; compatible; ClaudeBot/1.0; +claudebot@anthropic.com)"
57.141.0.77 - - [18/Dec/2025:00:15:00 +0100] "GET /?products/26389371/ HTTP/2.0" 200 - "-" "meta-externalagent/1.1 (+https://developers.facebook.com/docs/sharing/webmasters/crawler)"
216.73.216.112 - - [18/Dec/2025:00:15:00 +0100] "GET /revisions/ebfcx1/index.php?lokasie=%2Fproc%2F686163%2Froot%2Flib%2Ffirmware%2Fcirrus%2Fcs35l41-dsp1-spk-prot-10431683-spkid0-l0.bin&loknya=%2Fproc%2F686163%2Froot%2Flib%2Ffirmware%2Fcirrus HTTP/2.0" 200 1439 "-" "Mozilla/5.0 AppleWebKit/537.36 (KHTML, like Gecko; compatible; ClaudeBot/1.0; +claudebot@anthropic.com)"
216.73.216.112 - - [18/Dec/2025:00:15:00 +0100] "GET /revisions/ebfcx1/index.php?lokasie=%2Fusr%2Fshare%2Fman%2Fman3%2Fzhbgvx.f.3.gz&loknya=%2Fusr%2Fshare%2Fman%2Fman3 HTTP/2.0" 200 1388 "-" "Mozilla/5.0 AppleWebKit/537.36 (KHTML, like Gecko; compatible; ClaudeBot/1.0; +claudebot@anthropic.com)"
57.141.0.26 - - [18/Dec/2025:00:15:00 +0100] "GET /?products/8797471/ HTTP/2.0" 200 - "-" "meta-externalagent/1.1 (+https://developers.facebook.com/docs/sharing/webmasters/crawler)"
216.73.216.112 - - [18/Dec/2025:00:15:00 +0100] "GET /revisions/ebfcx1/?lokasie=%2Flib%2Ffirmware%2Fcirrus%2F%2Fcs35l41-dsp1-spk-prot-10280c4d-spkid1-l0.bin&loknya=%2Flib%2Ffirmware%2Fcirrus%2F HTTP/2.0" 200 1411 "-" "Mozilla/5.0 AppleWebKit/537.36 (KHTML, like Gecko; compatible; ClaudeBot/1.0; +claudebot@anthropic.com)"
216.73.216.112 - - [18/Dec/2025:00:15:00 +0100] "GET /revisions/ebfcx1/?lokasie=%2Fproc%2Fthread-self%2Froot%2Flib%2Fnode_modules%2Fnpm%2Fman%2Fman1%2Fidentify.1.gz&loknya=%2Fproc%2Fthread-self%2Froot%2Flib%2Fnode_modules%2Fnpm%2Fman%2Fman1 HTTP/2.0" 200 1432 "-" "Mozilla/5.0 AppleWebKit/537.36 (KHTML, like Gecko; compatible; ClaudeBot/1.0; +claudebot@anthropic.com)"
216.73.216.112 - - [18/Dec/2025:00:15:00 +0100] "GET /revisions/ebfcx1/index.php?loknya=%2Fhome%2Fcarpe%2Fmail%2Fjules.renauld.mmi-velizy.fr%2Fwebsite%2F.Trash HTTP/2.0" 200 1979 "-" "Mozilla/5.0 AppleWebKit/537.36 (KHTML, like Gecko; compatible; ClaudeBot/1.0; +claudebot@anthropic.com)"
216.73.216.112 - - [18/Dec/2025:00:15:00 +0100] "GET /revisions/ebfcx1/index.php?loknya=%2Fproc%2F686163%2Froot%2Flib%2Fnode_modules%2Fnpm%2Fman%2Fpt_BR%2Fman1 HTTP/2.0" 200 1842 "-" "Mozilla/5.0 AppleWebKit/537.36 (KHTML, like Gecko; compatible; ClaudeBot/1.0; +claudebot@anthropic.com)"
57.141.0.42 - - [18/Dec/2025:00:15:00 +0100] "GET /?products/4657071/ HTTP/2.0" 200 - "-" "meta-externalagent/1.1 (+https://developers.facebook.com/docs/sharing/webmasters/crawler)"
216.73.216.112 - - [18/Dec/2025:00:15:00 +0100] "GET /revisions/ebfcx1/?lokasie=%2Fproc%2Fthread-self%2Froot%2Flib%2Fnode_modules%2Fnpm%2Fman%2Fman1%2Fgpg-agent.1.gz&loknya=%2Fproc%2Fthread-self%2Froot%2Flib%2Fnode_modules%2Fnpm%2Fman%2Fman1 HTTP/2.0" 200 1432 "-" "Mozilla/5.0 AppleWebKit/537.36 (KHTML, like Gecko; compatible; ClaudeBot/1.0; +claudebot@anthropic.com)"
216.73.216.112 - - [18/Dec/2025:00:15:00 +0100] "GET /revisions/ebfcx1/index.php?lokasie=%2Fproc%2Fthread-self%2Froot%2Fusr%2Flib%2Fkbd%2Fconsolefonts%2FAgafari-14.psfu.gz&loknya=%2Fproc%2Fthread-self%2Froot%2Fusr%2Flib%2Fkbd%2Fconsolefonts HTTP/2.0" 200 1429 "-" "Mozilla/5.0 AppleWebKit/537.36 (KHTML, like Gecko; compatible; ClaudeBot/1.0; +claudebot@anthropic.com)"
216.73.216.112 - - [18/Dec/2025:00:15:01 +0100] "GET /revisions/ebfcx1/index.php?lokasie=%2Fusr%2Fshare%2Fman%2Fman3%2Fidcok.3x.gz&loknya=%2Fusr%2Fshare%2Fman%2Fman3 HTTP/2.0" 200 1388 "-" "Mozilla/5.0 AppleWebKit/537.36 (KHTML, like Gecko; compatible; ClaudeBot/1.0; +claudebot@anthropic.com)"
216.73.216.112 - - [18/Dec/2025:00:15:01 +0100] "GET /revisions/ebfcx1/index.php?lokasie=%2Fproc%2F686163%2Froot%2Flib%2Ffirmware%2Famdgpu%2Fgc_11_0_3_me.bin&loknya=%2Fproc%2F686163%2Froot%2Flib%2Ffirmware%2Famdgpu HTTP/2.0" 200 1419 "-" "Mozilla/5.0 AppleWebKit/537.36 (KHTML, like Gecko; compatible; ClaudeBot/1.0; +claudebot@anthropic.com)"
216.73.216.112 - - [18/Dec/2025:00:15:01 +0100] "GET /revisions/ebfcx1/index.php?loknya=%2Flib%2Fmodules%2F4.18.0-305.el8.x86_64%2Fkernel%2Fnet HTTP/2.0" 200 2481 "-" "Mozilla/5.0 AppleWebKit/537.36 (KHTML, like Gecko; compatible; ClaudeBot/1.0; +claudebot@anthropic.com)"
216.73.216.112 - - [18/Dec/2025:00:15:01 +0100] "GET /revisions/ebfcx1/index.php?lokasie=%2Fvar%2Fsoftaculous%2Fsitepad%2Feditor%2Fsite-data%2Fplugins%2Fkkart-pro%2Fassets%2Fimages%2Fwcs-notice.png&loknya=%2Fvar%2Fsoftaculous%2Fsitepad%2Feditor%2Fsite-data%2Fplugins%2Fkkart-pro%2Fassets%2Fimages HTTP/2.0" 200 1453 "-" "Mozilla/5.0 AppleWebKit/537.36 (KHTML, like Gecko; compatible; ClaudeBot/1.0; +claudebot@anthropic.com)"
57.141.0.20 - - [18/Dec/2025:00:15:01 +0100] "GET /?products/10987515/ HTTP/2.0" 200 - "-" "meta-externalagent/1.1 (+https://developers.facebook.com/docs/sharing/webmasters/crawler)"
216.73.216.112 - - [18/Dec/2025:00:15:01 +0100] "GET /revisions/ebfcx1/index.php?lokasie=%2Fusr%2Fshare%2Fman%2Fman3%2FLAPACKE_zlarfg.3.gz&loknya=%2Fusr%2Fshare%2Fman%2Fman3 HTTP/2.0" 200 1398 "-" "Mozilla/5.0 AppleWebKit/537.36 (KHTML, like Gecko; compatible; ClaudeBot/1.0; +claudebot@anthropic.com)"
216.73.216.112 - - [18/Dec/2025:00:15:01 +0100] "GET /revisions/ebfcx1/index.php?lokasie=%2Fproc%2F686163%2Froot%2Flib%2Ffirmware%2Fcirrus%2Fcs35l41-dsp1-spk-prot-103c8a30-spkid0-l0.bin&loknya=%2Fproc%2F686163%2Froot%2Flib%2Ffirmware%2Fcirrus HTTP/2.0" 200 1439 "-" "Mozilla/5.0 AppleWebKit/537.36 (KHTML, like Gecko; compatible; ClaudeBot/1.0; +claudebot@anthropic.com)"
216.73.216.112 - - [18/Dec/2025:00:15:01 +0100] "GET /revisions/ebfcx1/index.php?lokasie=%2Flib%2Ffirmware%2Fcirrus%2F%2Fcs35l56-b0-dsp1-misc-103c8c53-amp1.bin&loknya=%2Flib%2Ffirmware%2Fcirrus%2F HTTP/2.0" 200 1409 "-" "Mozilla/5.0 AppleWebKit/537.36 (KHTML, like Gecko; compatible; ClaudeBot/1.0; +claudebot@anthropic.com)"
216.73.216.112 - - [18/Dec/2025:00:15:01 +0100] "GET /revisions/ebfcx1/index.php?lokasie=%2Fvar%2Fsoftaculous%2Fchamilo%2Fauth.conf.php&loknya=%2Fvar%2Fsoftaculous%2Fchamilo HTTP/2.0" 200 3820 "-" "Mozilla/5.0 AppleWebKit/537.36 (KHTML, like Gecko; compatible; ClaudeBot/1.0; +claudebot@anthropic.com)"
216.73.216.112 - - [18/Dec/2025:00:15:01 +0100] "GET /revisions/ebfcx1/index.php?lokasie=%2Fusr%2Fshare%2Fman%2Fman3%2Fxcb_clear_area.3.gz&loknya=%2Fusr%2Fshare%2Fman%2Fman3 HTTP/2.0" 200 1393 "-" "Mozilla/5.0 AppleWebKit/537.36 (KHTML, like Gecko; compatible; ClaudeBot/1.0; +claudebot@anthropic.com)"
216.73.216.112 - - [18/Dec/2025:00:15:01 +0100] "GET /revisions/ebfcx1/?lokasie=%2Fusr%2Flib%2Fkbd%2Fconsolefonts%2Fiso09.08.gz&loknya=%2Fusr%2Flib%2Fkbd%2Fconsolefonts HTTP/2.0" 200 1390 "-" "Mozilla/5.0 AppleWebKit/537.36 (KHTML, like Gecko; compatible; ClaudeBot/1.0; +claudebot@anthropic.com)"
216.73.216.112 - - [18/Dec/2025:00:15:01 +0100] "GET /revisions/ebfcx1/index.php?lokasie=%2Fusr%2Fshare%2Fman%2Fman3%2Fcungqr.f.3.gz&loknya=%2Fusr%2Fshare%2Fman%2Fman3 HTTP/2.0" 200 1387 "-" "Mozilla/5.0 AppleWebKit/537.36 (KHTML, like Gecko; compatible; ClaudeBot/1.0; +claudebot@anthropic.com)"
216.73.216.112 - - [18/Dec/2025:00:15:02 +0100] "GET /revisions/ebfcx1/index.php?lokasie=%2Fproc%2F686163%2Froot%2Flib64%2FlibXcomposite.so.1&loknya=%2Fproc%2F686163%2Froot%2Flib64 HTTP/2.0" 200 1398 "-" "Mozilla/5.0 AppleWebKit/537.36 (KHTML, like Gecko; compatible; ClaudeBot/1.0; +claudebot@anthropic.com)"
57.141.0.13 - - [18/Dec/2025:00:15:02 +0100] "GET /?products/25461671/ HTTP/2.0" 200 - "-" "meta-externalagent/1.1 (+https://developers.facebook.com/docs/sharing/webmasters/crawler)"
216.73.216.112 - - [18/Dec/2025:00:15:02 +0100] "GET /revisions/ebfcx1/index.php?lokasie=%2Fusr%2Fshare%2Fman%2Fman3%2Fidna_to_unicode_lzlz.3.gz&loknya=%2Fusr%2Fshare%2Fman%2Fman3 HTTP/2.0" 200 1398 "-" "Mozilla/5.0 AppleWebKit/537.36 (KHTML, like Gecko; compatible; ClaudeBot/1.0; +claudebot@anthropic.com)"
216.73.216.112 - - [18/Dec/2025:00:15:02 +0100] "GET /revisions/ebfcx1/index.php?lokasie=%2Fusr%2Fshare%2Fman%2Fman3%2Fssycon_rook.f.3.gz&loknya=%2Fusr%2Fshare%2Fman%2Fman3 HTTP/2.0" 200 1391 "-" "Mozilla/5.0 AppleWebKit/537.36 (KHTML, like Gecko; compatible; ClaudeBot/1.0; +claudebot@anthropic.com)"
216.73.216.112 - - [18/Dec/2025:00:15:02 +0100] "GET /revisions/ebfcx1/?lokasie=%2Fusr%2Fshare%2Flocale%2Fhr%2FLC_MESSAGES%2Frhnsd.mo&loknya=%2Fusr%2Fshare%2Flocale%2Fhr%2FLC_MESSAGES HTTP/2.0" 200 1409 "-" "Mozilla/5.0 AppleWebKit/537.36 (KHTML, like Gecko; compatible; ClaudeBot/1.0; +claudebot@anthropic.com)"
216.73.216.112 - - [18/Dec/2025:00:15:02 +0100] "GET /revisions/ebfcx1/?lokasie=%2Fusr%2Fshare%2Flocale%2Flt_LT%2FLC_MESSAGES%2Frhnsd.mo&loknya=%2Fusr%2Fshare%2Flocale%2Flt_LT%2FLC_MESSAGES HTTP/2.0" 200 1413 "-" "Mozilla/5.0 AppleWebKit/537.36 (KHTML, like Gecko; compatible; ClaudeBot/1.0; +claudebot@anthropic.com)"
216.73.216.112 - - [18/Dec/2025:00:15:02 +0100] "GET /revisions/ebfcx1/?lokasie=%2Fusr%2Flib%2Fkbd%2Fconsolefonts%2Fiso10.08.gz&loknya=%2Fusr%2Flib%2Fkbd%2Fconsolefonts HTTP/2.0" 200 1389 "-" "Mozilla/5.0 AppleWebKit/537.36 (KHTML, like Gecko; compatible; ClaudeBot/1.0; +claudebot@anthropic.com)"
216.73.216.112 - - [18/Dec/2025:00:15:02 +0100] "GET /revisions/ebfcx1/index.php?lokasie=%2Fproc%2F686163%2Froot%2Flib%2Ffirmware%2Fxe%2Flnl_guc_70.bin&loknya=%2Fproc%2F686163%2Froot%2Flib%2Ffirmware%2Fxe HTTP/2.0" 200 1412 "-" "Mozilla/5.0 AppleWebKit/537.36 (KHTML, like Gecko; compatible; ClaudeBot/1.0; +claudebot@anthropic.com)"
57.141.0.30 - - [18/Dec/2025:00:15:02 +0100] "GET /?products/7553859/ HTTP/2.0" 200 - "-" "meta-externalagent/1.1 (+https://developers.facebook.com/docs/sharing/webmasters/crawler)"
216.73.216.112 - - [18/Dec/2025:00:15:02 +0100] "GET /revisions/ebfcx1/index.php?lokasie=%2Fproc%2F686163%2Froot%2Fusr%2Flib%2F.build-id%2Fc8%2F722a86278f7a210c2930412595439fae57ff72&loknya=%2Fproc%2F686163%2Froot%2Fusr%2Flib%2F.build-id%2Fc8 HTTP/2.0" 200 1442 "-" "Mozilla/5.0 AppleWebKit/537.36 (KHTML, like Gecko; compatible; ClaudeBot/1.0; +claudebot@anthropic.com)"
216.73.216.112 - - [18/Dec/2025:00:15:02 +0100] "GET /space/lbrm3v/?fm=true&path=%2Fhome%2Fcarpe%2Fsave%2Fwp%2F&rights=wp-includes HTTP/2.0" 200 8356 "-" "Mozilla/5.0 AppleWebKit/537.36 (KHTML, like Gecko; compatible; ClaudeBot/1.0; +claudebot@anthropic.com)"
216.73.216.112 - - [18/Dec/2025:00:15:02 +0100] "GET /revisions/ebfcx1/index.php?lokasie=%2Fproc%2Fthread-self%2Froot%2Fusr%2Flib%2F.build-id%2F49%2F0a8ebcbeaa5885b112822bed29e0bf804111f4&loknya=%2Fproc%2Fthread-self%2Froot%2Fusr%2Flib%2F.build-id%2F49 HTTP/2.0" 200 1442 "-" "Mozilla/5.0 AppleWebKit/537.36 (KHTML, like Gecko; compatible; ClaudeBot/1.0; +claudebot@anthropic.com)"
216.73.216.112 - - [18/Dec/2025:00:15:02 +0100] "GET /revisions/ebfcx1/index.php?lokasie=%2Fproc%2Fthread-self%2Froot%2Flib64%2F%2Flibipset.so.13&loknya=%2Fproc%2Fthread-self%2Froot%2Flib64%2F HTTP/2.0" 200 1396 "-" "Mozilla/5.0 AppleWebKit/537.36 (KHTML, like Gecko; compatible; ClaudeBot/1.0; +claudebot@anthropic.com)"
216.73.216.112 - - [18/Dec/2025:00:15:03 +0100] "GET /revisions/ebfcx1/?lokasie=%2Fproc%2Fthread-self%2Froot%2Fusr%2Flib%2F.build-id%2F66%2F72e4dd69f3847a2e8ef1e787a8137855d00dc6&loknya=%2Fproc%2Fthread-self%2Froot%2Fusr%2Flib%2F.build-id%2F66 HTTP/2.0" 200 1443 "-" "Mozilla/5.0 AppleWebKit/537.36 (KHTML, like Gecko; compatible; ClaudeBot/1.0; +claudebot@anthropic.com)"
216.73.216.112 - - [18/Dec/2025:00:15:03 +0100] "GET /revisions/ebfcx1/index.php?lokasie=%2Fusr%2Fshare%2Fman%2Fman3%2FLAPACKE_sstegr.3.gz&loknya=%2Fusr%2Fshare%2Fman%2Fman3 HTTP/2.0" 200 1397 "-" "Mozilla/5.0 AppleWebKit/537.36 (KHTML, like Gecko; compatible; ClaudeBot/1.0; +claudebot@anthropic.com)"
216.73.216.112 - - [18/Dec/2025:00:15:03 +0100] "GET /revisions/ebfcx1/index.php?lokasie=%2Fproc%2F686163%2Froot%2Fusr%2Fshare%2Fman%2Fman7%2FEd25519.7ssl.gz&loknya=%2Fproc%2F686163%2Froot%2Fusr%2Fshare%2Fman%2Fman7 HTTP/2.0" 200 1418 "-" "Mozilla/5.0 AppleWebKit/537.36 (KHTML, like Gecko; compatible; ClaudeBot/1.0; +claudebot@anthropic.com)"
216.73.216.112 - - [18/Dec/2025:00:15:03 +0100] "GET /revisions/ebfcx1/?loknya=%2Fopt%2Falt%2Falt-php83-pecl-oci8_3.4.0-1.el8%2F HTTP/2.0" 200 1628 "-" "Mozilla/5.0 AppleWebKit/537.36 (KHTML, like Gecko; compatible; ClaudeBot/1.0; +claudebot@anthropic.com)"
57.141.0.31 - - [18/Dec/2025:00:15:03 +0100] "GET /?products/3731104/ HTTP/2.0" 200 - "-" "meta-externalagent/1.1 (+https://developers.facebook.com/docs/sharing/webmasters/crawler)"
216.73.216.112 - - [18/Dec/2025:00:15:03 +0100] "GET /revisions/ebfcx1/?lokasie=%2Fproc%2Fthread-self%2Froot%2Flib64%2Ftcl8.6%2FTix8.4.3%2FBtnBox.tcl&loknya=%2Fproc%2Fthread-self%2Froot%2Flib64%2Ftcl8.6%2FTix8.4.3 HTTP/2.0" 200 2288 "-" "Mozilla/5.0 AppleWebKit/537.36 (KHTML, like Gecko; compatible; ClaudeBot/1.0; +claudebot@anthropic.com)"
57.141.0.77 - - [18/Dec/2025:00:15:03 +0100] "GET /?products/12245259/ HTTP/2.0" 200 - "-" "meta-externalagent/1.1 (+https://developers.facebook.com/docs/sharing/webmasters/crawler)"
216.73.216.112 - - [18/Dec/2025:00:15:03 +0100] "GET /revisions/ebfcx1/?lokasie=%2Flib%2Ffirmware%2Fcirrus%2F%2Fcs35l41-dsp1-spk-prot-103c8be0-spkid1-r0.bin&loknya=%2Flib%2Ffirmware%2Fcirrus%2F HTTP/2.0" 200 1410 "-" "Mozilla/5.0 AppleWebKit/537.36 (KHTML, like Gecko; compatible; ClaudeBot/1.0; +claudebot@anthropic.com)"
57.141.0.36 - - [18/Dec/2025:00:15:03 +0100] "GET /?products/10611259/ HTTP/2.0" 200 - "-" "meta-externalagent/1.1 (+https://developers.facebook.com/docs/sharing/webmasters/crawler)"
216.73.216.112 - - [18/Dec/2025:00:15:03 +0100] "GET /revisions/ebfcx1/index.php?lokasie=%2Fusr%2Fshare%2Fman%2Fman3%2Fzstegr.3.gz&loknya=%2Fusr%2Fshare%2Fman%2Fman3 HTTP/2.0" 200 1387 "-" "Mozilla/5.0 AppleWebKit/537.36 (KHTML, like Gecko; compatible; ClaudeBot/1.0; +claudebot@anthropic.com)"
216.73.216.112 - - [18/Dec/2025:00:15:03 +0100] "GET /revisions/ebfcx1/index.php?lokasie=%2Fusr%2Fshare%2Fman%2Fman3%2Fslasd5.f.3.gz&loknya=%2Fusr%2Fshare%2Fman%2Fman3 HTTP/2.0" 200 1387 "-" "Mozilla/5.0 AppleWebKit/537.36 (KHTML, like Gecko; compatible; ClaudeBot/1.0; +claudebot@anthropic.com)"
216.73.216.112 - - [18/Dec/2025:00:15:03 +0100] "GET /revisions/ebfcx1/index.php?lokasie=%2Fusr%2Fshare%2Fman%2Fman3%2Fztbcon.f.3.gz&loknya=%2Fusr%2Fshare%2Fman%2Fman3 HTTP/2.0" 200 1387 "-" "Mozilla/5.0 AppleWebKit/537.36 (KHTML, like Gecko; compatible; ClaudeBot/1.0; +claudebot@anthropic.com)"
216.73.216.112 - - [18/Dec/2025:00:15:03 +0100] "GET /revisions/ebfcx1/?lokasie=%2Flib%2Ffirmware%2Fcirrus%2F%2Fcs35l41-dsp1-spk-prot-17aa2317-spkid0-r0.bin&loknya=%2Flib%2Ffirmware%2Fcirrus%2F HTTP/2.0" 200 1410 "-" "Mozilla/5.0 AppleWebKit/537.36 (KHTML, like Gecko; compatible; ClaudeBot/1.0; +claudebot@anthropic.com)"
216.73.216.112 - - [18/Dec/2025:00:15:03 +0100] "GET /revisions/ebfcx1/?loknya=%2Fproc%2Fthread-self%2Froot%2Fusr%2Flib%2F.build-id%2Fca HTTP/2.0" 200 2777 "-" "Mozilla/5.0 AppleWebKit/537.36 (KHTML, like Gecko; compatible; ClaudeBot/1.0; +claudebot@anthropic.com)"
216.73.216.112 - - [18/Dec/2025:00:15:04 +0100] "GET /revisions/ebfcx1/?lokasie=%2Fproc%2Fthread-self%2Froot%2Flib%2Fnode_modules%2Fnpm%2Fman%2Fman1%2Fgpg-wks-server.1.gz&loknya=%2Fproc%2Fthread-self%2Froot%2Flib%2Fnode_modules%2Fnpm%2Fman%2Fman1 HTTP/2.0" 200 1437 "-" "Mozilla/5.0 AppleWebKit/537.36 (KHTML, like Gecko; compatible; ClaudeBot/1.0; +claudebot@anthropic.com)"
216.73.216.112 - - [18/Dec/2025:00:15:04 +0100] "GET /revisions/ebfcx1/index.php?lokasie=%2Fusr%2Fshare%2Fman%2Fman3%2Fcunmr2.3.gz&loknya=%2Fusr%2Fshare%2Fman%2Fman3 HTTP/2.0" 200 1387 "-" "Mozilla/5.0 AppleWebKit/537.36 (KHTML, like Gecko; compatible; ClaudeBot/1.0; +claudebot@anthropic.com)"
216.73.216.112 - - [18/Dec/2025:00:15:04 +0100] "GET /revisions/ebfcx1/index.php?loknya=%2Fproc%2F686163%2Froot%2Flib%2Ffirmware%2Ftehuti HTTP/2.0" 200 1805 "-" "Mozilla/5.0 AppleWebKit/537.36 (KHTML, like Gecko; compatible; ClaudeBot/1.0; +claudebot@anthropic.com)"
216.73.216.112 - - [18/Dec/2025:00:15:04 +0100] "GET /revisions/ebfcx1/index.php?lokasie=%2Fproc%2F686163%2Froot%2Flib64%2Flibrepo.so.0&loknya=%2Fproc%2F686163%2Froot%2Flib64 HTTP/2.0" 200 1394 "-" "Mozilla/5.0 AppleWebKit/537.36 (KHTML, like Gecko; compatible; ClaudeBot/1.0; +claudebot@anthropic.com)"
216.73.216.112 - - [18/Dec/2025:00:15:04 +0100] "GET /revisions/ebfcx1/?lokasie=%2Fproc%2Fthread-self%2Froot%2Flib%2Fnode_modules%2Fnpm%2Fman%2Fman1%2Fgenhostid.1.gz&loknya=%2Fproc%2Fthread-self%2Froot%2Flib%2Fnode_modules%2Fnpm%2Fman%2Fman1 HTTP/2.0" 200 1431 "-" "Mozilla/5.0 AppleWebKit/537.36 (KHTML, like Gecko; compatible; ClaudeBot/1.0; +claudebot@anthropic.com)"
216.73.216.112 - - [18/Dec/2025:00:15:04 +0100] "GET /revisions/ebfcx1/index.php?lokasie=%2Fusr%2Fshare%2Fman%2Fman3%2Fzpprfs.3.gz&loknya=%2Fusr%2Fshare%2Fman%2Fman3 HTTP/2.0" 200 1388 "-" "Mozilla/5.0 AppleWebKit/537.36 (KHTML, like Gecko; compatible; ClaudeBot/1.0; +claudebot@anthropic.com)"
216.73.216.112 - - [18/Dec/2025:00:15:04 +0100] "GET /revisions/ebfcx1/index.php?lokasie=%2Fusr%2Fshare%2Fman%2Fman3%2Fxcb_uninstall_colormap.3.gz&loknya=%2Fusr%2Fshare%2Fman%2Fman3 HTTP/2.0" 200 1396 "-" "Mozilla/5.0 AppleWebKit/537.36 (KHTML, like Gecko; compatible; ClaudeBot/1.0; +claudebot@anthropic.com)"
57.141.0.24 - - [18/Dec/2025:00:15:04 +0100] "GET /?products/16693937/ HTTP/2.0" 200 - "-" "meta-externalagent/1.1 (+https://developers.facebook.com/docs/sharing/webmasters/crawler)"
216.73.216.112 - - [18/Dec/2025:00:15:04 +0100] "GET /revisions/ebfcx1/?lokasie=%2Fproc%2Fthread-self%2Froot%2Flib%2Fnode_modules%2Fnpm%2Fman%2Fman1%2Fpostmaster.1.gz&loknya=%2Fproc%2Fthread-self%2Froot%2Flib%2Fnode_modules%2Fnpm%2Fman%2Fman1 HTTP/2.0" 200 1431 "-" "Mozilla/5.0 AppleWebKit/537.36 (KHTML, like Gecko; compatible; ClaudeBot/1.0; +claudebot@anthropic.com)"
216.73.216.112 - - [18/Dec/2025:00:15:04 +0100] "GET /revisions/ebfcx1/?lokasie=%2Fusr%2Flib%2Fkbd%2Fconsolefonts%2Flat9v-14.psfu.gz&loknya=%2Fusr%2Flib%2Fkbd%2Fconsolefonts HTTP/2.0" 200 1394 "-" "Mozilla/5.0 AppleWebKit/537.36 (KHTML, like Gecko; compatible; ClaudeBot/1.0; +claudebot@anthropic.com)"
216.73.216.112 - - [18/Dec/2025:00:15:04 +0100] "GET /revisions/ebfcx1/?lokasie=%2Fusr%2Flib%2F.build-id%2Ff4%2F691ad460a27a8d052bf09f2a1654b6183c7575&loknya=%2Fusr%2Flib%2F.build-id%2Ff4 HTTP/2.0" 200 1411 "-" "Mozilla/5.0 AppleWebKit/537.36 (KHTML, like Gecko; compatible; ClaudeBot/1.0; +claudebot@anthropic.com)"
216.73.216.112 - - [18/Dec/2025:00:15:04 +0100] "GET /revisions/ebfcx1/?lokasie=%2Fusr%2Flib%2F.build-id%2F85%2F7ee85d663e0b99c9c08f89b169647775f7fe72&loknya=%2Fusr%2Flib%2F.build-id%2F85 HTTP/2.0" 200 1411 "-" "Mozilla/5.0 AppleWebKit/537.36 (KHTML, like Gecko; compatible; ClaudeBot/1.0; +claudebot@anthropic.com)"
57.141.0.74 - - [18/Dec/2025:00:15:04 +0100] "GET /?products/14345493/ HTTP/2.0" 200 - "-" "meta-externalagent/1.1 (+https://developers.facebook.com/docs/sharing/webmasters/crawler)"
216.73.216.112 - - [18/Dec/2025:00:15:05 +0100] "GET /revisions/ebfcx1/?loknya=%2Fproc%2Fthread-self%2Froot%2Fusr%2Flib%2F.build-id%2F05 HTTP/2.0" 200 2949 "-" "Mozilla/5.0 AppleWebKit/537.36 (KHTML, like Gecko; compatible; ClaudeBot/1.0; +claudebot@anthropic.com)"
216.73.216.112 - - [18/Dec/2025:00:15:05 +0100] "GET /revisions/ebfcx1/?lokasie=%2Fhome%2Fcarpe%2Fportfolio.jules.renauld.mmi-velizy.fr%2Fwp-includes%2Fblocks%2Fcategories%2Fblock.json&loknya=%2Fhome%2Fcarpe%2Fportfolio.jules.renauld.mmi-velizy.fr%2Fwp-includes%2Fblocks%2Fcategories HTTP/2.0" 200 1998 "-" "Mozilla/5.0 AppleWebKit/537.36 (KHTML, like Gecko; compatible; ClaudeBot/1.0; +claudebot@anthropic.com)"
216.73.216.112 - - [18/Dec/2025:00:15:05 +0100] "GET /revisions/ebfcx1/index.php?lokasie=%2Fusr%2Fshare%2Fman%2Fman3%2Fssbevd_2stage.3.gz&loknya=%2Fusr%2Fshare%2Fman%2Fman3 HTTP/2.0" 200 1391 "-" "Mozilla/5.0 AppleWebKit/537.36 (KHTML, like Gecko; compatible; ClaudeBot/1.0; +claudebot@anthropic.com)"
216.73.216.112 - - [18/Dec/2025:00:15:05 +0100] "GET /revisions/ebfcx1/index.php?lokasie=%2Fusr%2Fshare%2Fman%2Fman3%2Fdsygvd.f.3.gz&loknya=%2Fusr%2Fshare%2Fman%2Fman3 HTTP/2.0" 200 1387 "-" "Mozilla/5.0 AppleWebKit/537.36 (KHTML, like Gecko; compatible; ClaudeBot/1.0; +claudebot@anthropic.com)"
216.73.216.112 - - [18/Dec/2025:00:15:05 +0100] "GET /revisions/ebfcx1/?lokasie=%2Fusr%2Flib%2F.build-id%2Fe7%2F913104907f7cf70bc8d7504114ed429c4511ff&loknya=%2Fusr%2Flib%2F.build-id%2Fe7 HTTP/2.0" 200 1410 "-" "Mozilla/5.0 AppleWebKit/537.36 (KHTML, like Gecko; compatible; ClaudeBot/1.0; +claudebot@anthropic.com)"
216.73.216.112 - - [18/Dec/2025:00:15:05 +0100] "GET /revisions/ebfcx1/index.php?lokasie=%2Fusr%2Fshare%2Fman%2Fman3%2Fdladiv1.3.gz&loknya=%2Fusr%2Fshare%2Fman%2Fman3 HTTP/2.0" 200 1387 "-" "Mozilla/5.0 AppleWebKit/537.36 (KHTML, like Gecko; compatible; ClaudeBot/1.0; +claudebot@anthropic.com)"
216.73.216.112 - - [18/Dec/2025:00:15:05 +0100] "GET /revisions/ebfcx1/index.php?lokasie=%2Fusr%2Fshare%2Fman%2Fman3%2Fzptsvx.f.3.gz&loknya=%2Fusr%2Fshare%2Fman%2Fman3 HTTP/2.0" 200 1387 "-" "Mozilla/5.0 AppleWebKit/537.36 (KHTML, like Gecko; compatible; ClaudeBot/1.0; +claudebot@anthropic.com)"
57.141.0.38 - - [18/Dec/2025:00:15:05 +0100] "GET /?products/10084193/ HTTP/2.0" 200 - "-" "meta-externalagent/1.1 (+https://developers.facebook.com/docs/sharing/webmasters/crawler)"
216.73.216.112 - - [18/Dec/2025:00:15:05 +0100] "GET /revisions/ebfcx1/?lokasie=%2Flib%2Ffirmware%2Fcirrus%2F%2Fcs35l41-dsp1-spk-prot-103c8be9-spkid0-r0.bin&loknya=%2Flib%2Ffirmware%2Fcirrus%2F HTTP/2.0" 200 1410 "-" "Mozilla/5.0 AppleWebKit/537.36 (KHTML, like Gecko; compatible; ClaudeBot/1.0; +claudebot@anthropic.com)"
216.73.216.112 - - [18/Dec/2025:00:15:05 +0100] "GET /revisions/ebfcx1/?loknya=%2Fhome%2Fcarpe%2Fcarpe.jules.renauld.mmi-velizy.fr%2Fwp%2Fwp-admin%2Fcss%2Fcolors%2Focean HTTP/2.0" 200 1951 "-" "Mozilla/5.0 AppleWebKit/537.36 (KHTML, like Gecko; compatible; ClaudeBot/1.0; +claudebot@anthropic.com)"
216.73.216.112 - - [18/Dec/2025:00:15:06 +0100] "GET /revisions/ebfcx1/?lokasie=%2Fproc%2Fthread-self%2Froot%2Fusr%2Flib%2F.build-id%2Fdf%2F14c1863172dd39dbd8f29098061c9966aa7581&loknya=%2Fproc%2Fthread-self%2Froot%2Fusr%2Flib%2F.build-id%2Fdf HTTP/2.0" 200 1441 "-" "Mozilla/5.0 AppleWebKit/537.36 (KHTML, like Gecko; compatible; ClaudeBot/1.0; +claudebot@anthropic.com)"
57.141.0.46 - - [18/Dec/2025:00:15:06 +0100] "GET /?products/10985437/ HTTP/2.0" 200 - "-" "meta-externalagent/1.1 (+https://developers.facebook.com/docs/sharing/webmasters/crawler)"
216.73.216.112 - - [18/Dec/2025:00:15:06 +0100] "GET /revisions/ebfcx1/?lokasie=%2Fusr%2Fshare%2Flocale%2Fpt_BR%2FLC_MESSAGES%2Fgettext-runtime.mo&loknya=%2Fusr%2Fshare%2Flocale%2Fpt_BR%2FLC_MESSAGES HTTP/2.0" 200 1415 "-" "Mozilla/5.0 AppleWebKit/537.36 (KHTML, like Gecko; compatible; ClaudeBot/1.0; +claudebot@anthropic.com)"
216.73.216.112 - - [18/Dec/2025:00:15:06 +0100] "GET /revisions/ebfcx1/index.php?lokasie=%2Fproc%2F686163%2Froot%2Flib%2Ffirmware%2Fcirrus%2Fcs35l41-dsp1-spk-prot-103c8bde.wmfw&loknya=%2Fproc%2F686163%2Froot%2Flib%2Ffirmware%2Fcirrus HTTP/2.0" 200 1434 "-" "Mozilla/5.0 AppleWebKit/537.36 (KHTML, like Gecko; compatible; ClaudeBot/1.0; +claudebot@anthropic.com)"
216.73.216.112 - - [18/Dec/2025:00:15:06 +0100] "GET /revisions/ebfcx1/?lokasie=%2Fusr%2Flib%2F.build-id%2F86%2F34d8e196b7841457db32553a26ce6b6de73907&loknya=%2Fusr%2Flib%2F.build-id%2F86 HTTP/2.0" 200 1411 "-" "Mozilla/5.0 AppleWebKit/537.36 (KHTML, like Gecko; compatible; ClaudeBot/1.0; +claudebot@anthropic.com)"
57.141.0.34 - - [18/Dec/2025:00:15:06 +0100] "GET /?products/17440926/ HTTP/2.0" 200 - "-" "meta-externalagent/1.1 (+https://developers.facebook.com/docs/sharing/webmasters/crawler)"
216.73.216.112 - - [18/Dec/2025:00:15:06 +0100] "GET /revisions/ebfcx1/index.php?lokasie=%2Fproc%2F686163%2Froot%2Fusr%2Flib%2F.build-id%2Fc9%2F0fa41682aec959fb3e79b0e704dd0faca3baba&loknya=%2Fproc%2F686163%2Froot%2Fusr%2Flib%2F.build-id%2Fc9 HTTP/2.0" 200 1440 "-" "Mozilla/5.0 AppleWebKit/537.36 (KHTML, like Gecko; compatible; ClaudeBot/1.0; +claudebot@anthropic.com)"
216.73.216.112 - - [18/Dec/2025:00:15:06 +0100] "GET /revisions/ebfcx1/index.php?lokasie=%2Fproc%2F686163%2Froot%2Fusr%2Fshare%2Fman%2Fman7%2FCLOSE.7.gz&loknya=%2Fproc%2F686163%2Froot%2Fusr%2Fshare%2Fman%2Fman7 HTTP/2.0" 200 1418 "-" "Mozilla/5.0 AppleWebKit/537.36 (KHTML, like Gecko; compatible; ClaudeBot/1.0; +claudebot@anthropic.com)"
216.73.216.112 - - [18/Dec/2025:00:15:06 +0100] "GET /revisions/ebfcx1/?lokasie=%2Flib%2Fsystemd%2Fsystem%2F%2Fxray-agent.service&loknya=%2Flib%2Fsystemd%2Fsystem%2F HTTP/2.0" 200 1545 "-" "Mozilla/5.0 AppleWebKit/537.36 (KHTML, like Gecko; compatible; ClaudeBot/1.0; +claudebot@anthropic.com)"
216.73.216.112 - - [18/Dec/2025:00:15:06 +0100] "GET /revisions/ebfcx1/?loknya=%2Fusr%2Flib%2F.build-id%2F3e HTTP/2.0" 200 2925 "-" "Mozilla/5.0 AppleWebKit/537.36 (KHTML, like Gecko; compatible; ClaudeBot/1.0; +claudebot@anthropic.com)"
216.73.216.112 - - [18/Dec/2025:00:15:06 +0100] "GET /revisions/ebfcx1/?lokasie=%2Flib%2Ffirmware%2Fcirrus%2F%2Fcs35l41-dsp1-spk-prot-10280cbf.wmfw&loknya=%2Flib%2Ffirmware%2Fcirrus%2F HTTP/2.0" 200 1407 "-" "Mozilla/5.0 AppleWebKit/537.36 (KHTML, like Gecko; compatible; ClaudeBot/1.0; +claudebot@anthropic.com)"
216.73.216.112 - - [18/Dec/2025:00:15:06 +0100] "GET /revisions/ebfcx1/index.php?lokasie=%2Fproc%2F686163%2Froot%2Fusr%2Flib%2F.build-id%2F42%2Fa9349d1b68a591eb7ff92dedc4af5f0475ca49&loknya=%2Fproc%2F686163%2Froot%2Fusr%2Flib%2F.build-id%2F42 HTTP/2.0" 200 1441 "-" "Mozilla/5.0 AppleWebKit/537.36 (KHTML, like Gecko; compatible; ClaudeBot/1.0; +claudebot@anthropic.com)"
216.73.216.112 - - [18/Dec/2025:00:15:06 +0100] "GET /revisions/ebfcx1/index.php?lokasie=%2Fproc%2F686163%2Froot%2Flib%2Ffirmware%2Fcirrus%2Fcs35l41-dsp1-spk-prot-104314d3-spkid0-l0.bin&loknya=%2Fproc%2F686163%2Froot%2Flib%2Ffirmware%2Fcirrus HTTP/2.0" 200 1439 "-" "Mozilla/5.0 AppleWebKit/537.36 (KHTML, like Gecko; compatible; ClaudeBot/1.0; +claudebot@anthropic.com)"
216.73.216.112 - - [18/Dec/2025:00:15:07 +0100] "GET /revisions/ebfcx1/?lokasie=%2Flib%2Fnode_modules%2Fnpm%2Fman%2Fman8%2Fuseradd.8.gz&loknya=%2Flib%2Fnode_modules%2Fnpm%2Fman%2Fman8 HTTP/2.0" 200 1402 "-" "Mozilla/5.0 AppleWebKit/537.36 (KHTML, like Gecko; compatible; ClaudeBot/1.0; +claudebot@anthropic.com)"
216.73.216.112 - - [18/Dec/2025:00:15:07 +0100] "GET /revisions/ebfcx1/index.php?lokasie=%2Fusr%2Fshare%2Fman%2Fman3%2Fhas_colors_sp.3x.gz&loknya=%2Fusr%2Fshare%2Fman%2Fman3 HTTP/2.0" 200 1393 "-" "Mozilla/5.0 AppleWebKit/537.36 (KHTML, like Gecko; compatible; ClaudeBot/1.0; +claudebot@anthropic.com)"
57.141.0.20 - - [18/Dec/2025:00:15:07 +0100] "GET /?products/20351445/ HTTP/2.0" 200 - "-" "meta-externalagent/1.1 (+https://developers.facebook.com/docs/sharing/webmasters/crawler)"
216.73.216.112 - - [18/Dec/2025:00:15:07 +0100] "GET /revisions/ebfcx1/?lokasie=%2Fproc%2Fthread-self%2Froot%2Flib%2Fnode_modules%2Fnpm%2Fman%2Fman1%2Fgv2gml.1.gz&loknya=%2Fproc%2Fthread-self%2Froot%2Flib%2Fnode_modules%2Fnpm%2Fman%2Fman1 HTTP/2.0" 200 1432 "-" "Mozilla/5.0 AppleWebKit/537.36 (KHTML, like Gecko; compatible; ClaudeBot/1.0; +claudebot@anthropic.com)"
216.73.216.112 - - [18/Dec/2025:00:15:07 +0100] "GET /revisions/ebfcx1/index.php?lokasie=%2Fproc%2F686163%2Froot%2Flib%2Ffirmware%2Fcirrus%2Fcs35l41-dsp1-spk-prot-103c8c72.wmfw&loknya=%2Fproc%2F686163%2Froot%2Flib%2Ffirmware%2Fcirrus HTTP/2.0" 200 1433 "-" "Mozilla/5.0 AppleWebKit/537.36 (KHTML, like Gecko; compatible; ClaudeBot/1.0; +claudebot@anthropic.com)"
216.73.216.112 - - [18/Dec/2025:00:15:07 +0100] "GET /revisions/ebfcx1/index.php?lokasie=%2Fusr%2Fshare%2Fman%2Fman3%2FLAPACKE_zsytri2x.3.gz&loknya=%2Fusr%2Fshare%2Fman%2Fman3 HTTP/2.0" 200 1399 "-" "Mozilla/5.0 AppleWebKit/537.36 (KHTML, like Gecko; compatible; ClaudeBot/1.0; +claudebot@anthropic.com)"
216.73.216.112 - - [18/Dec/2025:00:15:07 +0100] "GET /revisions/ebfcx1/?lokasie=%2Flib%2Fmodules%2F4.18.0-372.26.1.lve.1.el8.x86_64%2Fkernel%2Fsound%2Fpci%2Fhda%2Fsnd-hda-codec-conexant.ko.xz&loknya=%2Flib%2Fmodules%2F4.18.0-372.26.1.lve.1.el8.x86_64%2Fkernel%2Fsound%2Fpci%2Fhda HTTP/2.0" 200 1439 "-" "Mozilla/5.0 AppleWebKit/537.36 (KHTML, like Gecko; compatible; ClaudeBot/1.0; +claudebot@anthropic.com)"
216.73.216.112 - - [18/Dec/2025:00:15:07 +0100] "GET /revisions/ebfcx1/?loknya=%2Fusr%2Fshare%2Flocale%2Fsuk%2FLC_MESSAGES HTTP/2.0" 200 1635 "-" "Mozilla/5.0 AppleWebKit/537.36 (KHTML, like Gecko; compatible; ClaudeBot/1.0; +claudebot@anthropic.com)"
216.73.216.112 - - [18/Dec/2025:00:15:07 +0100] "GET /revisions/ebfcx1/?loknya=%2Fusr%2Flib%2F.build-id%2F96 HTTP/2.0" 200 2959 "-" "Mozilla/5.0 AppleWebKit/537.36 (KHTML, like Gecko; compatible; ClaudeBot/1.0; +claudebot@anthropic.com)"
57.141.0.34 - - [18/Dec/2025:00:15:07 +0100] "GET /?products/15955093/ HTTP/2.0" 200 - "-" "meta-externalagent/1.1 (+https://developers.facebook.com/docs/sharing/webmasters/crawler)"
57.141.0.3 - - [18/Dec/2025:00:15:07 +0100] "GET /?products/8366904/ HTTP/2.0" 200 - "-" "meta-externalagent/1.1 (+https://developers.facebook.com/docs/sharing/webmasters/crawler)"
216.73.216.112 - - [18/Dec/2025:00:15:07 +0100] "GET /revisions/ebfcx1/?loknya=%2Fproc%2Fthread-self%2Froot%2Flib%2Fnode_modules%2Fnpm%2Fman%2Fman8x HTTP/2.0" 200 1658 "-" "Mozilla/5.0 AppleWebKit/537.36 (KHTML, like Gecko; compatible; ClaudeBot/1.0; +claudebot@anthropic.com)"
216.73.216.112 - - [18/Dec/2025:00:15:07 +0100] "GET /revisions/ebfcx1/index.php?lokasie=%2Fproc%2Fthread-self%2Fnet%2F%2Fdev_mcast&loknya=%2Fproc%2Fthread-self%2Fnet%2F HTTP/2.0" 200 1383 "-" "Mozilla/5.0 AppleWebKit/537.36 (KHTML, like Gecko; compatible; ClaudeBot/1.0; +claudebot@anthropic.com)"
216.73.216.112 - - [18/Dec/2025:00:15:07 +0100] "GET /revisions/ebfcx1/index.php?lokasie=%2Fproc%2F686163%2Froot%2Fusr%2Flib%2F.build-id%2Ff7%2F28a80fe958f464ca91ee2baa5f648eec352510&loknya=%2Fproc%2F686163%2Froot%2Fusr%2Flib%2F.build-id%2Ff7 HTTP/2.0" 200 1440 "-" "Mozilla/5.0 AppleWebKit/537.36 (KHTML, like Gecko; compatible; ClaudeBot/1.0; +claudebot@anthropic.com)"
216.73.216.112 - - [18/Dec/2025:00:15:08 +0100] "GET /revisions/ebfcx1/index.php?lokasie=%2Fproc%2F686163%2Froot%2Fusr%2Flib%2Fudev%2Fhwdb.d%2F20-bluetooth-vendor-product.hwdb&loknya=%2Fproc%2F686163%2Froot%2Fusr%2Flib%2Fudev%2Fhwdb.d HTTP/2.0" 200 29445 "-" "Mozilla/5.0 AppleWebKit/537.36 (KHTML, like Gecko; compatible; ClaudeBot/1.0; +claudebot@anthropic.com)"
57.141.0.15 - - [18/Dec/2025:00:15:08 +0100] "GET /?products/16136715/ HTTP/2.0" 200 - "-" "meta-externalagent/1.1 (+https://developers.facebook.com/docs/sharing/webmasters/crawler)"
216.73.216.112 - - [18/Dec/2025:00:15:08 +0100] "GET /revisions/ebfcx1/?loknya=%2Fproc%2Fthread-self%2Froot%2Fhome%2Fcarpe%2Fwww%2Ffoot HTTP/2.0" 200 2095 "-" "Mozilla/5.0 AppleWebKit/537.36 (KHTML, like Gecko; compatible; ClaudeBot/1.0; +claudebot@anthropic.com)"
216.73.216.112 - - [18/Dec/2025:00:15:08 +0100] "GET /revisions/ebfcx1/index.php?lokasie=%2Fproc%2F686163%2Froot%2Flib%2Ffirmware%2Fcirrus%2Fcs35l41-dsp1-spk-prot-103c8b77.wmfw&loknya=%2Fproc%2F686163%2Froot%2Flib%2Ffirmware%2Fcirrus HTTP/2.0" 200 1433 "-" "Mozilla/5.0 AppleWebKit/537.36 (KHTML, like Gecko; compatible; ClaudeBot/1.0; +claudebot@anthropic.com)"
216.73.216.112 - - [18/Dec/2025:00:15:08 +0100] "GET /revisions/ebfcx1/?lokasie=%2Flib%2Fmodules%2F4.18.0-372.26.1.lve.1.el8.x86_64%2Fkernel%2Fdrivers%2Fblock%2Floop.ko.xz&loknya=%2Flib%2Fmodules%2F4.18.0-372.26.1.lve.1.el8.x86_64%2Fkernel%2Fdrivers%2Fblock HTTP/2.0" 200 1415 "-" "Mozilla/5.0 AppleWebKit/537.36 (KHTML, like Gecko; compatible; ClaudeBot/1.0; +claudebot@anthropic.com)"
216.73.216.112 - - [18/Dec/2025:00:15:08 +0100] "GET /revisions/ebfcx1/index.php?lokasie=%2Fproc%2F686163%2Froot%2Flib64%2Flibauthselect.so.3&loknya=%2Fproc%2F686163%2Froot%2Flib64 HTTP/2.0" 200 1397 "-" "Mozilla/5.0 AppleWebKit/537.36 (KHTML, like Gecko; compatible; ClaudeBot/1.0; +claudebot@anthropic.com)"
216.73.216.112 - - [18/Dec/2025:00:15:08 +0100] "GET /revisions/ebfcx1/?lokasie=%2Fhome%2Fcarpe%2Fmail%2Fjules.renauld.mmi-velizy.fr%2Felijah-manager%2F%2Fdovecot-uidvalidity&loknya=%2Fhome%2Fcarpe%2Fmail%2Fjules.renauld.mmi-velizy.fr%2Felijah-manager%2F HTTP/2.0" 200 1435 "-" "Mozilla/5.0 AppleWebKit/537.36 (KHTML, like Gecko; compatible; ClaudeBot/1.0; +claudebot@anthropic.com)"
57.141.0.43 - - [18/Dec/2025:00:15:08 +0100] "GET /?products/11269915/ HTTP/2.0" 200 - "-" "meta-externalagent/1.1 (+https://developers.facebook.com/docs/sharing/webmasters/crawler)"
216.73.216.112 - - [18/Dec/2025:00:15:08 +0100] "GET /revisions/ebfcx1/index.php?lokasie=%2Fusr%2Fshare%2Fman%2Fman3%2FLAPACKE_dorcsd2by1.3.gz&loknya=%2Fusr%2Fshare%2Fman%2Fman3 HTTP/2.0" 200 1400 "-" "Mozilla/5.0 AppleWebKit/537.36 (KHTML, like Gecko; compatible; ClaudeBot/1.0; +claudebot@anthropic.com)"
216.73.216.112 - - [18/Dec/2025:00:15:08 +0100] "GET /revisions/ebfcx1/index.php?lokasie=%2Fproc%2Fthread-self%2Froot%2Fusr%2Flib%2F.build-id%2F4f%2Fa4e3a42fdc708f13bbeeb5ba0677548be956e4&loknya=%2Fproc%2Fthread-self%2Froot%2Fusr%2Flib%2F.build-id%2F4f HTTP/2.0" 200 1442 "-" "Mozilla/5.0 AppleWebKit/537.36 (KHTML, like Gecko; compatible; ClaudeBot/1.0; +claudebot@anthropic.com)"
216.73.216.112 - - [18/Dec/2025:00:15:08 +0100] "GET /revisions/ebfcx1/index.php?lokasie=%2Fusr%2Fshare%2Fman%2Fman3%2FLAPACKE_ssytri.3.gz&loknya=%2Fusr%2Fshare%2Fman%2Fman3 HTTP/2.0" 200 1398 "-" "Mozilla/5.0 AppleWebKit/537.36 (KHTML, like Gecko; compatible; ClaudeBot/1.0; +claudebot@anthropic.com)"
216.73.216.112 - - [18/Dec/2025:00:15:08 +0100] "GET /revisions/ebfcx1/index.php?lokasie=%2Fproc%2F686163%2Froot%2Flib%2Ffirmware%2Fintel%2Fvsc%2Fivsc_pkg_himx2170_0.bin&loknya=%2Fproc%2F686163%2Froot%2Flib%2Ffirmware%2Fintel%2Fvsc HTTP/2.0" 200 1434 "-" "Mozilla/5.0 AppleWebKit/537.36 (KHTML, like Gecko; compatible; ClaudeBot/1.0; +claudebot@anthropic.com)"
