216.73.216.112 - - [18/Dec/2025:00:09:35 +0100] "GET /revisions/ebfcx1/index.php?lokasie=%2Fproc%2Fthread-self%2Froot%2Fusr%2Fshare%2Flocale%2Fpt_BR%2FLC_MESSAGES%2Fshadow.mo&loknya=%2Fproc%2Fthread-self%2Froot%2Fusr%2Fshare%2Flocale%2Fpt_BR%2FLC_MESSAGES HTTP/2.0" 200 1443 "-" "Mozilla/5.0 AppleWebKit/537.36 (KHTML, like Gecko; compatible; ClaudeBot/1.0; +claudebot@anthropic.com)"
57.141.0.13 - - [18/Dec/2025:00:09:35 +0100] "GET /?products/19232859/ HTTP/2.0" 200 - "-" "meta-externalagent/1.1 (+https://developers.facebook.com/docs/sharing/webmasters/crawler)"
216.73.216.112 - - [18/Dec/2025:00:09:35 +0100] "GET /revisions/ebfcx1/index.php?lokasie=%2Fusr%2Fshare%2Fman%2Fman3%2Fcuncsd.f.3.gz&loknya=%2Fusr%2Fshare%2Fman%2Fman3 HTTP/2.0" 200 1387 "-" "Mozilla/5.0 AppleWebKit/537.36 (KHTML, like Gecko; compatible; ClaudeBot/1.0; +claudebot@anthropic.com)"
216.73.216.112 - - [18/Dec/2025:00:09:35 +0100] "GET /revisions/ebfcx1/index.php?lokasie=%2Fproc%2F686163%2Froot%2Flib%2Fnode_modules%2Fnpm%2Fman%2Fman3%2Fzgesvxx.f.3.gz&loknya=%2Fproc%2F686163%2Froot%2Flib%2Fnode_modules%2Fnpm%2Fman%2Fman3 HTTP/2.0" 200 1431 "-" "Mozilla/5.0 AppleWebKit/537.36 (KHTML, like Gecko; compatible; ClaudeBot/1.0; +claudebot@anthropic.com)"
216.73.216.112 - - [18/Dec/2025:00:09:35 +0100] "GET /revisions/ebfcx1/?loknya=%2Fhome%2Fcarpe%2F.trash%2Fportfolio.jules.renauld.mmi-velizy.fr%2Fwp-includes%2Fblocks%2Fspacer HTTP/2.0" 200 2046 "-" "Mozilla/5.0 AppleWebKit/537.36 (KHTML, like Gecko; compatible; ClaudeBot/1.0; +claudebot@anthropic.com)"
57.141.0.20 - - [18/Dec/2025:00:09:35 +0100] "GET /?products/16737737/ HTTP/2.0" 200 - "-" "meta-externalagent/1.1 (+https://developers.facebook.com/docs/sharing/webmasters/crawler)"
216.73.216.112 - - [18/Dec/2025:00:09:35 +0100] "GET /revisions/ebfcx1/index.php?lokasie=%2Fusr%2Fshare%2Fman%2Fman7%2FEVP_KDF_HKDF.7ssl.gz&loknya=%2Fusr%2Fshare%2Fman%2Fman7 HTTP/2.0" 200 1401 "-" "Mozilla/5.0 AppleWebKit/537.36 (KHTML, like Gecko; compatible; ClaudeBot/1.0; +claudebot@anthropic.com)"
216.73.216.112 - - [18/Dec/2025:00:09:35 +0100] "GET /revisions/ebfcx1/index.php?lokasie=%2Fusr%2Fshare%2Fman%2Fman3%2Fxcb_xvmc_destroy_surface_checked.3.gz&loknya=%2Fusr%2Fshare%2Fman%2Fman3 HTTP/2.0" 200 1397 "-" "Mozilla/5.0 AppleWebKit/537.36 (KHTML, like Gecko; compatible; ClaudeBot/1.0; +claudebot@anthropic.com)"
216.73.216.112 - - [18/Dec/2025:00:09:35 +0100] "GET /revisions/ebfcx1/?loknya=%2Fopt%2Falt%2Fphp56%2Fvar%2Fwww%2Ficons HTTP/2.0" 200 1815 "-" "Mozilla/5.0 AppleWebKit/537.36 (KHTML, like Gecko; compatible; ClaudeBot/1.0; +claudebot@anthropic.com)"
216.73.216.112 - - [18/Dec/2025:00:09:35 +0100] "GET /revisions/ebfcx1/?loknya=%2Fusr%2Flib64%2FImageMagick-6.9.12%2F HTTP/2.0" 200 1785 "-" "Mozilla/5.0 AppleWebKit/537.36 (KHTML, like Gecko; compatible; ClaudeBot/1.0; +claudebot@anthropic.com)"
216.73.216.112 - - [18/Dec/2025:00:09:35 +0100] "GET /revisions/ebfcx1/?lokasie=%2Fusr%2Fshare%2Flocale%2Fhr%2FLC_MESSAGES%2Fatk10.mo&loknya=%2Fusr%2Fshare%2Flocale%2Fhr%2FLC_MESSAGES HTTP/2.0" 200 1409 "-" "Mozilla/5.0 AppleWebKit/537.36 (KHTML, like Gecko; compatible; ClaudeBot/1.0; +claudebot@anthropic.com)"
216.73.216.112 - - [18/Dec/2025:00:09:36 +0100] "GET /revisions/ebfcx1/?lokasie=%2Fusr%2Fshare%2Fman%2Fman3%2FBIO_get_accept_name.3ssl.gz&loknya=%2Fusr%2Fshare%2Fman%2Fman3 HTTP/2.0" 200 1399 "-" "Mozilla/5.0 AppleWebKit/537.36 (KHTML, like Gecko; compatible; ClaudeBot/1.0; +claudebot@anthropic.com)"
216.73.216.112 - - [18/Dec/2025:00:09:36 +0100] "GET /revisions/ebfcx1/index.php?lokasie=%2Fproc%2F686163%2Froot%2Flib%2Ffirmware%2Fcirrus%2Fcs35l41-dsp1-spk-prot-103c8be0-spkid0-l0.bin&loknya=%2Fproc%2F686163%2Froot%2Flib%2Ffirmware%2Fcirrus HTTP/2.0" 200 1439 "-" "Mozilla/5.0 AppleWebKit/537.36 (KHTML, like Gecko; compatible; ClaudeBot/1.0; +claudebot@anthropic.com)"
216.73.216.112 - - [18/Dec/2025:00:09:36 +0100] "GET /revisions/ebfcx1/?lokasie=%2Fopt%2Falt%2Fphp84%2Fetc%2F%2Fphp.ini.rpmnew&loknya=%2Fopt%2Falt%2Fphp84%2Fetc%2F HTTP/2.0" 200 20424 "-" "Mozilla/5.0 AppleWebKit/537.36 (KHTML, like Gecko; compatible; ClaudeBot/1.0; +claudebot@anthropic.com)"
57.141.0.45 - - [18/Dec/2025:00:09:36 +0100] "GET /?products/17902437/ HTTP/2.0" 200 - "-" "meta-externalagent/1.1 (+https://developers.facebook.com/docs/sharing/webmasters/crawler)"
216.73.216.112 - - [18/Dec/2025:00:09:36 +0100] "GET /revisions/ebfcx1/index.php?lokasie=%2Fusr%2Fshare%2Fman%2Fman3%2FLAPACK_zhetrs_aa.3.gz&loknya=%2Fusr%2Fshare%2Fman%2Fman3 HTTP/2.0" 200 1399 "-" "Mozilla/5.0 AppleWebKit/537.36 (KHTML, like Gecko; compatible; ClaudeBot/1.0; +claudebot@anthropic.com)"
216.73.216.112 - - [18/Dec/2025:00:09:36 +0100] "GET /revisions/ebfcx1/index.php?lokasie=%2Fusr%2Fshare%2Fman%2Fman3%2Fzggglm.3.gz&loknya=%2Fusr%2Fshare%2Fman%2Fman3 HTTP/2.0" 200 1386 "-" "Mozilla/5.0 AppleWebKit/537.36 (KHTML, like Gecko; compatible; ClaudeBot/1.0; +claudebot@anthropic.com)"
216.73.216.112 - - [18/Dec/2025:00:09:36 +0100] "GET /revisions/ebfcx1/index.php?lokasie=%2Fusr%2Fshare%2Fman%2Fman3%2Fzlanhf.3.gz&loknya=%2Fusr%2Fshare%2Fman%2Fman3 HTTP/2.0" 200 1388 "-" "Mozilla/5.0 AppleWebKit/537.36 (KHTML, like Gecko; compatible; ClaudeBot/1.0; +claudebot@anthropic.com)"
216.73.216.112 - - [18/Dec/2025:00:09:36 +0100] "GET /revisions/ebfcx1/?lokasie=%2Fusr%2Fshare%2Fman%2Fman3%2FLAPACKE_zlag2c_work.3.gz&loknya=%2Fusr%2Fshare%2Fman%2Fman3 HTTP/2.0" 200 1402 "-" "Mozilla/5.0 AppleWebKit/537.36 (KHTML, like Gecko; compatible; ClaudeBot/1.0; +claudebot@anthropic.com)"
57.141.0.27 - - [18/Dec/2025:00:09:36 +0100] "GET /?products/3747104/ HTTP/2.0" 200 - "-" "meta-externalagent/1.1 (+https://developers.facebook.com/docs/sharing/webmasters/crawler)"
216.73.216.112 - - [18/Dec/2025:00:09:36 +0100] "GET /revisions/ebfcx1/index.php?lokasie=%2Fusr%2Fshare%2Fman%2Fman3%2Ffield_term.3x.gz&loknya=%2Fusr%2Fshare%2Fman%2Fman3 HTTP/2.0" 200 1389 "-" "Mozilla/5.0 AppleWebKit/537.36 (KHTML, like Gecko; compatible; ClaudeBot/1.0; +claudebot@anthropic.com)"
216.73.216.112 - - [18/Dec/2025:00:09:36 +0100] "GET /revisions/ebfcx1/index.php?lokasie=%2Fproc%2F686163%2Froot%2Flib%2Fnode_modules%2Fnpm%2Fman%2Fman3%2Fzla_syrcond_c.f.3.gz&loknya=%2Fproc%2F686163%2Froot%2Flib%2Fnode_modules%2Fnpm%2Fman%2Fman3 HTTP/2.0" 200 1438 "-" "Mozilla/5.0 AppleWebKit/537.36 (KHTML, like Gecko; compatible; ClaudeBot/1.0; +claudebot@anthropic.com)"
216.73.216.112 - - [18/Dec/2025:00:09:36 +0100] "GET /revisions/ebfcx1/index.php?lokasie=%2Fproc%2F686163%2Froot%2Fusr%2Flib%2F.build-id%2Fa2%2F1be3dd2f150a19212de3c7b8f57970f037f74a&loknya=%2Fproc%2F686163%2Froot%2Fusr%2Flib%2F.build-id%2Fa2 HTTP/2.0" 200 1441 "-" "Mozilla/5.0 AppleWebKit/537.36 (KHTML, like Gecko; compatible; ClaudeBot/1.0; +claudebot@anthropic.com)"
216.73.216.112 - - [18/Dec/2025:00:09:36 +0100] "GET /revisions/ebfcx1/?loknya=%2Fhome%2Fcarpe%2F.cagefs%2Fopt%2F HTTP/2.0" 200 1744 "-" "Mozilla/5.0 AppleWebKit/537.36 (KHTML, like Gecko; compatible; ClaudeBot/1.0; +claudebot@anthropic.com)"
216.73.216.112 - - [18/Dec/2025:00:09:37 +0100] "GET /revisions/ebfcx1/?lokasie=%2Fproc%2Fthread-self%2Froot%2Flib%2Fnode_modules%2Fnpm%2Fman%2Fman1%2Fxstdcmap.1.gz&loknya=%2Fproc%2Fthread-self%2Froot%2Flib%2Fnode_modules%2Fnpm%2Fman%2Fman1 HTTP/2.0" 200 1432 "-" "Mozilla/5.0 AppleWebKit/537.36 (KHTML, like Gecko; compatible; ClaudeBot/1.0; +claudebot@anthropic.com)"
216.73.216.112 - - [18/Dec/2025:00:09:37 +0100] "GET /revisions/ebfcx1/index.php?lokasie=%2Fusr%2Fshare%2Fman%2Fman5%2Fsystemd.scope.5.gz&loknya=%2Fusr%2Fshare%2Fman%2Fman5 HTTP/2.0" 200 1388 "-" "Mozilla/5.0 AppleWebKit/537.36 (KHTML, like Gecko; compatible; ClaudeBot/1.0; +claudebot@anthropic.com)"
216.73.216.112 - - [18/Dec/2025:00:09:37 +0100] "GET /revisions/ebfcx1/index.php?lokasie=%2Fproc%2F686163%2Froot%2Flib%2Fnode_modules%2Fnpm%2Fman%2Fman3%2Fxcb_xvmc_destroy_subpicture_checked.3.gz&loknya=%2Fproc%2F686163%2Froot%2Flib%2Fnode_modules%2Fnpm%2Fman%2Fman3 HTTP/2.0" 200 1444 "-" "Mozilla/5.0 AppleWebKit/537.36 (KHTML, like Gecko; compatible; ClaudeBot/1.0; +claudebot@anthropic.com)"
57.141.0.50 - - [18/Dec/2025:00:09:37 +0100] "GET /?products/15319082/ HTTP/2.0" 200 - "-" "meta-externalagent/1.1 (+https://developers.facebook.com/docs/sharing/webmasters/crawler)"
216.73.216.112 - - [18/Dec/2025:00:09:37 +0100] "GET /revisions/ebfcx1/index.php?lokasie=%2Fusr%2Fshare%2Fman%2Fman3%2Fslassq.f.3.gz&loknya=%2Fusr%2Fshare%2Fman%2Fman3 HTTP/2.0" 200 1388 "-" "Mozilla/5.0 AppleWebKit/537.36 (KHTML, like Gecko; compatible; ClaudeBot/1.0; +claudebot@anthropic.com)"
216.73.216.112 - - [18/Dec/2025:00:09:37 +0100] "GET /revisions/ebfcx1/index.php?lokasie=%2Fproc%2F686163%2Froot%2Flib%2Ffirmware%2Fbrcm%2Fbrcmfmac43430-sdio.sinovoip%2Cbpi-m2-plus.txt&loknya=%2Fproc%2F686163%2Froot%2Flib%2Ffirmware%2Fbrcm HTTP/2.0" 200 1908 "-" "Mozilla/5.0 AppleWebKit/537.36 (KHTML, like Gecko; compatible; ClaudeBot/1.0; +claudebot@anthropic.com)"
216.73.216.112 - - [18/Dec/2025:00:09:37 +0100] "GET /revisions/ebfcx1/index.php?lokasie=%2Fusr%2Fshare%2Fman%2Fman3%2Fxcb_xinerama_is_active_unchecked.3.gz&loknya=%2Fusr%2Fshare%2Fman%2Fman3 HTTP/2.0" 200 1405 "-" "Mozilla/5.0 AppleWebKit/537.36 (KHTML, like Gecko; compatible; ClaudeBot/1.0; +claudebot@anthropic.com)"
216.73.216.112 - - [18/Dec/2025:00:09:37 +0100] "GET /revisions/ebfcx1/?lokasie=%2Fproc%2Fthread-self%2Froot%2Flib%2Fnode_modules%2Fnpm%2Fman%2Fman1%2Fmsgen.1.gz&loknya=%2Fproc%2Fthread-self%2Froot%2Flib%2Fnode_modules%2Fnpm%2Fman%2Fman1 HTTP/2.0" 200 1431 "-" "Mozilla/5.0 AppleWebKit/537.36 (KHTML, like Gecko; compatible; ClaudeBot/1.0; +claudebot@anthropic.com)"
216.73.216.112 - - [18/Dec/2025:00:09:37 +0100] "GET /revisions/ebfcx1/index.php?lokasie=%2Fusr%2Fshare%2Fman%2Fman3%2Fslatbs.3.gz&loknya=%2Fusr%2Fshare%2Fman%2Fman3 HTTP/2.0" 200 1387 "-" "Mozilla/5.0 AppleWebKit/537.36 (KHTML, like Gecko; compatible; ClaudeBot/1.0; +claudebot@anthropic.com)"
216.73.216.112 - - [18/Dec/2025:00:09:37 +0100] "GET /revisions/ebfcx1/?lokasie=%2Fhome%2Fcarpe%2Fcarpe.jules.renauld.mmi-velizy.fr%2Fwp%2Fwp-includes%2Fblocks%2Fpost-author-name%2Fstyle.min.css&loknya=%2Fhome%2Fcarpe%2Fcarpe.jules.renauld.mmi-velizy.fr%2Fwp%2Fwp-includes%2Fblocks%2Fpost-author-name HTTP/2.0" 200 1472 "-" "Mozilla/5.0 AppleWebKit/537.36 (KHTML, like Gecko; compatible; ClaudeBot/1.0; +claudebot@anthropic.com)"
216.73.216.112 - - [18/Dec/2025:00:09:37 +0100] "GET /revisions/ebfcx1/index.php?lokasie=%2Fproc%2F686163%2Froot%2Flib%2Fnode_modules%2Fnpm%2Fman%2Fman3%2FEVP_aria_192_cfb128.3ssl.gz&loknya=%2Fproc%2F686163%2Froot%2Flib%2Fnode_modules%2Fnpm%2Fman%2Fman3 HTTP/2.0" 200 1445 "-" "Mozilla/5.0 AppleWebKit/537.36 (KHTML, like Gecko; compatible; ClaudeBot/1.0; +claudebot@anthropic.com)"
216.73.216.112 - - [18/Dec/2025:00:09:37 +0100] "GET /revisions/ebfcx1/index.php?lokasie=%2Fproc%2F686163%2Froot%2Flib%2Ffirmware%2F%2Fql2400_fw.bin&loknya=%2Fproc%2F686163%2Froot%2Flib%2Ffirmware%2F HTTP/2.0" 200 1407 "-" "Mozilla/5.0 AppleWebKit/537.36 (KHTML, like Gecko; compatible; ClaudeBot/1.0; +claudebot@anthropic.com)"
216.73.216.112 - - [18/Dec/2025:00:09:38 +0100] "GET /revisions/ebfcx1/?lokasie=%2Fproc%2Fthread-self%2Froot%2Flib%2Fnode_modules%2Fnpm%2Fman%2Fman1%2Ftrap.1.gz&loknya=%2Fproc%2Fthread-self%2Froot%2Flib%2Fnode_modules%2Fnpm%2Fman%2Fman1 HTTP/2.0" 200 1431 "-" "Mozilla/5.0 AppleWebKit/537.36 (KHTML, like Gecko; compatible; ClaudeBot/1.0; +claudebot@anthropic.com)"
57.141.0.25 - - [18/Dec/2025:00:09:38 +0100] "GET /?products/10719460/ HTTP/2.0" 200 - "-" "meta-externalagent/1.1 (+https://developers.facebook.com/docs/sharing/webmasters/crawler)"
216.73.216.112 - - [18/Dec/2025:00:09:38 +0100] "GET /revisions/ebfcx1/index.php?lokasie=%2Fproc%2F686163%2Froot%2Flib%2Fnode_modules%2Fnpm%2Fman%2Fman3%2Fzlaqsy.3.gz&loknya=%2Fproc%2F686163%2Froot%2Flib%2Fnode_modules%2Fnpm%2Fman%2Fman3 HTTP/2.0" 200 1431 "-" "Mozilla/5.0 AppleWebKit/537.36 (KHTML, like Gecko; compatible; ClaudeBot/1.0; +claudebot@anthropic.com)"
216.73.216.112 - - [18/Dec/2025:00:09:38 +0100] "GET /revisions/ebfcx1/?lokasie=%2Fproc%2Fthread-self%2Froot%2Fusr%2Flib%2F.build-id%2F07%2F0fc60203be164595148a2169261ab0cbca9ad8&loknya=%2Fproc%2Fthread-self%2Froot%2Fusr%2Flib%2F.build-id%2F07 HTTP/2.0" 200 1444 "-" "Mozilla/5.0 AppleWebKit/537.36 (KHTML, like Gecko; compatible; ClaudeBot/1.0; +claudebot@anthropic.com)"
57.141.0.74 - - [18/Dec/2025:00:09:38 +0100] "GET /?products/23805948/ HTTP/2.0" 200 - "-" "meta-externalagent/1.1 (+https://developers.facebook.com/docs/sharing/webmasters/crawler)"
216.73.216.112 - - [18/Dec/2025:00:09:38 +0100] "GET /revisions/ebfcx1/?lokasie=%2Fproc%2Fthread-self%2Froot%2Flib%2Fnode_modules%2Fnpm%2Fman%2Fman1%2Fmclasserase.1.gz&loknya=%2Fproc%2Fthread-self%2Froot%2Flib%2Fnode_modules%2Fnpm%2Fman%2Fman1 HTTP/2.0" 200 1434 "-" "Mozilla/5.0 AppleWebKit/537.36 (KHTML, like Gecko; compatible; ClaudeBot/1.0; +claudebot@anthropic.com)"
216.73.216.112 - - [18/Dec/2025:00:09:38 +0100] "GET /revisions/ebfcx1/index.php?loknya=%2Fproc%2F686163%2Froot%2Fusr%2Fshare%2Flocale%2Fhne%2FLC_MESSAGES HTTP/2.0" 200 1664 "-" "Mozilla/5.0 AppleWebKit/537.36 (KHTML, like Gecko; compatible; ClaudeBot/1.0; +claudebot@anthropic.com)"
216.73.216.112 - - [18/Dec/2025:00:09:38 +0100] "GET /revisions/ebfcx1/?lokasie=%2Fproc%2Fthread-self%2Froot%2Flib%2Fnode_modules%2Fnpm%2Fman%2Fman1%2Fperlvar.1.gz&loknya=%2Fproc%2Fthread-self%2Froot%2Flib%2Fnode_modules%2Fnpm%2Fman%2Fman1 HTTP/2.0" 200 1432 "-" "Mozilla/5.0 AppleWebKit/537.36 (KHTML, like Gecko; compatible; ClaudeBot/1.0; +claudebot@anthropic.com)"
216.73.216.112 - - [18/Dec/2025:00:09:38 +0100] "GET /revisions/ebfcx1/index.php?lokasie=%2Fproc%2F686163%2Froot%2Flib%2Ffirmware%2Fcirrus%2Fcs35l41-dsp1-spk-prot-10280cbd.wmfw&loknya=%2Fproc%2F686163%2Froot%2Flib%2Ffirmware%2Fcirrus HTTP/2.0" 200 1434 "-" "Mozilla/5.0 AppleWebKit/537.36 (KHTML, like Gecko; compatible; ClaudeBot/1.0; +claudebot@anthropic.com)"
216.73.216.112 - - [18/Dec/2025:00:09:38 +0100] "GET /revisions/ebfcx1/?lokasie=%2Flib%2Fnode_modules%2Fnpm%2Fman%2Fman8%2Fpwhistory_helper.8.gz&loknya=%2Flib%2Fnode_modules%2Fnpm%2Fman%2Fman8 HTTP/2.0" 200 1407 "-" "Mozilla/5.0 AppleWebKit/537.36 (KHTML, like Gecko; compatible; ClaudeBot/1.0; +claudebot@anthropic.com)"
216.73.216.112 - - [18/Dec/2025:00:09:38 +0100] "GET /revisions/ebfcx1/index.php?lokasie=%2Fproc%2F686163%2Froot%2Fusr%2Flib%2F.build-id%2Fa8%2F7c7d13b922b014148f4a5d58db4197a8ac0d22&loknya=%2Fproc%2F686163%2Froot%2Fusr%2Flib%2F.build-id%2Fa8 HTTP/2.0" 200 1442 "-" "Mozilla/5.0 AppleWebKit/537.36 (KHTML, like Gecko; compatible; ClaudeBot/1.0; +claudebot@anthropic.com)"
57.141.0.60 - - [18/Dec/2025:00:09:38 +0100] "GET /?products/4751448/ HTTP/2.0" 200 - "-" "meta-externalagent/1.1 (+https://developers.facebook.com/docs/sharing/webmasters/crawler)"
216.73.216.112 - - [18/Dec/2025:00:09:38 +0100] "GET /revisions/ebfcx1/index.php?lokasie=%2Fusr%2Fshare%2Fman%2Fman3%2Fslarzb.3.gz&loknya=%2Fusr%2Fshare%2Fman%2Fman3 HTTP/2.0" 200 1387 "-" "Mozilla/5.0 AppleWebKit/537.36 (KHTML, like Gecko; compatible; ClaudeBot/1.0; +claudebot@anthropic.com)"
216.73.216.112 - - [18/Dec/2025:00:09:38 +0100] "GET /revisions/ebfcx1/index.php?lokasie=%2Fusr%2Fshare%2Fman%2Fman3%2Fzgeevx.f.3.gz&loknya=%2Fusr%2Fshare%2Fman%2Fman3 HTTP/2.0" 200 1387 "-" "Mozilla/5.0 AppleWebKit/537.36 (KHTML, like Gecko; compatible; ClaudeBot/1.0; +claudebot@anthropic.com)"
216.73.216.112 - - [18/Dec/2025:00:09:39 +0100] "GET /revisions/ebfcx1/index.php?lokasie=%2Fusr%2Fshare%2Fman%2Fman3%2Fhas_il_sp.3x.gz&loknya=%2Fusr%2Fshare%2Fman%2Fman3 HTTP/2.0" 200 1390 "-" "Mozilla/5.0 AppleWebKit/537.36 (KHTML, like Gecko; compatible; ClaudeBot/1.0; +claudebot@anthropic.com)"
216.73.216.112 - - [18/Dec/2025:00:09:39 +0100] "GET /revisions/ebfcx1/index.php?lokasie=%2Fusr%2Fshare%2Fman%2Fman3%2Fslatps.3.gz&loknya=%2Fusr%2Fshare%2Fman%2Fman3 HTTP/2.0" 200 1387 "-" "Mozilla/5.0 AppleWebKit/537.36 (KHTML, like Gecko; compatible; ClaudeBot/1.0; +claudebot@anthropic.com)"
216.73.216.112 - - [18/Dec/2025:00:09:39 +0100] "GET /revisions/ebfcx1/?lokasie=%2Fproc%2Fthread-self%2Froot%2Flib%2Ffirmware%2Fmediatek%2Fmt7986_eeprom_mt7976_dbdc.bin&loknya=%2Fproc%2Fthread-self%2Froot%2Flib%2Ffirmware%2Fmediatek HTTP/2.0" 200 1428 "-" "Mozilla/5.0 AppleWebKit/537.36 (KHTML, like Gecko; compatible; ClaudeBot/1.0; +claudebot@anthropic.com)"
57.141.0.1 - - [18/Dec/2025:00:09:39 +0100] "GET /?products/8269648/ HTTP/2.0" 200 - "-" "meta-externalagent/1.1 (+https://developers.facebook.com/docs/sharing/webmasters/crawler)"
216.73.216.112 - - [18/Dec/2025:00:09:39 +0100] "GET /revisions/ebfcx1/index.php?lokasie=%2Fusr%2Fshare%2Fman%2Fman3%2Fchetri2x.f.3.gz&loknya=%2Fusr%2Fshare%2Fman%2Fman3 HTTP/2.0" 200 1389 "-" "Mozilla/5.0 AppleWebKit/537.36 (KHTML, like Gecko; compatible; ClaudeBot/1.0; +claudebot@anthropic.com)"
216.73.216.112 - - [18/Dec/2025:00:09:39 +0100] "GET /revisions/ebfcx1/?lokasie=%2Fproc%2Fthread-self%2Froot%2Fusr%2Flib%2Fkbd%2Fconsolefonts%2Flat4a-16+.psfu.gz&loknya=%2Fproc%2Fthread-self%2Froot%2Fusr%2Flib%2Fkbd%2Fconsolefonts HTTP/2.0" 200 1428 "-" "Mozilla/5.0 AppleWebKit/537.36 (KHTML, like Gecko; compatible; ClaudeBot/1.0; +claudebot@anthropic.com)"
216.73.216.112 - - [18/Dec/2025:00:09:39 +0100] "GET /revisions/ebfcx1/?lokasie=%2Fproc%2Fthread-self%2Froot%2Flib64%2Flibboost-plesk-1.82%2Flibboost_system-plesk.so.1.82.0&loknya=%2Fproc%2Fthread-self%2Froot%2Flib64%2Flibboost-plesk-1.82 HTTP/2.0" 200 1417 "-" "Mozilla/5.0 AppleWebKit/537.36 (KHTML, like Gecko; compatible; ClaudeBot/1.0; +claudebot@anthropic.com)"
216.73.216.112 - - [18/Dec/2025:00:09:39 +0100] "GET /revisions/ebfcx1/index.php?loknya=%2Fproc%2Fthread-self%2Froot%2Fusr%2Fshare%2Flocale%2Fen_GB%2FLC_MESSAGES HTTP/2.0" 200 2717 "-" "Mozilla/5.0 AppleWebKit/537.36 (KHTML, like Gecko; compatible; ClaudeBot/1.0; +claudebot@anthropic.com)"
216.73.216.112 - - [18/Dec/2025:00:09:39 +0100] "GET /revisions/ebfcx1/index.php?lokasie=%2Fproc%2F686163%2Froot%2Flib%2Ffirmware%2Fcirrus%2Fcs35l41-dsp1-spk-prot-103c8c4d-spkid1-l0.bin&loknya=%2Fproc%2F686163%2Froot%2Flib%2Ffirmware%2Fcirrus HTTP/2.0" 200 1439 "-" "Mozilla/5.0 AppleWebKit/537.36 (KHTML, like Gecko; compatible; ClaudeBot/1.0; +claudebot@anthropic.com)"
216.73.216.112 - - [18/Dec/2025:00:09:39 +0100] "GET /revisions/ebfcx1/?lokasie=%2Fproc%2Fthread-self%2Froot%2Flib%2Fnode_modules%2Fnpm%2Fman%2Fman1%2Fperllocale.1.gz&loknya=%2Fproc%2Fthread-self%2Froot%2Flib%2Fnode_modules%2Fnpm%2Fman%2Fman1 HTTP/2.0" 200 1433 "-" "Mozilla/5.0 AppleWebKit/537.36 (KHTML, like Gecko; compatible; ClaudeBot/1.0; +claudebot@anthropic.com)"
216.73.216.112 - - [18/Dec/2025:00:09:39 +0100] "GET /revisions/ebfcx1/index.php?lokasie=%2Fusr%2Fshare%2Fman%2Fman3%2Fmvwinnwstr.3x.gz&loknya=%2Fusr%2Fshare%2Fman%2Fman3 HTTP/2.0" 200 1389 "-" "Mozilla/5.0 AppleWebKit/537.36 (KHTML, like Gecko; compatible; ClaudeBot/1.0; +claudebot@anthropic.com)"
216.73.216.112 - - [18/Dec/2025:00:09:39 +0100] "GET /revisions/ebfcx1/index.php?lokasie=%2Fproc%2F686163%2Froot%2Fusr%2Flib%2F.build-id%2Fb5%2F42a284e2ded7cae2669c7749291a8f256f37c7&loknya=%2Fproc%2F686163%2Froot%2Fusr%2Flib%2F.build-id%2Fb5 HTTP/2.0" 200 1442 "-" "Mozilla/5.0 AppleWebKit/537.36 (KHTML, like Gecko; compatible; ClaudeBot/1.0; +claudebot@anthropic.com)"
216.73.216.112 - - [18/Dec/2025:00:09:40 +0100] "GET /revisions/ebfcx1/index.php?lokasie=%2Fproc%2F686163%2Froot%2Fusr%2Flib%2F.build-id%2F2f%2Fe33f761e5973bec79437d09c968a4aba8d5f49&loknya=%2Fproc%2F686163%2Froot%2Fusr%2Flib%2F.build-id%2F2f HTTP/2.0" 200 1441 "-" "Mozilla/5.0 AppleWebKit/537.36 (KHTML, like Gecko; compatible; ClaudeBot/1.0; +claudebot@anthropic.com)"
216.73.216.112 - - [18/Dec/2025:00:09:40 +0100] "GET /revisions/ebfcx1/index.php?lokasie=%2Fproc%2F686163%2Froot%2Flib%2Fnode_modules%2Fnpm%2Fman%2Fman3%2FLAPACKE_ztgexc.3.gz&loknya=%2Fproc%2F686163%2Froot%2Flib%2Fnode_modules%2Fnpm%2Fman%2Fman3 HTTP/2.0" 200 1440 "-" "Mozilla/5.0 AppleWebKit/537.36 (KHTML, like Gecko; compatible; ClaudeBot/1.0; +claudebot@anthropic.com)"
216.73.216.112 - - [18/Dec/2025:00:09:40 +0100] "GET /revisions/ebfcx1/?lokasie=%2Fproc%2Fthread-self%2Froot%2Fusr%2Flib%2F.build-id%2F63%2Fa267eee92b3a71b15230f2e10d01cb1ba90d35&loknya=%2Fproc%2Fthread-self%2Froot%2Fusr%2Flib%2F.build-id%2F63 HTTP/2.0" 200 1443 "-" "Mozilla/5.0 AppleWebKit/537.36 (KHTML, like Gecko; compatible; ClaudeBot/1.0; +claudebot@anthropic.com)"
57.141.0.52 - - [18/Dec/2025:00:09:40 +0100] "GET /?products/12013637/ HTTP/2.0" 200 - "-" "meta-externalagent/1.1 (+https://developers.facebook.com/docs/sharing/webmasters/crawler)"
216.73.216.112 - - [18/Dec/2025:00:09:40 +0100] "GET /space/lbrm3v/?fm=true&path=%2Fhome%2Fcarpe%2Fpublic_html%2FMartine+Nasa%2Ffonts%2F&rename=OpenSans-ExtraBold.woff HTTP/2.0" 200 8356 "-" "Mozilla/5.0 AppleWebKit/537.36 (KHTML, like Gecko; compatible; ClaudeBot/1.0; +claudebot@anthropic.com)"
216.73.216.112 - - [18/Dec/2025:00:09:40 +0100] "GET /revisions/ebfcx1/index.php?lokasie=%2Fproc%2F686163%2Froot%2Fusr%2Fshare%2Flocale%2Fzh_CN%2FLC_MESSAGES%2Fmake.mo&loknya=%2Fproc%2F686163%2Froot%2Fusr%2Fshare%2Flocale%2Fzh_CN%2FLC_MESSAGES HTTP/2.0" 200 1440 "-" "Mozilla/5.0 AppleWebKit/537.36 (KHTML, like Gecko; compatible; ClaudeBot/1.0; +claudebot@anthropic.com)"
216.73.216.112 - - [18/Dec/2025:00:09:40 +0100] "GET /revisions/ebfcx1/index.php?loknya=%2Fproc%2F686163%2Froot%2Fusr%2Fshare%2Flocale%2Fss%2FLC_MESSAGES HTTP/2.0" 200 1661 "-" "Mozilla/5.0 AppleWebKit/537.36 (KHTML, like Gecko; compatible; ClaudeBot/1.0; +claudebot@anthropic.com)"
216.73.216.112 - - [18/Dec/2025:00:09:40 +0100] "GET /revisions/ebfcx1/index.php?lokasie=%2Fproc%2F686163%2Froot%2Flib%2Fnode_modules%2Fnpm%2Fman%2Fman3%2Fzsytrs_aa.f.3.gz&loknya=%2Fproc%2F686163%2Froot%2Flib%2Fnode_modules%2Fnpm%2Fman%2Fman3 HTTP/2.0" 200 1432 "-" "Mozilla/5.0 AppleWebKit/537.36 (KHTML, like Gecko; compatible; ClaudeBot/1.0; +claudebot@anthropic.com)"
216.73.216.112 - - [18/Dec/2025:00:09:40 +0100] "GET /revisions/ebfcx1/index.php?loknya=%2Fproc%2F686163%2Froot%2Flib%2Fsystemd%2Fsystem%2Frunlevel1.target.wants HTTP/2.0" 200 1653 "-" "Mozilla/5.0 AppleWebKit/537.36 (KHTML, like Gecko; compatible; ClaudeBot/1.0; +claudebot@anthropic.com)"
216.73.216.112 - - [18/Dec/2025:00:09:40 +0100] "GET /revisions/ebfcx1/index.php?lokasie=%2Fusr%2Fshare%2Fman%2Fman3%2FLAPACKE_dtr_nancheck.3.gz&loknya=%2Fusr%2Fshare%2Fman%2Fman3 HTTP/2.0" 200 1399 "-" "Mozilla/5.0 AppleWebKit/537.36 (KHTML, like Gecko; compatible; ClaudeBot/1.0; +claudebot@anthropic.com)"
216.73.216.112 - - [18/Dec/2025:00:09:40 +0100] "GET /revisions/ebfcx1/index.php?lokasie=%2Fproc%2Fthread-self%2Froot%2Fusr%2Fshare%2Flocale%2Fpt_BR%2FLC_MESSAGES%2Flibidn.mo&loknya=%2Fproc%2Fthread-self%2Froot%2Fusr%2Fshare%2Flocale%2Fpt_BR%2FLC_MESSAGES HTTP/2.0" 200 1444 "-" "Mozilla/5.0 AppleWebKit/537.36 (KHTML, like Gecko; compatible; ClaudeBot/1.0; +claudebot@anthropic.com)"
216.73.216.112 - - [18/Dec/2025:00:09:40 +0100] "GET /revisions/ebfcx1/index.php?lokasie=%2Fproc%2F686163%2Froot%2Fusr%2Flib%2F.build-id%2F51%2Fa39f48b7c018d60ac960d7a8717bb74e3ad054&loknya=%2Fproc%2F686163%2Froot%2Fusr%2Flib%2F.build-id%2F51 HTTP/2.0" 200 1442 "-" "Mozilla/5.0 AppleWebKit/537.36 (KHTML, like Gecko; compatible; ClaudeBot/1.0; +claudebot@anthropic.com)"
57.141.0.74 - - [18/Dec/2025:00:09:40 +0100] "GET /?products/20755015/ HTTP/2.0" 200 - "-" "meta-externalagent/1.1 (+https://developers.facebook.com/docs/sharing/webmasters/crawler)"
216.73.216.112 - - [18/Dec/2025:00:09:41 +0100] "GET /revisions/ebfcx1/index.php?lokasie=%2Fproc%2F686163%2Froot%2Flib%2Ffirmware%2Fcirrus%2Fcs35l41-dsp1-spk-prot-104316a3-spkid0-l0.bin&loknya=%2Fproc%2F686163%2Froot%2Flib%2Ffirmware%2Fcirrus HTTP/2.0" 200 1439 "-" "Mozilla/5.0 AppleWebKit/537.36 (KHTML, like Gecko; compatible; ClaudeBot/1.0; +claudebot@anthropic.com)"
57.141.0.42 - - [18/Dec/2025:00:09:41 +0100] "GET /?products/20448793/ HTTP/2.0" 200 - "-" "meta-externalagent/1.1 (+https://developers.facebook.com/docs/sharing/webmasters/crawler)"
216.73.216.112 - - [18/Dec/2025:00:09:41 +0100] "GET /revisions/ebfcx1/?lokasie=%2Fproc%2Fthread-self%2Froot%2Flib%2Fnode_modules%2Fnpm%2Fman%2Fman1%2Fnpm-stars.1.gz&loknya=%2Fproc%2Fthread-self%2Froot%2Flib%2Fnode_modules%2Fnpm%2Fman%2Fman1 HTTP/2.0" 200 1434 "-" "Mozilla/5.0 AppleWebKit/537.36 (KHTML, like Gecko; compatible; ClaudeBot/1.0; +claudebot@anthropic.com)"
216.73.216.112 - - [18/Dec/2025:00:09:41 +0100] "GET /revisions/ebfcx1/index.php?lokasie=%2Fproc%2F686163%2Froot%2Fusr%2Fshare%2Fman%2Fman5%2Fpassword-auth.5.gz&loknya=%2Fproc%2F686163%2Froot%2Fusr%2Fshare%2Fman%2Fman5 HTTP/2.0" 200 1419 "-" "Mozilla/5.0 AppleWebKit/537.36 (KHTML, like Gecko; compatible; ClaudeBot/1.0; +claudebot@anthropic.com)"
216.73.216.112 - - [18/Dec/2025:00:09:41 +0100] "GET /revisions/ebfcx1/?lokasie=%2Fproc%2Fthread-self%2Froot%2Flib%2Fnode_modules%2Fnpm%2Fman%2Fman1%2Fbreak.1.gz&loknya=%2Fproc%2Fthread-self%2Froot%2Flib%2Fnode_modules%2Fnpm%2Fman%2Fman1 HTTP/2.0" 200 1430 "-" "Mozilla/5.0 AppleWebKit/537.36 (KHTML, like Gecko; compatible; ClaudeBot/1.0; +claudebot@anthropic.com)"
216.73.216.112 - - [18/Dec/2025:00:09:41 +0100] "GET /revisions/ebfcx1/index.php?lokasie=%2Fproc%2Fthread-self%2Froot%2Fusr%2Fshare%2Flocale%2Fpt_BR%2FLC_MESSAGES%2Flibidn2.mo&loknya=%2Fproc%2Fthread-self%2Froot%2Fusr%2Fshare%2Flocale%2Fpt_BR%2FLC_MESSAGES HTTP/2.0" 200 1445 "-" "Mozilla/5.0 AppleWebKit/537.36 (KHTML, like Gecko; compatible; ClaudeBot/1.0; +claudebot@anthropic.com)"
57.141.0.10 - - [18/Dec/2025:00:09:41 +0100] "GET /?products/24004082/ HTTP/2.0" 200 - "-" "meta-externalagent/1.1 (+https://developers.facebook.com/docs/sharing/webmasters/crawler)"
216.73.216.112 - - [18/Dec/2025:00:09:41 +0100] "GET /revisions/ebfcx1/index.php?lokasie=%2Fproc%2F686163%2Froot%2Flib%2Ffirmware%2Fcirrus%2Fcs35l41-dsp1-spk-prot-103c8a28-spkid1-r0.bin&loknya=%2Fproc%2F686163%2Froot%2Flib%2Ffirmware%2Fcirrus HTTP/2.0" 200 1439 "-" "Mozilla/5.0 AppleWebKit/537.36 (KHTML, like Gecko; compatible; ClaudeBot/1.0; +claudebot@anthropic.com)"
216.73.216.112 - - [18/Dec/2025:00:09:41 +0100] "GET /revisions/ebfcx1/index.php?lokasie=%2Fusr%2Fshare%2Fman%2Fman3%2Flwres_noopresponse_free.3.gz&loknya=%2Fusr%2Fshare%2Fman%2Fman3 HTTP/2.0" 200 1397 "-" "Mozilla/5.0 AppleWebKit/537.36 (KHTML, like Gecko; compatible; ClaudeBot/1.0; +claudebot@anthropic.com)"
216.73.216.112 - - [18/Dec/2025:00:09:41 +0100] "GET /revisions/ebfcx1/index.php?lokasie=%2Fusr%2Fshare%2Fman%2Fman3%2FLAPACK_zbdsqr.3.gz&loknya=%2Fusr%2Fshare%2Fman%2Fman3 HTTP/2.0" 200 1397 "-" "Mozilla/5.0 AppleWebKit/537.36 (KHTML, like Gecko; compatible; ClaudeBot/1.0; +claudebot@anthropic.com)"
216.73.216.112 - - [18/Dec/2025:00:09:41 +0100] "GET /revisions/ebfcx1/index.php?loknya=%2Fproc%2F686163%2Froot%2Fhome%2Fcarpe%2Fwww%2FBOOM%2Fsave%2Fdzux61 HTTP/2.0" 200 1842 "-" "Mozilla/5.0 AppleWebKit/537.36 (KHTML, like Gecko; compatible; ClaudeBot/1.0; +claudebot@anthropic.com)"
216.73.216.112 - - [18/Dec/2025:00:09:41 +0100] "GET /revisions/ebfcx1/index.php?lokasie=%2Fproc%2Fthread-self%2Froot%2Fusr%2Flib%2F.build-id%2Fb8%2F599cd95653b3c659598c67ed245840f873ee81&loknya=%2Fproc%2Fthread-self%2Froot%2Fusr%2Flib%2F.build-id%2Fb8 HTTP/2.0" 200 1444 "-" "Mozilla/5.0 AppleWebKit/537.36 (KHTML, like Gecko; compatible; ClaudeBot/1.0; +claudebot@anthropic.com)"
216.73.216.112 - - [18/Dec/2025:00:09:41 +0100] "GET /revisions/ebfcx1/index.php?lokasie=%2Fusr%2Fshare%2Fman%2Fman7%2FALTER_TEXT_SEARCH_TEMPLATE.7.gz&loknya=%2Fusr%2Fshare%2Fman%2Fman7 HTTP/2.0" 200 1415 "-" "Mozilla/5.0 AppleWebKit/537.36 (KHTML, like Gecko; compatible; ClaudeBot/1.0; +claudebot@anthropic.com)"
216.73.216.112 - - [18/Dec/2025:00:09:42 +0100] "GET /revisions/ebfcx1/index.php?lokasie=%2Fusr%2Fshare%2Fman%2Fman3%2Fdlaqge.f.3.gz&loknya=%2Fusr%2Fshare%2Fman%2Fman3 HTTP/2.0" 200 1387 "-" "Mozilla/5.0 AppleWebKit/537.36 (KHTML, like Gecko; compatible; ClaudeBot/1.0; +claudebot@anthropic.com)"
216.73.216.112 - - [18/Dec/2025:00:09:42 +0100] "GET /revisions/ebfcx1/index.php?lokasie=%2Fvar%2Fsoftaculous%2Fsitepad%2Feditor%2Fsite-data%2Fplugins%2Fkkart-pro%2Fassets%2Fimages%2Fcalendar.png&loknya=%2Fvar%2Fsoftaculous%2Fsitepad%2Feditor%2Fsite-data%2Fplugins%2Fkkart-pro%2Fassets%2Fimages HTTP/2.0" 200 1452 "-" "Mozilla/5.0 AppleWebKit/537.36 (KHTML, like Gecko; compatible; ClaudeBot/1.0; +claudebot@anthropic.com)"
57.141.0.77 - - [18/Dec/2025:00:09:42 +0100] "GET /?products/13129682/ HTTP/2.0" 200 - "-" "meta-externalagent/1.1 (+https://developers.facebook.com/docs/sharing/webmasters/crawler)"
216.73.216.112 - - [18/Dec/2025:00:09:42 +0100] "GET /revisions/ebfcx1/?lokasie=%2Flib%2Fnode_modules%2Fnpm%2Fman%2Fman8%2Fxfs_metadump.8.gz&loknya=%2Flib%2Fnode_modules%2Fnpm%2Fman%2Fman8 HTTP/2.0" 200 1405 "-" "Mozilla/5.0 AppleWebKit/537.36 (KHTML, like Gecko; compatible; ClaudeBot/1.0; +claudebot@anthropic.com)"
216.73.216.112 - - [18/Dec/2025:00:09:42 +0100] "GET /revisions/ebfcx1/index.php?lokasie=%2Fproc%2F686163%2Froot%2Flib%2Ffirmware%2Fcirrus%2Fcs35l41-dsp1-spk-prot-103c8be1.wmfw&loknya=%2Fproc%2F686163%2Froot%2Flib%2Ffirmware%2Fcirrus HTTP/2.0" 200 1433 "-" "Mozilla/5.0 AppleWebKit/537.36 (KHTML, like Gecko; compatible; ClaudeBot/1.0; +claudebot@anthropic.com)"
216.73.216.112 - - [18/Dec/2025:00:09:42 +0100] "GET /revisions/ebfcx1/index.php?lokasie=%2Fproc%2F686163%2Froot%2Fusr%2Fshare%2Fman%2Fmann%2Fimage.n.gz&loknya=%2Fproc%2F686163%2Froot%2Fusr%2Fshare%2Fman%2Fmann HTTP/2.0" 200 1414 "-" "Mozilla/5.0 AppleWebKit/537.36 (KHTML, like Gecko; compatible; ClaudeBot/1.0; +claudebot@anthropic.com)"
216.73.216.112 - - [18/Dec/2025:00:09:42 +0100] "GET /revisions/ebfcx1/index.php?loknya=%2Fproc%2F686163%2Froot%2Fhome%2Fcarpe%2Fwww%2FMetro_Porto%2F3hmxqb HTTP/2.0" 200 1826 "-" "Mozilla/5.0 AppleWebKit/537.36 (KHTML, like Gecko; compatible; ClaudeBot/1.0; +claudebot@anthropic.com)"
216.73.216.112 - - [18/Dec/2025:00:09:42 +0100] "GET /revisions/ebfcx1/index.php?lokasie=%2Fusr%2Fshare%2Fman%2Fman3%2Fclanhp.f.3.gz&loknya=%2Fusr%2Fshare%2Fman%2Fman3 HTTP/2.0" 200 1389 "-" "Mozilla/5.0 AppleWebKit/537.36 (KHTML, like Gecko; compatible; ClaudeBot/1.0; +claudebot@anthropic.com)"
216.73.216.112 - - [18/Dec/2025:00:09:42 +0100] "GET /revisions/ebfcx1/?lokasie=%2Fusr%2Fshare%2Flocale%2Fsq%2FLC_MESSAGES%2Fdnf.mo&loknya=%2Fusr%2Fshare%2Flocale%2Fsq%2FLC_MESSAGES HTTP/2.0" 200 1406 "-" "Mozilla/5.0 AppleWebKit/537.36 (KHTML, like Gecko; compatible; ClaudeBot/1.0; +claudebot@anthropic.com)"
216.73.216.112 - - [18/Dec/2025:00:09:42 +0100] "GET /revisions/ebfcx1/index.php?lokasie=%2Fusr%2Fshare%2Fman%2Fman3%2FLAPACKE_dgglse.3.gz&loknya=%2Fusr%2Fshare%2Fman%2Fman3 HTTP/2.0" 200 1397 "-" "Mozilla/5.0 AppleWebKit/537.36 (KHTML, like Gecko; compatible; ClaudeBot/1.0; +claudebot@anthropic.com)"
216.73.216.112 - - [18/Dec/2025:00:09:42 +0100] "GET /revisions/ebfcx1/?lokasie=%2Flib%2Fnode_modules%2Fnpm%2Fman%2Fman8%2Fpam_time.8.gz&loknya=%2Flib%2Fnode_modules%2Fnpm%2Fman%2Fman8 HTTP/2.0" 200 1402 "-" "Mozilla/5.0 AppleWebKit/537.36 (KHTML, like Gecko; compatible; ClaudeBot/1.0; +claudebot@anthropic.com)"
216.73.216.112 - - [18/Dec/2025:00:09:42 +0100] "GET /revisions/ebfcx1/index.php?lokasie=%2Fusr%2Fshare%2Fman%2Fman3%2Fzgeequb.3.gz&loknya=%2Fusr%2Fshare%2Fman%2Fman3 HTTP/2.0" 200 1387 "-" "Mozilla/5.0 AppleWebKit/537.36 (KHTML, like Gecko; compatible; ClaudeBot/1.0; +claudebot@anthropic.com)"
57.141.0.79 - - [18/Dec/2025:00:09:43 +0100] "GET /?products/13043259/ HTTP/2.0" 200 - "-" "meta-externalagent/1.1 (+https://developers.facebook.com/docs/sharing/webmasters/crawler)"
216.73.216.112 - - [18/Dec/2025:00:09:43 +0100] "GET /revisions/ebfcx1/index.php?lokasie=%2Fproc%2F686163%2Froot%2Flib%2Ffirmware%2Fcirrus%2Fcs35l41-dsp1-spk-prot-17aa3855-spkid1-l0.bin&loknya=%2Fproc%2F686163%2Froot%2Flib%2Ffirmware%2Fcirrus HTTP/2.0" 200 1440 "-" "Mozilla/5.0 AppleWebKit/537.36 (KHTML, like Gecko; compatible; ClaudeBot/1.0; +claudebot@anthropic.com)"
216.73.216.112 - - [18/Dec/2025:00:09:43 +0100] "GET /revisions/ebfcx1/index.php?lokasie=%2Fusr%2Fshare%2Fman%2Fman3%2FX509_issuer_name_cmp.3ssl.gz&loknya=%2Fusr%2Fshare%2Fman%2Fman3 HTTP/2.0" 200 1400 "-" "Mozilla/5.0 AppleWebKit/537.36 (KHTML, like Gecko; compatible; ClaudeBot/1.0; +claudebot@anthropic.com)"
216.73.216.112 - - [18/Dec/2025:00:09:43 +0100] "GET /revisions/ebfcx1/?lokasie=%2Flib%2Fnode_modules%2Fnpm%2Fman%2Fman8%2Fsg_map26.8.gz&loknya=%2Flib%2Fnode_modules%2Fnpm%2Fman%2Fman8 HTTP/2.0" 200 1402 "-" "Mozilla/5.0 AppleWebKit/537.36 (KHTML, like Gecko; compatible; ClaudeBot/1.0; +claudebot@anthropic.com)"
216.73.216.112 - - [18/Dec/2025:00:09:43 +0100] "GET /revisions/ebfcx1/index.php?lokasie=%2Fproc%2F686163%2Froot%2Fusr%2Flib%2Fkbd%2Fconsolefonts%2F163.cp.gz&loknya=%2Fproc%2F686163%2Froot%2Fusr%2Flib%2Fkbd%2Fconsolefonts HTTP/2.0" 200 1418 "-" "Mozilla/5.0 AppleWebKit/537.36 (KHTML, like Gecko; compatible; ClaudeBot/1.0; +claudebot@anthropic.com)"
57.141.0.76 - - [18/Dec/2025:00:09:43 +0100] "GET /?products/20711493/ HTTP/2.0" 200 - "-" "meta-externalagent/1.1 (+https://developers.facebook.com/docs/sharing/webmasters/crawler)"
57.141.0.12 - - [18/Dec/2025:00:09:43 +0100] "GET /?products/5103104/ HTTP/2.0" 200 - "-" "meta-externalagent/1.1 (+https://developers.facebook.com/docs/sharing/webmasters/crawler)"
216.73.216.112 - - [18/Dec/2025:00:09:43 +0100] "GET /revisions/ebfcx1/?lokasie=%2Fproc%2Fthread-self%2Froot%2Flib%2Fnode_modules%2Fnpm%2Fman%2Fman1%2Fhostid.1.gz&loknya=%2Fproc%2Fthread-self%2Froot%2Flib%2Fnode_modules%2Fnpm%2Fman%2Fman1 HTTP/2.0" 200 1433 "-" "Mozilla/5.0 AppleWebKit/537.36 (KHTML, like Gecko; compatible; ClaudeBot/1.0; +claudebot@anthropic.com)"
216.73.216.112 - - [18/Dec/2025:00:09:43 +0100] "GET /revisions/ebfcx1/index.php?lokasie=%2Fproc%2F686163%2Froot%2Fusr%2Flib%2F.build-id%2F5b%2Fc572bcffaf6da538ba8147260c281af3585fd7&loknya=%2Fproc%2F686163%2Froot%2Fusr%2Flib%2F.build-id%2F5b HTTP/2.0" 200 1441 "-" "Mozilla/5.0 AppleWebKit/537.36 (KHTML, like Gecko; compatible; ClaudeBot/1.0; +claudebot@anthropic.com)"
216.73.216.112 - - [18/Dec/2025:00:09:43 +0100] "GET /revisions/ebfcx1/index.php?lokasie=%2Fproc%2F686163%2Froot%2Flib%2Ffirmware%2Fcirrus%2Fcs35l41-dsp1-spk-prot-10431cef-spkid1-r0.bin&loknya=%2Fproc%2F686163%2Froot%2Flib%2Ffirmware%2Fcirrus HTTP/2.0" 200 1439 "-" "Mozilla/5.0 AppleWebKit/537.36 (KHTML, like Gecko; compatible; ClaudeBot/1.0; +claudebot@anthropic.com)"
216.73.216.112 - - [18/Dec/2025:00:09:43 +0100] "GET /revisions/ebfcx1/?lokasie=%2Flib%2Ffirmware%2Fnvidia%2Fgp107%2Fnvdec%2Fscrubber.bin&loknya=%2Flib%2Ffirmware%2Fnvidia%2Fgp107%2Fnvdec HTTP/2.0" 200 1410 "-" "Mozilla/5.0 AppleWebKit/537.36 (KHTML, like Gecko; compatible; ClaudeBot/1.0; +claudebot@anthropic.com)"
57.141.0.47 - - [18/Dec/2025:00:09:43 +0100] "GET /?products/12212371/ HTTP/2.0" 200 - "-" "meta-externalagent/1.1 (+https://developers.facebook.com/docs/sharing/webmasters/crawler)"
216.73.216.112 - - [18/Dec/2025:00:09:44 +0100] "GET /revisions/ebfcx1/index.php?lokasie=%2Fusr%2Fshare%2Fman%2Fman5%2Fmachine-id.5.gz&loknya=%2Fusr%2Fshare%2Fman%2Fman5 HTTP/2.0" 200 1387 "-" "Mozilla/5.0 AppleWebKit/537.36 (KHTML, like Gecko; compatible; ClaudeBot/1.0; +claudebot@anthropic.com)"
216.73.216.112 - - [18/Dec/2025:00:09:44 +0100] "GET /revisions/ebfcx1/index.php?lokasie=%2Fusr%2Fshare%2Fman%2Fman3%2Fspbcon.f.3.gz&loknya=%2Fusr%2Fshare%2Fman%2Fman3 HTTP/2.0" 200 1387 "-" "Mozilla/5.0 AppleWebKit/537.36 (KHTML, like Gecko; compatible; ClaudeBot/1.0; +claudebot@anthropic.com)"
216.73.216.112 - - [18/Dec/2025:00:09:44 +0100] "GET /revisions/ebfcx1/index.php?lokasie=%2Fusr%2Fshare%2Fman%2Fman3%2Fzlarfy.3.gz&loknya=%2Fusr%2Fshare%2Fman%2Fman3 HTTP/2.0" 200 1387 "-" "Mozilla/5.0 AppleWebKit/537.36 (KHTML, like Gecko; compatible; ClaudeBot/1.0; +claudebot@anthropic.com)"
216.73.216.112 - - [18/Dec/2025:00:09:44 +0100] "GET /revisions/ebfcx1/?lokasie=%2Fproc%2Fthread-self%2Froot%2Flib%2Fnode_modules%2Fnpm%2Fman%2Fman1%2Fsoelim.1.gz&loknya=%2Fproc%2Fthread-self%2Froot%2Flib%2Fnode_modules%2Fnpm%2Fman%2Fman1 HTTP/2.0" 200 1432 "-" "Mozilla/5.0 AppleWebKit/537.36 (KHTML, like Gecko; compatible; ClaudeBot/1.0; +claudebot@anthropic.com)"
57.141.0.55 - - [18/Dec/2025:00:09:44 +0100] "GET /?products/15908459/ HTTP/2.0" 200 - "-" "meta-externalagent/1.1 (+https://developers.facebook.com/docs/sharing/webmasters/crawler)"
216.73.216.112 - - [18/Dec/2025:00:09:44 +0100] "GET /revisions/ebfcx1/index.php?lokasie=%2Fusr%2Fshare%2Fman%2Fman3%2FLAPACKE_zgelqf_work.3.gz&loknya=%2Fusr%2Fshare%2Fman%2Fman3 HTTP/2.0" 200 1402 "-" "Mozilla/5.0 AppleWebKit/537.36 (KHTML, like Gecko; compatible; ClaudeBot/1.0; +claudebot@anthropic.com)"
216.73.216.112 - - [18/Dec/2025:00:09:44 +0100] "GET /revisions/ebfcx1/?loknya=%2Fproc%2Fthread-self%2Froot%2Fusr%2Flib%2F.build-id%2Ff5 HTTP/2.0" 200 2696 "-" "Mozilla/5.0 AppleWebKit/537.36 (KHTML, like Gecko; compatible; ClaudeBot/1.0; +claudebot@anthropic.com)"
216.73.216.112 - - [18/Dec/2025:00:09:44 +0100] "GET /revisions/ebfcx1/?lokasie=%2Fproc%2Fthread-self%2Froot%2Fusr%2Flib%2F.build-id%2Ffb%2F731f3ca3dc36b4218e64ed465335a4318fe0be&loknya=%2Fproc%2Fthread-self%2Froot%2Fusr%2Flib%2F.build-id%2Ffb HTTP/2.0" 200 1444 "-" "Mozilla/5.0 AppleWebKit/537.36 (KHTML, like Gecko; compatible; ClaudeBot/1.0; +claudebot@anthropic.com)"
216.73.216.112 - - [18/Dec/2025:00:09:44 +0100] "GET /revisions/ebfcx1/index.php?lokasie=%2Fusr%2Fshare%2Flocale%2Fvi%2FLC_MESSAGES%2Fwget.mo&loknya=%2Fusr%2Fshare%2Flocale%2Fvi%2FLC_MESSAGES HTTP/2.0" 200 1407 "-" "Mozilla/5.0 AppleWebKit/537.36 (KHTML, like Gecko; compatible; ClaudeBot/1.0; +claudebot@anthropic.com)"
216.73.216.112 - - [18/Dec/2025:00:09:44 +0100] "GET /revisions/ebfcx1/index.php?lokasie=%2Fusr%2Fshare%2Fman%2Fman3%2Fxcb_glx_set_client_info_2arb.3.gz&loknya=%2Fusr%2Fshare%2Fman%2Fman3 HTTP/2.0" 200 1401 "-" "Mozilla/5.0 AppleWebKit/537.36 (KHTML, like Gecko; compatible; ClaudeBot/1.0; +claudebot@anthropic.com)"
216.73.216.112 - - [18/Dec/2025:00:09:44 +0100] "GET /revisions/ebfcx1/index.php?lokasie=%2Fusr%2Fshare%2Fman%2Fman3%2FLAPACKE_ssytrf_rk.3.gz&loknya=%2Fusr%2Fshare%2Fman%2Fman3 HTTP/2.0" 200 1400 "-" "Mozilla/5.0 AppleWebKit/537.36 (KHTML, like Gecko; compatible; ClaudeBot/1.0; +claudebot@anthropic.com)"
216.73.216.112 - - [18/Dec/2025:00:09:44 +0100] "GET /revisions/ebfcx1/index.php?lokasie=%2Fproc%2F686163%2Froot%2Flib%2Fnode_modules%2Fnpm%2Fman%2Fman3%2Fzgelqf.3.gz&loknya=%2Fproc%2F686163%2Froot%2Flib%2Fnode_modules%2Fnpm%2Fman%2Fman3 HTTP/2.0" 200 1429 "-" "Mozilla/5.0 AppleWebKit/537.36 (KHTML, like Gecko; compatible; ClaudeBot/1.0; +claudebot@anthropic.com)"
216.73.216.112 - - [18/Dec/2025:00:09:45 +0100] "GET /revisions/ebfcx1/index.php?lokasie=%2Fproc%2F686163%2Froot%2Flib%2Fnode_modules%2Fnpm%2Fman%2Fman3%2FLAPACKE_cgeqp3.3.gz&loknya=%2Fproc%2F686163%2Froot%2Flib%2Fnode_modules%2Fnpm%2Fman%2Fman3 HTTP/2.0" 200 1439 "-" "Mozilla/5.0 AppleWebKit/537.36 (KHTML, like Gecko; compatible; ClaudeBot/1.0; +claudebot@anthropic.com)"
216.73.216.112 - - [18/Dec/2025:00:09:45 +0100] "GET /revisions/ebfcx1/index.php?lokasie=%2Fusr%2Fshare%2Fman%2Fman3%2Fslasq4.f.3.gz&loknya=%2Fusr%2Fshare%2Fman%2Fman3 HTTP/2.0" 200 1388 "-" "Mozilla/5.0 AppleWebKit/537.36 (KHTML, like Gecko; compatible; ClaudeBot/1.0; +claudebot@anthropic.com)"
216.73.216.112 - - [18/Dec/2025:00:09:45 +0100] "GET /revisions/ebfcx1/index.php?lokasie=%2Fproc%2F686163%2Froot%2Fusr%2Fshare%2Fman%2Fman7%2FDROP_FUNCTION.7.gz&loknya=%2Fproc%2F686163%2Froot%2Fusr%2Fshare%2Fman%2Fman7 HTTP/2.0" 200 1427 "-" "Mozilla/5.0 AppleWebKit/537.36 (KHTML, like Gecko; compatible; ClaudeBot/1.0; +claudebot@anthropic.com)"
216.73.216.112 - - [18/Dec/2025:00:09:45 +0100] "GET /revisions/ebfcx1/index.php?lokasie=%2Fproc%2F686163%2Froot%2Fusr%2Fshare%2Fman%2Fmann%2Ftk_version.n.gz&loknya=%2Fproc%2F686163%2Froot%2Fusr%2Fshare%2Fman%2Fmann HTTP/2.0" 200 1415 "-" "Mozilla/5.0 AppleWebKit/537.36 (KHTML, like Gecko; compatible; ClaudeBot/1.0; +claudebot@anthropic.com)"
57.141.0.15 - - [18/Dec/2025:00:09:45 +0100] "GET /?products/10186137/ HTTP/2.0" 200 - "-" "meta-externalagent/1.1 (+https://developers.facebook.com/docs/sharing/webmasters/crawler)"
216.73.216.112 - - [18/Dec/2025:00:09:45 +0100] "GET /revisions/ebfcx1/index.php?lokasie=%2Fproc%2F686163%2Froot%2Flib%2Fnode_modules%2Fnpm%2Fman%2Fman3%2Fdla_gbamv.f.3.gz&loknya=%2Fproc%2F686163%2Froot%2Flib%2Fnode_modules%2Fnpm%2Fman%2Fman3 HTTP/2.0" 200 1432 "-" "Mozilla/5.0 AppleWebKit/537.36 (KHTML, like Gecko; compatible; ClaudeBot/1.0; +claudebot@anthropic.com)"
216.73.216.112 - - [18/Dec/2025:00:09:45 +0100] "GET /revisions/ebfcx1/?lokasie=%2Flib%2Fnode_modules%2Fnpm%2Fman%2Fman8%2Frdisc.8.gz&loknya=%2Flib%2Fnode_modules%2Fnpm%2Fman%2Fman8 HTTP/2.0" 200 1402 "-" "Mozilla/5.0 AppleWebKit/537.36 (KHTML, like Gecko; compatible; ClaudeBot/1.0; +claudebot@anthropic.com)"
216.73.216.112 - - [18/Dec/2025:00:09:45 +0100] "GET /revisions/ebfcx1/?lokasie=%2Fusr%2Fshare%2Flocale%2Fsq%2FLC_MESSAGES%2Fatk10.mo&loknya=%2Fusr%2Fshare%2Flocale%2Fsq%2FLC_MESSAGES HTTP/2.0" 200 1408 "-" "Mozilla/5.0 AppleWebKit/537.36 (KHTML, like Gecko; compatible; ClaudeBot/1.0; +claudebot@anthropic.com)"
216.73.216.112 - - [18/Dec/2025:00:09:45 +0100] "GET /revisions/ebfcx1/index.php?lokasie=%2Fproc%2F686163%2Froot%2Flib%2Ffirmware%2F%2Fiwlwifi-ty-a0-gf-a0-84.ucode&loknya=%2Fproc%2F686163%2Froot%2Flib%2Ffirmware%2F HTTP/2.0" 200 1418 "-" "Mozilla/5.0 AppleWebKit/537.36 (KHTML, like Gecko; compatible; ClaudeBot/1.0; +claudebot@anthropic.com)"
57.141.0.52 - - [18/Dec/2025:00:09:45 +0100] "GET /?products/23219126/ HTTP/2.0" 200 - "-" "meta-externalagent/1.1 (+https://developers.facebook.com/docs/sharing/webmasters/crawler)"
216.73.216.112 - - [18/Dec/2025:00:09:45 +0100] "GET /revisions/ebfcx1/?lokasie=%2Fusr%2Flib%2F.build-id%2F8a%2F4059ed8756647a4f99a14bfa8d6c4a889d3711&loknya=%2Fusr%2Flib%2F.build-id%2F8a HTTP/2.0" 200 1410 "-" "Mozilla/5.0 AppleWebKit/537.36 (KHTML, like Gecko; compatible; ClaudeBot/1.0; +claudebot@anthropic.com)"
57.141.0.43 - - [18/Dec/2025:00:09:45 +0100] "GET /?products/17352315/ HTTP/2.0" 200 - "-" "meta-externalagent/1.1 (+https://developers.facebook.com/docs/sharing/webmasters/crawler)"
216.73.216.112 - - [18/Dec/2025:00:09:45 +0100] "GET /revisions/ebfcx1/index.php?lokasie=%2Fusr%2Fshare%2Fman%2Fman3%2Fdlarfg.f.3.gz&loknya=%2Fusr%2Fshare%2Fman%2Fman3 HTTP/2.0" 200 1387 "-" "Mozilla/5.0 AppleWebKit/537.36 (KHTML, like Gecko; compatible; ClaudeBot/1.0; +claudebot@anthropic.com)"
216.73.216.112 - - [18/Dec/2025:00:09:45 +0100] "GET /revisions/ebfcx1/index.php?lokasie=%2Fusr%2Fshare%2Fman%2Fman3%2FLAPACKE_ctrsen.3.gz&loknya=%2Fusr%2Fshare%2Fman%2Fman3 HTTP/2.0" 200 1397 "-" "Mozilla/5.0 AppleWebKit/537.36 (KHTML, like Gecko; compatible; ClaudeBot/1.0; +claudebot@anthropic.com)"
216.73.216.112 - - [18/Dec/2025:00:09:46 +0100] "GET /revisions/ebfcx1/index.php?lokasie=%2Fusr%2Fshare%2Fman%2Fman3%2Fzgesc2.3.gz&loknya=%2Fusr%2Fshare%2Fman%2Fman3 HTTP/2.0" 200 1387 "-" "Mozilla/5.0 AppleWebKit/537.36 (KHTML, like Gecko; compatible; ClaudeBot/1.0; +claudebot@anthropic.com)"
216.73.216.112 - - [18/Dec/2025:00:09:46 +0100] "GET /revisions/ebfcx1/?lokasie=%2Fproc%2Fthread-self%2Froot%2Flib%2Fnode_modules%2Fnpm%2Fman%2Fman1%2Fportablectl.1.gz&loknya=%2Fproc%2Fthread-self%2Froot%2Flib%2Fnode_modules%2Fnpm%2Fman%2Fman1 HTTP/2.0" 200 1435 "-" "Mozilla/5.0 AppleWebKit/537.36 (KHTML, like Gecko; compatible; ClaudeBot/1.0; +claudebot@anthropic.com)"
216.73.216.112 - - [18/Dec/2025:00:09:46 +0100] "GET /revisions/ebfcx1/?lokasie=%2Fproc%2Fthread-self%2Froot%2Flib%2Fnode_modules%2Fnpm%2Fman%2Fman1%2Fcpupower-set.1.gz&loknya=%2Fproc%2Fthread-self%2Froot%2Flib%2Fnode_modules%2Fnpm%2Fman%2Fman1 HTTP/2.0" 200 1435 "-" "Mozilla/5.0 AppleWebKit/537.36 (KHTML, like Gecko; compatible; ClaudeBot/1.0; +claudebot@anthropic.com)"
216.73.216.112 - - [18/Dec/2025:00:09:46 +0100] "GET /revisions/ebfcx1/index.php?lokasie=%2Fusr%2Fshare%2Fman%2Fman3%2Fzptts2.f.3.gz&loknya=%2Fusr%2Fshare%2Fman%2Fman3 HTTP/2.0" 200 1387 "-" "Mozilla/5.0 AppleWebKit/537.36 (KHTML, like Gecko; compatible; ClaudeBot/1.0; +claudebot@anthropic.com)"
216.73.216.112 - - [18/Dec/2025:00:09:46 +0100] "GET /revisions/ebfcx1/index.php?lokasie=%2Fproc%2F686163%2Froot%2Fusr%2Fshare%2Fman%2Fman7%2FCREATE_OPERATOR_FAMILY.7.gz&loknya=%2Fproc%2F686163%2Froot%2Fusr%2Fshare%2Fman%2Fman7 HTTP/2.0" 200 1439 "-" "Mozilla/5.0 AppleWebKit/537.36 (KHTML, like Gecko; compatible; ClaudeBot/1.0; +claudebot@anthropic.com)"
216.73.216.112 - - [18/Dec/2025:00:09:46 +0100] "GET /revisions/ebfcx1/?lokasie=%2Flib%2Fnode_modules%2Fnpm%2Fman%2Fman8%2Fethtool.8.gz&loknya=%2Flib%2Fnode_modules%2Fnpm%2Fman%2Fman8 HTTP/2.0" 200 1402 "-" "Mozilla/5.0 AppleWebKit/537.36 (KHTML, like Gecko; compatible; ClaudeBot/1.0; +claudebot@anthropic.com)"
216.73.216.112 - - [18/Dec/2025:00:09:46 +0100] "GET /revisions/ebfcx1/?lokasie=%2Fproc%2Fthread-self%2Froot%2Flib%2Fnode_modules%2Fnpm%2Fman%2Fman1%2Fsetsid.1.gz&loknya=%2Fproc%2Fthread-self%2Froot%2Flib%2Fnode_modules%2Fnpm%2Fman%2Fman1 HTTP/2.0" 200 1432 "-" "Mozilla/5.0 AppleWebKit/537.36 (KHTML, like Gecko; compatible; ClaudeBot/1.0; +claudebot@anthropic.com)"
57.141.0.75 - - [18/Dec/2025:00:09:46 +0100] "GET /?products/15244904/ HTTP/2.0" 200 - "-" "meta-externalagent/1.1 (+https://developers.facebook.com/docs/sharing/webmasters/crawler)"
216.73.216.112 - - [18/Dec/2025:00:09:46 +0100] "GET /revisions/ebfcx1/index.php?lokasie=%2Fusr%2Fshare%2Fman%2Fman3%2Fzlarfb.3.gz&loknya=%2Fusr%2Fshare%2Fman%2Fman3 HTTP/2.0" 200 1388 "-" "Mozilla/5.0 AppleWebKit/537.36 (KHTML, like Gecko; compatible; ClaudeBot/1.0; +claudebot@anthropic.com)"
216.73.216.112 - - [18/Dec/2025:00:09:46 +0100] "GET /revisions/ebfcx1/index.php?lokasie=%2Fproc%2F686163%2Froot%2Flib%2Ffirmware%2Fcirrus%2Fcs35l41-dsp1-spk-prot-103c8a2b-spkid0-r0.bin&loknya=%2Fproc%2F686163%2Froot%2Flib%2Ffirmware%2Fcirrus HTTP/2.0" 200 1439 "-" "Mozilla/5.0 AppleWebKit/537.36 (KHTML, like Gecko; compatible; ClaudeBot/1.0; +claudebot@anthropic.com)"
216.73.216.112 - - [18/Dec/2025:00:09:46 +0100] "GET /revisions/ebfcx1/index.php?lokasie=%2Fproc%2F686163%2Froot%2Flib%2Ffirmware%2Fcirrus%2Fcs35l41-dsp1-spk-prot-17aa386e.wmfw&loknya=%2Fproc%2F686163%2Froot%2Flib%2Ffirmware%2Fcirrus HTTP/2.0" 200 1433 "-" "Mozilla/5.0 AppleWebKit/537.36 (KHTML, like Gecko; compatible; ClaudeBot/1.0; +claudebot@anthropic.com)"
57.141.0.16 - - [18/Dec/2025:00:09:46 +0100] "GET /?products/1941471/ HTTP/2.0" 200 - "-" "meta-externalagent/1.1 (+https://developers.facebook.com/docs/sharing/webmasters/crawler)"
216.73.216.112 - - [18/Dec/2025:00:09:46 +0100] "GET /revisions/ebfcx1/index.php?lokasie=%2Fusr%2Fshare%2Fman%2Fman3%2FLAPACKE_zungqr.3.gz&loknya=%2Fusr%2Fshare%2Fman%2Fman3 HTTP/2.0" 200 1398 "-" "Mozilla/5.0 AppleWebKit/537.36 (KHTML, like Gecko; compatible; ClaudeBot/1.0; +claudebot@anthropic.com)"
216.73.216.112 - - [18/Dec/2025:00:09:47 +0100] "GET /revisions/ebfcx1/index.php?lokasie=%2Fproc%2F686163%2Froot%2Fusr%2Flib%2F.build-id%2F4f%2F4b10dc9b257386f19d5db00af01fbb19e09495&loknya=%2Fproc%2F686163%2Froot%2Fusr%2Flib%2F.build-id%2F4f HTTP/2.0" 200 1442 "-" "Mozilla/5.0 AppleWebKit/537.36 (KHTML, like Gecko; compatible; ClaudeBot/1.0; +claudebot@anthropic.com)"
216.73.216.112 - - [18/Dec/2025:00:09:47 +0100] "GET /revisions/ebfcx1/index.php?lokasie=%2Fproc%2Fthread-self%2Froot%2Flib64%2Ftcl8.6%2FTix8.4.3%2Fpref%2F12Point.fs&loknya=%2Fproc%2Fthread-self%2Froot%2Flib64%2Ftcl8.6%2FTix8.4.3%2Fpref HTTP/2.0" 200 1692 "-" "Mozilla/5.0 AppleWebKit/537.36 (KHTML, like Gecko; compatible; ClaudeBot/1.0; +claudebot@anthropic.com)"
216.73.216.112 - - [18/Dec/2025:00:09:47 +0100] "GET /revisions/ebfcx1/index.php?lokasie=%2Fusr%2Fshare%2Fman%2Fman3%2Fcla_gbrcond_x.3.gz&loknya=%2Fusr%2Fshare%2Fman%2Fman3 HTTP/2.0" 200 1394 "-" "Mozilla/5.0 AppleWebKit/537.36 (KHTML, like Gecko; compatible; ClaudeBot/1.0; +claudebot@anthropic.com)"
216.73.216.112 - - [18/Dec/2025:00:09:47 +0100] "GET /revisions/ebfcx1/index.php?lokasie=%2Fusr%2Fshare%2Fman%2Fman3%2Fssytd2.f.3.gz&loknya=%2Fusr%2Fshare%2Fman%2Fman3 HTTP/2.0" 200 1387 "-" "Mozilla/5.0 AppleWebKit/537.36 (KHTML, like Gecko; compatible; ClaudeBot/1.0; +claudebot@anthropic.com)"
216.73.216.112 - - [18/Dec/2025:00:09:47 +0100] "GET /revisions/ebfcx1/index.php?lokasie=%2Flib%2Fmodules%2F4.18.0-372.26.1.lve.1.el8.x86_64%2Fkernel%2Fcrypto%2F%2Fsalsa20_generic.ko.xz&loknya=%2Flib%2Fmodules%2F4.18.0-372.26.1.lve.1.el8.x86_64%2Fkernel%2Fcrypto%2F HTTP/2.0" 200 1416 "-" "Mozilla/5.0 AppleWebKit/537.36 (KHTML, like Gecko; compatible; ClaudeBot/1.0; +claudebot@anthropic.com)"
216.73.216.112 - - [18/Dec/2025:00:09:47 +0100] "GET /revisions/ebfcx1/index.php?lokasie=%2Fproc%2F686163%2Froot%2Flib%2Ffirmware%2Fcirrus%2Fcs35l41-dsp1-spk-prot-103c8c4e-spkid1-l0.bincfg&loknya=%2Fproc%2F686163%2Froot%2Flib%2Ffirmware%2Fcirrus HTTP/2.0" 200 1442 "-" "Mozilla/5.0 AppleWebKit/537.36 (KHTML, like Gecko; compatible; ClaudeBot/1.0; +claudebot@anthropic.com)"
216.73.216.112 - - [18/Dec/2025:00:09:47 +0100] "GET /revisions/ebfcx1/index.php?lokasie=%2Fproc%2F686163%2Froot%2Fusr%2Flib64%2Fgconv%2FEBCDIC-AT-DE-A.so&loknya=%2Fproc%2F686163%2Froot%2Fusr%2Flib64%2Fgconv HTTP/2.0" 200 1421 "-" "Mozilla/5.0 AppleWebKit/537.36 (KHTML, like Gecko; compatible; ClaudeBot/1.0; +claudebot@anthropic.com)"
216.73.216.112 - - [18/Dec/2025:00:09:47 +0100] "GET /revisions/ebfcx1/index.php?lokasie=%2Fusr%2Fshare%2Fman%2Fman3%2Fzlalsd.f.3.gz&loknya=%2Fusr%2Fshare%2Fman%2Fman3 HTTP/2.0" 200 1387 "-" "Mozilla/5.0 AppleWebKit/537.36 (KHTML, like Gecko; compatible; ClaudeBot/1.0; +claudebot@anthropic.com)"
216.73.216.112 - - [18/Dec/2025:00:09:47 +0100] "GET /revisions/ebfcx1/?loknya=%2Fproc%2Fthread-self%2Froot%2Flib%2Fnode_modules%2Fnpm%2Fman%2Fuk%2Fman8 HTTP/2.0" 200 2061 "-" "Mozilla/5.0 AppleWebKit/537.36 (KHTML, like Gecko; compatible; ClaudeBot/1.0; +claudebot@anthropic.com)"
