216.73.216.112 - - [18/Dec/2025:00:10:00 +0100] "GET /revisions/ebfcx1/?lokasie=%2Fproc%2Fthread-self%2Froot%2Fusr%2Flib%2Ffirewalld%2Fservices%2Fipsec.xml&loknya=%2Fproc%2Fthread-self%2Froot%2Fusr%2Flib%2Ffirewalld%2Fservices HTTP/2.0" 200 1838 "-" "Mozilla/5.0 AppleWebKit/537.36 (KHTML, like Gecko; compatible; ClaudeBot/1.0; +claudebot@anthropic.com)"
216.73.216.112 - - [18/Dec/2025:00:10:00 +0100] "GET /revisions/ebfcx1/index.php?lokasie=%2Flib64%2Fruby%2Fenc%2F%2Fbig5.so&loknya=%2Flib64%2Fruby%2Fenc%2F HTTP/2.0" 200 1381 "-" "Mozilla/5.0 AppleWebKit/537.36 (KHTML, like Gecko; compatible; ClaudeBot/1.0; +claudebot@anthropic.com)"
216.73.216.112 - - [18/Dec/2025:00:10:00 +0100] "GET /revisions/ebfcx1/index.php?lokasie=%2Fusr%2Fshare%2Fi18n%2Fcharmaps%2FISO_646.BASIC.gz&loknya=%2Fusr%2Fshare%2Fi18n%2Fcharmaps HTTP/2.0" 200 1398 "-" "Mozilla/5.0 AppleWebKit/537.36 (KHTML, like Gecko; compatible; ClaudeBot/1.0; +claudebot@anthropic.com)"
57.141.0.40 - - [18/Dec/2025:00:10:00 +0100] "GET /?products/10074048/ HTTP/2.0" 200 - "-" "meta-externalagent/1.1 (+https://developers.facebook.com/docs/sharing/webmasters/crawler)"
216.73.216.112 - - [18/Dec/2025:00:10:00 +0100] "GET /revisions/ebfcx1/index.php?lokasie=%2Fusr%2Flib64%2Fgconv%2F%2FIBM275.so&loknya=%2Fusr%2Flib64%2Fgconv%2F HTTP/2.0" 200 1380 "-" "Mozilla/5.0 AppleWebKit/537.36 (KHTML, like Gecko; compatible; ClaudeBot/1.0; +claudebot@anthropic.com)"
216.73.216.112 - - [18/Dec/2025:00:10:00 +0100] "GET /revisions/ebfcx1/?loknya=%2Fopt%2Falt%2Falt-php82-pecl-memcache_8.2-1.el8 HTTP/2.0" 200 1621 "-" "Mozilla/5.0 AppleWebKit/537.36 (KHTML, like Gecko; compatible; ClaudeBot/1.0; +claudebot@anthropic.com)"
216.73.216.112 - - [18/Dec/2025:00:10:00 +0100] "GET /revisions/ebfcx1/index.php?lokasie=%2Flib%2Fsystemd%2Fsystem%2F%2Ffstrim.service&loknya=%2Flib%2Fsystemd%2Fsystem%2F HTTP/2.0" 200 1445 "-" "Mozilla/5.0 AppleWebKit/537.36 (KHTML, like Gecko; compatible; ClaudeBot/1.0; +claudebot@anthropic.com)"
216.73.216.112 - - [18/Dec/2025:00:10:00 +0100] "GET /revisions/ebfcx1/index.php?lokasie=%2Fusr%2Flib64%2Fgconv%2F%2FISO_5427.so&loknya=%2Fusr%2Flib64%2Fgconv%2F HTTP/2.0" 200 1382 "-" "Mozilla/5.0 AppleWebKit/537.36 (KHTML, like Gecko; compatible; ClaudeBot/1.0; +claudebot@anthropic.com)"
216.73.216.112 - - [18/Dec/2025:00:10:00 +0100] "GET /revisions/ebfcx1/index.php?lokasie=%2Flib%2Fsystemd%2Fsystem%2F%2Fautovt%40.service&loknya=%2Flib%2Fsystemd%2Fsystem%2F HTTP/2.0" 200 2405 "-" "Mozilla/5.0 AppleWebKit/537.36 (KHTML, like Gecko; compatible; ClaudeBot/1.0; +claudebot@anthropic.com)"
216.73.216.112 - - [18/Dec/2025:00:10:00 +0100] "GET /revisions/ebfcx1/index.php?lokasie=%2Fhome%2Fcarpe%2Ftmp%2Fpma_template_compiles_carpe%2Ftwig%2F39%2F39798e2e9a72a6863b4294f832d4f456.php&loknya=%2Fhome%2Fcarpe%2Ftmp%2Fpma_template_compiles_carpe%2Ftwig%2F39 HTTP/2.0" 200 2116 "-" "Mozilla/5.0 AppleWebKit/537.36 (KHTML, like Gecko; compatible; ClaudeBot/1.0; +claudebot@anthropic.com)"
57.141.0.76 - - [18/Dec/2025:00:10:00 +0100] "GET /?products/10011826/ HTTP/2.0" 200 - "-" "meta-externalagent/1.1 (+https://developers.facebook.com/docs/sharing/webmasters/crawler)"
216.73.216.112 - - [18/Dec/2025:00:10:00 +0100] "GET /revisions/ebfcx1/index.php?lokasie=%2Fopt%2Falt%2Fliblqr-1%2Fshare%2Fdoc%2Falt-liblqr-1%2FREADME&loknya=%2Fopt%2Falt%2Fliblqr-1%2Fshare%2Fdoc%2Falt-liblqr-1 HTTP/2.0" 200 3196 "-" "Mozilla/5.0 AppleWebKit/537.36 (KHTML, like Gecko; compatible; ClaudeBot/1.0; +claudebot@anthropic.com)"
216.73.216.112 - - [18/Dec/2025:00:10:00 +0100] "GET /revisions/ebfcx1/index.php?lokasie=%2Fusr%2Fshare%2Flocale%2Ftr%2FLC_MESSAGES%2Fpopt.mo&loknya=%2Fusr%2Fshare%2Flocale%2Ftr%2FLC_MESSAGES HTTP/2.0" 200 1408 "-" "Mozilla/5.0 AppleWebKit/537.36 (KHTML, like Gecko; compatible; ClaudeBot/1.0; +claudebot@anthropic.com)"
216.73.216.112 - - [18/Dec/2025:00:10:01 +0100] "GET /revisions/ebfcx1/index.php?lokasie=%2Fusr%2Flib64%2Fgconv%2F%2FHP-ROMAN9.so&loknya=%2Fusr%2Flib64%2Fgconv%2F HTTP/2.0" 200 1383 "-" "Mozilla/5.0 AppleWebKit/537.36 (KHTML, like Gecko; compatible; ClaudeBot/1.0; +claudebot@anthropic.com)"
216.73.216.112 - - [18/Dec/2025:00:10:01 +0100] "GET /revisions/ebfcx1/index.php?lokasie=%2Fusr%2Flib64%2Fgconv%2F%2FISO8859-13.so&loknya=%2Fusr%2Flib64%2Fgconv%2F HTTP/2.0" 200 1382 "-" "Mozilla/5.0 AppleWebKit/537.36 (KHTML, like Gecko; compatible; ClaudeBot/1.0; +claudebot@anthropic.com)"
216.73.216.112 - - [18/Dec/2025:00:10:01 +0100] "GET /revisions/ebfcx1/index.php?lokasie=%2Flib%2Fsystemd%2Fsystem%2F%2Fsysstat-collect.service&loknya=%2Flib%2Fsystemd%2Fsystem%2F HTTP/2.0" 200 1572 "-" "Mozilla/5.0 AppleWebKit/537.36 (KHTML, like Gecko; compatible; ClaudeBot/1.0; +claudebot@anthropic.com)"
216.73.216.112 - - [18/Dec/2025:00:10:01 +0100] "GET /revisions/ebfcx1/index.php?loknya=%2Flib%2Fnode_modules%2Fnpm%2Fman%2Fman2x HTTP/2.0" 200 1623 "-" "Mozilla/5.0 AppleWebKit/537.36 (KHTML, like Gecko; compatible; ClaudeBot/1.0; +claudebot@anthropic.com)"
216.73.216.112 - - [18/Dec/2025:00:10:01 +0100] "GET /revisions/ebfcx1/index.php?lokasie=%2Fhome%2Fcarpe%2Fportfolio.jules.renauld.mmi-velizy.fr%2Fwp-content%2Fuploads%2Felementor%2Fcss%2Fpost-11.css&loknya=%2Fhome%2Fcarpe%2Fportfolio.jules.renauld.mmi-velizy.fr%2Fwp-content%2Fuploads%2Felementor%2Fcss HTTP/2.0" 200 1532 "-" "Mozilla/5.0 AppleWebKit/537.36 (KHTML, like Gecko; compatible; ClaudeBot/1.0; +claudebot@anthropic.com)"
57.141.0.2 - - [18/Dec/2025:00:10:01 +0100] "GET /?products/21164659/ HTTP/2.0" 200 - "-" "meta-externalagent/1.1 (+https://developers.facebook.com/docs/sharing/webmasters/crawler)"
216.73.216.112 - - [18/Dec/2025:00:10:01 +0100] "GET /revisions/ebfcx1/index.php?loknya=%2Flib%2Fnode_modules%2Fnpm%2Fman%2Fman5 HTTP/2.0" 200 9530 "-" "Mozilla/5.0 AppleWebKit/537.36 (KHTML, like Gecko; compatible; ClaudeBot/1.0; +claudebot@anthropic.com)"
216.73.216.112 - - [18/Dec/2025:00:10:01 +0100] "GET /revisions/ebfcx1/index.php?loknya=%2Fopt%2Falt%2Fphp82%2F HTTP/2.0" 200 1833 "-" "Mozilla/5.0 AppleWebKit/537.36 (KHTML, like Gecko; compatible; ClaudeBot/1.0; +claudebot@anthropic.com)"
216.73.216.112 - - [18/Dec/2025:00:10:01 +0100] "GET /revisions/ebfcx1/?loknya=%2Fvar%2Fsoftaculous%2Fsitepad%2Feditor%2Fsite-data%2Fplugins%2Fkkart-pro%2Fincludes%2Fabstracts HTTP/2.0" 200 2299 "-" "Mozilla/5.0 AppleWebKit/537.36 (KHTML, like Gecko; compatible; ClaudeBot/1.0; +claudebot@anthropic.com)"
216.73.216.112 - - [18/Dec/2025:00:10:01 +0100] "GET /revisions/ebfcx1/?loknya=%2Fusr%2Flib64%2Fguile%2F2.0%2Fccache%2Flanguage HTTP/2.0" 200 2135 "-" "Mozilla/5.0 AppleWebKit/537.36 (KHTML, like Gecko; compatible; ClaudeBot/1.0; +claudebot@anthropic.com)"
216.73.216.112 - - [18/Dec/2025:00:10:01 +0100] "GET /revisions/ebfcx1/index.php?lokasie=%2Flib%2Fsystemd%2Fsystem%2F%2Fmysqld.service&loknya=%2Flib%2Fsystemd%2Fsystem%2F HTTP/2.0" 200 2380 "-" "Mozilla/5.0 AppleWebKit/537.36 (KHTML, like Gecko; compatible; ClaudeBot/1.0; +claudebot@anthropic.com)"
216.73.216.112 - - [18/Dec/2025:00:10:01 +0100] "GET /revisions/ebfcx1/?lokasie=%2Fhome%2Fcarpe%2Fcarpe.jules.renauld.mmi-velizy.fr%2Fwp%2Fwp-admin%2Fcss%2Fcustomize-nav-menus.min.css&loknya=%2Fhome%2Fcarpe%2Fcarpe.jules.renauld.mmi-velizy.fr%2Fwp%2Fwp-admin%2Fcss HTTP/2.0" 200 4609 "-" "Mozilla/5.0 AppleWebKit/537.36 (KHTML, like Gecko; compatible; ClaudeBot/1.0; +claudebot@anthropic.com)"
216.73.216.112 - - [18/Dec/2025:00:10:02 +0100] "GET /revisions/ebfcx1/?loknya=%2Fopt%2Falt%2Falt-nodejs10%2Froot%2Fvar%2Fadm HTTP/2.0" 200 1637 "-" "Mozilla/5.0 AppleWebKit/537.36 (KHTML, like Gecko; compatible; ClaudeBot/1.0; +claudebot@anthropic.com)"
216.73.216.112 - - [18/Dec/2025:00:10:02 +0100] "GET /revisions/ebfcx1/index.php?lokasie=%2Fusr%2Fshare%2Fman%2Fman7%2Fdracut.kernel.7.gz&loknya=%2Fusr%2Fshare%2Fman%2Fman7 HTTP/2.0" 200 1393 "-" "Mozilla/5.0 AppleWebKit/537.36 (KHTML, like Gecko; compatible; ClaudeBot/1.0; +claudebot@anthropic.com)"
57.141.0.48 - - [18/Dec/2025:00:10:02 +0100] "GET /?products/8376359/ HTTP/2.0" 200 - "-" "meta-externalagent/1.1 (+https://developers.facebook.com/docs/sharing/webmasters/crawler)"
216.73.216.112 - - [18/Dec/2025:00:10:02 +0100] "GET /revisions/ebfcx1/?lokasie=%2Fproc%2Fthread-self%2Froot%2Fusr%2Flib%2Ffirewalld%2Fservices%2Fkube-apiserver.xml&loknya=%2Fproc%2Fthread-self%2Froot%2Fusr%2Flib%2Ffirewalld%2Fservices HTTP/2.0" 200 1611 "-" "Mozilla/5.0 AppleWebKit/537.36 (KHTML, like Gecko; compatible; ClaudeBot/1.0; +claudebot@anthropic.com)"
216.73.216.112 - - [18/Dec/2025:00:10:02 +0100] "GET /revisions/ebfcx1/index.php?lokasie=%2Fusr%2Flib64%2Fgconv%2F%2FIBM1160.so&loknya=%2Fusr%2Flib64%2Fgconv%2F HTTP/2.0" 200 1379 "-" "Mozilla/5.0 AppleWebKit/537.36 (KHTML, like Gecko; compatible; ClaudeBot/1.0; +claudebot@anthropic.com)"
57.141.0.27 - - [18/Dec/2025:00:10:02 +0100] "GET /?products/13612015/ HTTP/2.0" 200 - "-" "meta-externalagent/1.1 (+https://developers.facebook.com/docs/sharing/webmasters/crawler)"
216.73.216.112 - - [18/Dec/2025:00:10:02 +0100] "GET /revisions/ebfcx1/index.php?lokasie=%2Fusr%2Fshare%2Fi18n%2Fcharmaps%2FSAMI-WS2.gz&loknya=%2Fusr%2Fshare%2Fi18n%2Fcharmaps HTTP/2.0" 200 1395 "-" "Mozilla/5.0 AppleWebKit/537.36 (KHTML, like Gecko; compatible; ClaudeBot/1.0; +claudebot@anthropic.com)"
216.73.216.112 - - [18/Dec/2025:00:10:02 +0100] "GET /revisions/ebfcx1/index.php?lokasie=%2Flib64%2Fruby%2Fenc%2F%2Fwindows_31j.so&loknya=%2Flib64%2Fruby%2Fenc%2F HTTP/2.0" 200 1383 "-" "Mozilla/5.0 AppleWebKit/537.36 (KHTML, like Gecko; compatible; ClaudeBot/1.0; +claudebot@anthropic.com)"
216.73.216.112 - - [18/Dec/2025:00:10:02 +0100] "GET /revisions/ebfcx1/index.php?lokasie=%2Fhome%2Fcarpe%2F.trash%2Fportfolio.jules.renauld.mmi-velizy.fr%2Fwp-includes%2Fblocks%2Fgroup%2Feditor-rtl.css&loknya=%2Fhome%2Fcarpe%2F.trash%2Fportfolio.jules.renauld.mmi-velizy.fr%2Fwp-includes%2Fblocks%2Fgroup HTTP/2.0" 200 1727 "-" "Mozilla/5.0 AppleWebKit/537.36 (KHTML, like Gecko; compatible; ClaudeBot/1.0; +claudebot@anthropic.com)"
216.73.216.112 - - [18/Dec/2025:00:10:02 +0100] "GET /revisions/ebfcx1/index.php?lokasie=%2Fusr%2Fshare%2Fman%2Fman7%2FDISCARD.7.gz&loknya=%2Fusr%2Fshare%2Fman%2Fman7 HTTP/2.0" 200 1391 "-" "Mozilla/5.0 AppleWebKit/537.36 (KHTML, like Gecko; compatible; ClaudeBot/1.0; +claudebot@anthropic.com)"
216.73.216.112 - - [18/Dec/2025:00:10:02 +0100] "GET /revisions/ebfcx1/?loknya=%2Fopt%2Falt%2Falt-nodejs8%2Froot%2Flib64%2Fpm-utils%2Fsleep.d HTTP/2.0" 200 1653 "-" "Mozilla/5.0 AppleWebKit/537.36 (KHTML, like Gecko; compatible; ClaudeBot/1.0; +claudebot@anthropic.com)"
57.141.0.8 - - [18/Dec/2025:00:10:02 +0100] "GET /?products/22587248/ HTTP/2.0" 200 - "-" "meta-externalagent/1.1 (+https://developers.facebook.com/docs/sharing/webmasters/crawler)"
216.73.216.112 - - [18/Dec/2025:00:10:02 +0100] "GET /revisions/ebfcx1/index.php?lokasie=%2Fusr%2Flib64%2Fgconv%2F%2FIBM874.so&loknya=%2Fusr%2Flib64%2Fgconv%2F HTTP/2.0" 200 1380 "-" "Mozilla/5.0 AppleWebKit/537.36 (KHTML, like Gecko; compatible; ClaudeBot/1.0; +claudebot@anthropic.com)"
216.73.216.112 - - [18/Dec/2025:00:10:02 +0100] "GET /revisions/ebfcx1/?lokasie=%2Fhome%2Fcarpe%2Fcarpe.jules.renauld.mmi-velizy.fr%2Fwp%2Fwp-admin%2Fcss%2Fcustomize-widgets.min.css&loknya=%2Fhome%2Fcarpe%2Fcarpe.jules.renauld.mmi-velizy.fr%2Fwp%2Fwp-admin%2Fcss HTTP/2.0" 200 3238 "-" "Mozilla/5.0 AppleWebKit/537.36 (KHTML, like Gecko; compatible; ClaudeBot/1.0; +claudebot@anthropic.com)"
216.73.216.112 - - [18/Dec/2025:00:10:03 +0100] "GET /revisions/ebfcx1/index.php?lokasie=%2Fhome%2Fcarpe%2F.trash%2Fportfolio.jules.renauld.mmi-velizy.fr%2Fwp-includes%2Fblocks%2Ffile%2Feditor-rtl.css&loknya=%2Fhome%2Fcarpe%2F.trash%2Fportfolio.jules.renauld.mmi-velizy.fr%2Fwp-includes%2Fblocks%2Ffile HTTP/2.0" 200 1705 "-" "Mozilla/5.0 AppleWebKit/537.36 (KHTML, like Gecko; compatible; ClaudeBot/1.0; +claudebot@anthropic.com)"
216.73.216.112 - - [18/Dec/2025:00:10:03 +0100] "GET /revisions/ebfcx1/?lokasie=%2Fproc%2Fthread-self%2Froot%2Fusr%2Fshare%2Fterminfo%2Fs%2Fscreen-256color&loknya=%2Fproc%2Fthread-self%2Froot%2Fusr%2Fshare%2Fterminfo%2Fs HTTP/2.0" 200 1418 "-" "Mozilla/5.0 AppleWebKit/537.36 (KHTML, like Gecko; compatible; ClaudeBot/1.0; +claudebot@anthropic.com)"
216.73.216.112 - - [18/Dec/2025:00:10:03 +0100] "GET /MuletVsFondation/w7p5tl/?fm=true&path=%2Fhome%2Fcarpe%2Fpublic_html%2F&rename=integration.html HTTP/2.0" 200 8302 "-" "Mozilla/5.0 AppleWebKit/537.36 (KHTML, like Gecko; compatible; ClaudeBot/1.0; +claudebot@anthropic.com)"
216.73.216.112 - - [18/Dec/2025:00:10:03 +0100] "GET /revisions/ebfcx1/index.php?lokasie=%2Fusr%2Fshare%2Fzoneinfo%2Fright%2FAfrica%2FLusaka&loknya=%2Fusr%2Fshare%2Fzoneinfo%2Fright%2FAfrica HTTP/2.0" 200 1395 "-" "Mozilla/5.0 AppleWebKit/537.36 (KHTML, like Gecko; compatible; ClaudeBot/1.0; +claudebot@anthropic.com)"
216.73.216.112 - - [18/Dec/2025:00:10:03 +0100] "GET /MuletVsFondation/w7p5tl/?edit=integration.html&fm=true&path=%2Fhome%2Fcarpe%2Fpublic_html%2F HTTP/2.0" 200 8696 "-" "Mozilla/5.0 AppleWebKit/537.36 (KHTML, like Gecko; compatible; ClaudeBot/1.0; +claudebot@anthropic.com)"
216.73.216.112 - - [18/Dec/2025:00:10:03 +0100] "GET /revisions/ebfcx1/index.php?loknya=%2Fhome%2Fcarpe%2F.trash%2Fportfolio.jules.renauld.mmi-velizy.fr%2Fwp-admin%2Fcss%2Fcolors%2Fectoplasm HTTP/2.0" 200 1964 "-" "Mozilla/5.0 AppleWebKit/537.36 (KHTML, like Gecko; compatible; ClaudeBot/1.0; +claudebot@anthropic.com)"
216.73.216.112 - - [18/Dec/2025:00:10:03 +0100] "GET /revisions/ebfcx1/index.php?lokasie=%2Fusr%2Flib64%2Fgconv%2F%2FISO8859-7.so&loknya=%2Fusr%2Flib64%2Fgconv%2F HTTP/2.0" 200 1383 "-" "Mozilla/5.0 AppleWebKit/537.36 (KHTML, like Gecko; compatible; ClaudeBot/1.0; +claudebot@anthropic.com)"
57.141.0.17 - - [18/Dec/2025:00:10:03 +0100] "GET /?products/23104537/ HTTP/2.0" 200 - "-" "meta-externalagent/1.1 (+https://developers.facebook.com/docs/sharing/webmasters/crawler)"
216.73.216.112 - - [18/Dec/2025:00:10:03 +0100] "GET /revisions/ebfcx1/index.php?lokasie=%2Flib%2Fsystemd%2Fsystem%2F%2Fkvm_stat.service&loknya=%2Flib%2Fsystemd%2Fsystem%2F HTTP/2.0" 200 1606 "-" "Mozilla/5.0 AppleWebKit/537.36 (KHTML, like Gecko; compatible; ClaudeBot/1.0; +claudebot@anthropic.com)"
216.73.216.112 - - [18/Dec/2025:00:10:03 +0100] "GET /revisions/ebfcx1/index.php?lokasie=%2Fusr%2Flib64%2Fgconv%2F%2FIBM290.so&loknya=%2Fusr%2Flib64%2Fgconv%2F HTTP/2.0" 200 1379 "-" "Mozilla/5.0 AppleWebKit/537.36 (KHTML, like Gecko; compatible; ClaudeBot/1.0; +claudebot@anthropic.com)"
216.73.216.112 - - [18/Dec/2025:00:10:03 +0100] "GET /revisions/ebfcx1/index.php?lokasie=%2Flib%2Fsystemd%2Fsystem%2F%2Fmdmonitor-oneshot.timer&loknya=%2Flib%2Fsystemd%2Fsystem%2F HTTP/2.0" 200 1604 "-" "Mozilla/5.0 AppleWebKit/537.36 (KHTML, like Gecko; compatible; ClaudeBot/1.0; +claudebot@anthropic.com)"
216.73.216.112 - - [18/Dec/2025:00:10:03 +0100] "GET /revisions/ebfcx1/?loknya=%2Fopt%2Falt%2Falt-nodejs8%2Froot%2Fusr%2Fshare%2Flocale%2Fgv%2F HTTP/2.0" 200 1789 "-" "Mozilla/5.0 AppleWebKit/537.36 (KHTML, like Gecko; compatible; ClaudeBot/1.0; +claudebot@anthropic.com)"
216.73.216.112 - - [18/Dec/2025:00:10:04 +0100] "GET /revisions/ebfcx1/?loknya=%2Fproc%2Fself%2Froot%2Fopt%2Falt%2Fruby19%2Fshare%2Fdoc HTTP/2.0" 200 1776 "-" "Mozilla/5.0 AppleWebKit/537.36 (KHTML, like Gecko; compatible; ClaudeBot/1.0; +claudebot@anthropic.com)"
216.73.216.112 - - [18/Dec/2025:00:10:04 +0100] "GET /revisions/ebfcx1/index.php?lokasie=%2Fusr%2Fshare%2Fzoneinfo%2F%2FGB-Eire&loknya=%2Fusr%2Fshare%2Fzoneinfo%2F HTTP/2.0" 200 1380 "-" "Mozilla/5.0 AppleWebKit/537.36 (KHTML, like Gecko; compatible; ClaudeBot/1.0; +claudebot@anthropic.com)"
216.73.216.112 - - [18/Dec/2025:00:10:04 +0100] "GET /revisions/ebfcx1/?loknya=%2Fproc%2Fthread-self%2Froot%2Fusr%2Flib%2Fkbd%2Fkeymaps%2Flegacy%2Famiga HTTP/2.0" 200 1871 "-" "Mozilla/5.0 AppleWebKit/537.36 (KHTML, like Gecko; compatible; ClaudeBot/1.0; +claudebot@anthropic.com)"
57.141.0.65 - - [18/Dec/2025:00:10:04 +0100] "GET /?products/8149771/ HTTP/2.0" 200 - "-" "meta-externalagent/1.1 (+https://developers.facebook.com/docs/sharing/webmasters/crawler)"
216.73.216.112 - - [18/Dec/2025:00:10:04 +0100] "GET /revisions/ebfcx1/index.php?lokasie=%2Flib%2Fsystemd%2Fsystem%2F%2Fnss-user-lookup.target&loknya=%2Flib%2Fsystemd%2Fsystem%2F HTTP/2.0" 200 1653 "-" "Mozilla/5.0 AppleWebKit/537.36 (KHTML, like Gecko; compatible; ClaudeBot/1.0; +claudebot@anthropic.com)"
216.73.216.112 - - [18/Dec/2025:00:10:04 +0100] "GET /revisions/ebfcx1/?lokasie=%2Fproc%2Fthread-self%2Froot%2Fusr%2Flib%2Ffirewalld%2Fservices%2Fgit.xml&loknya=%2Fproc%2Fthread-self%2Froot%2Fusr%2Flib%2Ffirewalld%2Fservices HTTP/2.0" 200 1559 "-" "Mozilla/5.0 AppleWebKit/537.36 (KHTML, like Gecko; compatible; ClaudeBot/1.0; +claudebot@anthropic.com)"
216.73.216.112 - - [18/Dec/2025:00:10:04 +0100] "GET /revisions/ebfcx1/?loknya=%2Fopt%2Falt%2Fphp44%2Fusr%2Fbin HTTP/2.0" 200 1900 "-" "Mozilla/5.0 AppleWebKit/537.36 (KHTML, like Gecko; compatible; ClaudeBot/1.0; +claudebot@anthropic.com)"
216.73.216.112 - - [18/Dec/2025:00:10:04 +0100] "GET /revisions/ebfcx1/index.php?lokasie=%2Flib%2Fsystemd%2Fsystem%2F%2Fxray-user-agent.service&loknya=%2Flib%2Fsystemd%2Fsystem%2F HTTP/2.0" 200 1550 "-" "Mozilla/5.0 AppleWebKit/537.36 (KHTML, like Gecko; compatible; ClaudeBot/1.0; +claudebot@anthropic.com)"
216.73.216.112 - - [18/Dec/2025:00:10:04 +0100] "GET /revisions/ebfcx1/?loknya=%2Fproc%2Fthread-self%2Froot%2Fusr%2Flib%2Fkbd%2Fkeymaps%2Flegacy%2Fmac HTTP/2.0" 200 1800 "-" "Mozilla/5.0 AppleWebKit/537.36 (KHTML, like Gecko; compatible; ClaudeBot/1.0; +claudebot@anthropic.com)"
57.141.0.55 - - [18/Dec/2025:00:10:04 +0100] "GET /?products/25515004/ HTTP/2.0" 200 - "-" "meta-externalagent/1.1 (+https://developers.facebook.com/docs/sharing/webmasters/crawler)"
57.141.0.25 - - [18/Dec/2025:00:10:04 +0100] "GET /?products/2012326/ HTTP/2.0" 200 - "-" "meta-externalagent/1.1 (+https://developers.facebook.com/docs/sharing/webmasters/crawler)"
216.73.216.112 - - [18/Dec/2025:00:10:04 +0100] "GET /revisions/ebfcx1/index.php?lokasie=%2Fusr%2Flib64%2Fgconv%2F%2FISO8859-15.so&loknya=%2Fusr%2Flib64%2Fgconv%2F HTTP/2.0" 200 1384 "-" "Mozilla/5.0 AppleWebKit/537.36 (KHTML, like Gecko; compatible; ClaudeBot/1.0; +claudebot@anthropic.com)"
216.73.216.112 - - [18/Dec/2025:00:10:04 +0100] "GET /revisions/ebfcx1/index.php?lokasie=%2Fusr%2Flib64%2Fgconv%2F%2FISO8859-6.so&loknya=%2Fusr%2Flib64%2Fgconv%2F HTTP/2.0" 200 1383 "-" "Mozilla/5.0 AppleWebKit/537.36 (KHTML, like Gecko; compatible; ClaudeBot/1.0; +claudebot@anthropic.com)"
216.73.216.112 - - [18/Dec/2025:00:10:04 +0100] "GET /revisions/ebfcx1/index.php?lokasie=%2Flib%2Ffirmware%2Fnvidia%2Fgm20b%2Fgr%2Fgpccs_inst.bin&loknya=%2Flib%2Ffirmware%2Fnvidia%2Fgm20b%2Fgr HTTP/2.0" 200 1407 "-" "Mozilla/5.0 AppleWebKit/537.36 (KHTML, like Gecko; compatible; ClaudeBot/1.0; +claudebot@anthropic.com)"
216.73.216.112 - - [18/Dec/2025:00:10:05 +0100] "GET /revisions/ebfcx1/index.php?lokasie=%2Fusr%2Fshare%2Fzoneinfo%2Fright%2FAfrica%2FTunis&loknya=%2Fusr%2Fshare%2Fzoneinfo%2Fright%2FAfrica HTTP/2.0" 200 1395 "-" "Mozilla/5.0 AppleWebKit/537.36 (KHTML, like Gecko; compatible; ClaudeBot/1.0; +claudebot@anthropic.com)"
216.73.216.112 - - [18/Dec/2025:00:10:05 +0100] "GET /revisions/ebfcx1/index.php?loknya=%2Fopt%2Falt%2Fcyrus-sasl%2Fshare%2Fdoc%2Falt-cyrus-sasl HTTP/2.0" 200 1825 "-" "Mozilla/5.0 AppleWebKit/537.36 (KHTML, like Gecko; compatible; ClaudeBot/1.0; +claudebot@anthropic.com)"
216.73.216.112 - - [18/Dec/2025:00:10:05 +0100] "GET /revisions/ebfcx1/index.php?lokasie=%2Fusr%2Fshare%2Fzoneinfo%2Fright%2FAfrica%2FTimbuktu&loknya=%2Fusr%2Fshare%2Fzoneinfo%2Fright%2FAfrica HTTP/2.0" 200 1396 "-" "Mozilla/5.0 AppleWebKit/537.36 (KHTML, like Gecko; compatible; ClaudeBot/1.0; +claudebot@anthropic.com)"
216.73.216.112 - - [18/Dec/2025:00:10:05 +0100] "GET /revisions/ebfcx1/?loknya=%2Fproc%2Fself%2Froot%2Fopt%2Falt%2Fruby18%2Fshare%2Fdoc HTTP/2.0" 200 1818 "-" "Mozilla/5.0 AppleWebKit/537.36 (KHTML, like Gecko; compatible; ClaudeBot/1.0; +claudebot@anthropic.com)"
57.141.0.8 - - [18/Dec/2025:00:10:05 +0100] "GET /?products/3127593/ HTTP/2.0" 200 - "-" "meta-externalagent/1.1 (+https://developers.facebook.com/docs/sharing/webmasters/crawler)"
216.73.216.112 - - [18/Dec/2025:00:10:05 +0100] "GET /revisions/ebfcx1/index.php?lokasie=%2Fusr%2Fshare%2Flocale%2Fsl%2FLC_MESSAGES%2Frhn-client-tools.mo&loknya=%2Fusr%2Fshare%2Flocale%2Fsl%2FLC_MESSAGES HTTP/2.0" 200 1414 "-" "Mozilla/5.0 AppleWebKit/537.36 (KHTML, like Gecko; compatible; ClaudeBot/1.0; +claudebot@anthropic.com)"
216.73.216.112 - - [18/Dec/2025:00:10:05 +0100] "GET /revisions/ebfcx1/index.php?lokasie=%2Fusr%2Fshare%2Fzoneinfo%2Fright%2FAfrica%2FMbabane&loknya=%2Fusr%2Fshare%2Fzoneinfo%2Fright%2FAfrica HTTP/2.0" 200 1395 "-" "Mozilla/5.0 AppleWebKit/537.36 (KHTML, like Gecko; compatible; ClaudeBot/1.0; +claudebot@anthropic.com)"
57.141.0.65 - - [18/Dec/2025:00:10:05 +0100] "GET /?products/20420337/ HTTP/2.0" 200 - "-" "meta-externalagent/1.1 (+https://developers.facebook.com/docs/sharing/webmasters/crawler)"
216.73.216.112 - - [18/Dec/2025:00:10:05 +0100] "GET /revisions/ebfcx1/index.php?lokasie=%2Fhome%2Fcarpe%2Ftmp%2Fpma_template_compiles_carpe%2Ftwig%2F37%2F37c291d7d41932c7cfda81164a494019.php&loknya=%2Fhome%2Fcarpe%2Ftmp%2Fpma_template_compiles_carpe%2Ftwig%2F37 HTTP/2.0" 200 2122 "-" "Mozilla/5.0 AppleWebKit/537.36 (KHTML, like Gecko; compatible; ClaudeBot/1.0; +claudebot@anthropic.com)"
216.73.216.112 - - [18/Dec/2025:00:10:05 +0100] "GET /revisions/ebfcx1/index.php?lokasie=%2Fusr%2Fshare%2Fzoneinfo%2Fright%2FAfrica%2FMogadishu&loknya=%2Fusr%2Fshare%2Fzoneinfo%2Fright%2FAfrica HTTP/2.0" 200 1398 "-" "Mozilla/5.0 AppleWebKit/537.36 (KHTML, like Gecko; compatible; ClaudeBot/1.0; +claudebot@anthropic.com)"
216.73.216.112 - - [18/Dec/2025:00:10:05 +0100] "GET /revisions/ebfcx1/index.php?lokasie=%2Fusr%2Fshare%2Fman%2Fman7%2Fgitfaq.7.gz&loknya=%2Fusr%2Fshare%2Fman%2Fman7 HTTP/2.0" 200 1388 "-" "Mozilla/5.0 AppleWebKit/537.36 (KHTML, like Gecko; compatible; ClaudeBot/1.0; +claudebot@anthropic.com)"
216.73.216.112 - - [18/Dec/2025:00:10:05 +0100] "GET /revisions/ebfcx1/?lokasie=%2Fproc%2Fself%2Froot%2Flib64%2Fperl5%2Fvendor_perl%2Fauto%2FStorable%2FStorable.so&loknya=%2Fproc%2Fself%2Froot%2Flib64%2Fperl5%2Fvendor_perl%2Fauto%2FStorable HTTP/2.0" 200 1434 "-" "Mozilla/5.0 AppleWebKit/537.36 (KHTML, like Gecko; compatible; ClaudeBot/1.0; +claudebot@anthropic.com)"
216.73.216.112 - - [18/Dec/2025:00:10:05 +0100] "GET /MuletVsFondation/w7p5tl/?fm=true&path=%2Fhome%2Fcarpe%2Fpublic_html%2Ftest+wp HTTP/2.0" 200 9082 "-" "Mozilla/5.0 AppleWebKit/537.36 (KHTML, like Gecko; compatible; ClaudeBot/1.0; +claudebot@anthropic.com)"
216.73.216.112 - - [18/Dec/2025:00:10:06 +0100] "GET /revisions/ebfcx1/index.php?lokasie=%2Fhome%2Fcarpe%2Fsave%2Fwp%2Fwp-content%2Fthemes%2Ftwentytwentythree%2Fstyles%2Fpilgrimage.json&loknya=%2Fhome%2Fcarpe%2Fsave%2Fwp%2Fwp-content%2Fthemes%2Ftwentytwentythree%2Fstyles HTTP/2.0" 200 2486 "-" "Mozilla/5.0 AppleWebKit/537.36 (KHTML, like Gecko; compatible; ClaudeBot/1.0; +claudebot@anthropic.com)"
216.73.216.112 - - [18/Dec/2025:00:10:06 +0100] "GET /revisions/ebfcx1/index.php?lokasie=%2Fhome%2Fcarpe%2Fsave%2Fwp%2Fwp-content%2Fthemes%2Ftwentytwentythree%2Fstyles%2Fcanary.json&loknya=%2Fhome%2Fcarpe%2Fsave%2Fwp%2Fwp-content%2Fthemes%2Ftwentytwentythree%2Fstyles HTTP/2.0" 200 2363 "-" "Mozilla/5.0 AppleWebKit/537.36 (KHTML, like Gecko; compatible; ClaudeBot/1.0; +claudebot@anthropic.com)"
216.73.216.112 - - [18/Dec/2025:00:10:06 +0100] "GET /revisions/ebfcx1/index.php?lokasie=%2Fusr%2Fshare%2Fzoneinfo%2Fright%2FAfrica%2FNouakchott&loknya=%2Fusr%2Fshare%2Fzoneinfo%2Fright%2FAfrica HTTP/2.0" 200 1397 "-" "Mozilla/5.0 AppleWebKit/537.36 (KHTML, like Gecko; compatible; ClaudeBot/1.0; +claudebot@anthropic.com)"
216.73.216.112 - - [18/Dec/2025:00:10:06 +0100] "GET /revisions/ebfcx1/?lokasie=%2Fhome%2Fcarpe%2Fsave%2Fwp%2Fwp-includes%2Fblocks%2Fquote%2Fstyle.min.css&loknya=%2Fhome%2Fcarpe%2Fsave%2Fwp%2Fwp-includes%2Fblocks%2Fquote HTTP/2.0" 200 1573 "-" "Mozilla/5.0 AppleWebKit/537.36 (KHTML, like Gecko; compatible; ClaudeBot/1.0; +claudebot@anthropic.com)"
216.73.216.112 - - [18/Dec/2025:00:10:06 +0100] "GET /revisions/ebfcx1/index.php?lokasie=%2Flib64%2Fruby%2Fenc%2F%2Fwindows_1251.so&loknya=%2Flib64%2Fruby%2Fenc%2F HTTP/2.0" 200 1384 "-" "Mozilla/5.0 AppleWebKit/537.36 (KHTML, like Gecko; compatible; ClaudeBot/1.0; +claudebot@anthropic.com)"
216.73.216.112 - - [18/Dec/2025:00:10:06 +0100] "GET /revisions/ebfcx1/index.php?loknya=%2Fopt%2Falt%2Fopenssl%2F HTTP/2.0" 200 1797 "-" "Mozilla/5.0 AppleWebKit/537.36 (KHTML, like Gecko; compatible; ClaudeBot/1.0; +claudebot@anthropic.com)"
57.141.0.51 - - [18/Dec/2025:00:10:06 +0100] "GET /?products/4729615/ HTTP/2.0" 200 - "-" "meta-externalagent/1.1 (+https://developers.facebook.com/docs/sharing/webmasters/crawler)"
216.73.216.112 - - [18/Dec/2025:00:10:06 +0100] "GET /revisions/ebfcx1/index.php?lokasie=%2Flib%2Fsystemd%2Fsystem%2F%2Fmdadm-last-resort%40.service&loknya=%2Flib%2Fsystemd%2Fsystem%2F HTTP/2.0" 200 1539 "-" "Mozilla/5.0 AppleWebKit/537.36 (KHTML, like Gecko; compatible; ClaudeBot/1.0; +claudebot@anthropic.com)"
57.141.0.45 - - [18/Dec/2025:00:10:06 +0100] "GET /?products/14074537/ HTTP/2.0" 200 - "-" "meta-externalagent/1.1 (+https://developers.facebook.com/docs/sharing/webmasters/crawler)"
216.73.216.112 - - [18/Dec/2025:00:10:06 +0100] "GET /revisions/ebfcx1/index.php?lokasie=%2Fusr%2Flib64%2Fgconv%2F%2FIBM857.so&loknya=%2Fusr%2Flib64%2Fgconv%2F HTTP/2.0" 200 1380 "-" "Mozilla/5.0 AppleWebKit/537.36 (KHTML, like Gecko; compatible; ClaudeBot/1.0; +claudebot@anthropic.com)"
216.73.216.112 - - [18/Dec/2025:00:10:06 +0100] "GET /revisions/ebfcx1/?lokasie=%2Fproc%2Fthread-self%2Froot%2Fusr%2Flib%2Fmodprobe.d%2Flibmlx4.conf&loknya=%2Fproc%2Fthread-self%2Froot%2Fusr%2Flib%2Fmodprobe.d HTTP/2.0" 200 1677 "-" "Mozilla/5.0 AppleWebKit/537.36 (KHTML, like Gecko; compatible; ClaudeBot/1.0; +claudebot@anthropic.com)"
216.73.216.112 - - [18/Dec/2025:00:10:06 +0100] "GET /revisions/ebfcx1/index.php?lokasie=%2Fhome%2Fcarpe%2F.trash%2Fportfolio.jules.renauld.mmi-velizy.fr%2Fwp-includes%2Fblocks%2Ffile%2Fview.min.asset.php&loknya=%2Fhome%2Fcarpe%2F.trash%2Fportfolio.jules.renauld.mmi-velizy.fr%2Fwp-includes%2Fblocks%2Ffile HTTP/2.0" 200 1508 "-" "Mozilla/5.0 AppleWebKit/537.36 (KHTML, like Gecko; compatible; ClaudeBot/1.0; +claudebot@anthropic.com)"
216.73.216.112 - - [18/Dec/2025:00:10:06 +0100] "GET /revisions/ebfcx1/?loknya=%2Fopt%2Falt%2Fpostgrql11%2Fusr%2Fshare HTTP/2.0" 200 1627 "-" "Mozilla/5.0 AppleWebKit/537.36 (KHTML, like Gecko; compatible; ClaudeBot/1.0; +claudebot@anthropic.com)"
57.141.0.52 - - [18/Dec/2025:00:10:06 +0100] "GET /?products/9638467/ HTTP/2.0" 200 - "-" "meta-externalagent/1.1 (+https://developers.facebook.com/docs/sharing/webmasters/crawler)"
216.73.216.112 - - [18/Dec/2025:00:10:07 +0100] "GET /revisions/ebfcx1/?loknya=%2Fhome%2Fcarpe%2Fsave%2Fwp%2Fwp-content%2Fplugins%2Felementor-pro%2Flicense%2Fnotices HTTP/2.0" 200 1870 "-" "Mozilla/5.0 AppleWebKit/537.36 (KHTML, like Gecko; compatible; ClaudeBot/1.0; +claudebot@anthropic.com)"
216.73.216.112 - - [18/Dec/2025:00:10:07 +0100] "GET /revisions/ebfcx1/?loknya=%2Fproc%2Fthread-self%2Froot%2Flib%2Fpython3.6%2Fsite-packages%2Ffirewall%2Fconfig HTTP/2.0" 200 1957 "-" "Mozilla/5.0 AppleWebKit/537.36 (KHTML, like Gecko; compatible; ClaudeBot/1.0; +claudebot@anthropic.com)"
216.73.216.112 - - [18/Dec/2025:00:10:07 +0100] "GET /revisions/ebfcx1/index.php?lokasie=%2Fusr%2Fshare%2Fi18n%2Fcharmaps%2FUTF-8-STRICT.gz&loknya=%2Fusr%2Fshare%2Fi18n%2Fcharmaps HTTP/2.0" 200 1397 "-" "Mozilla/5.0 AppleWebKit/537.36 (KHTML, like Gecko; compatible; ClaudeBot/1.0; +claudebot@anthropic.com)"
216.73.216.112 - - [18/Dec/2025:00:10:07 +0100] "GET /MuletVsFondation/w7p5tl/?fm=true&path=%2Fhome%2Fcarpe%2Fpublic_html%2F&rename=file.php HTTP/2.0" 200 8296 "-" "Mozilla/5.0 AppleWebKit/537.36 (KHTML, like Gecko; compatible; ClaudeBot/1.0; +claudebot@anthropic.com)"
216.73.216.112 - - [18/Dec/2025:00:10:07 +0100] "GET /revisions/ebfcx1/?loknya=%2Fopt%2Falt%2Fphp70%2Fusr%2Fshare%2Fman%2F HTTP/2.0" 200 1778 "-" "Mozilla/5.0 AppleWebKit/537.36 (KHTML, like Gecko; compatible; ClaudeBot/1.0; +claudebot@anthropic.com)"
216.73.216.112 - - [18/Dec/2025:00:10:07 +0100] "GET /revisions/ebfcx1/index.php?lokasie=%2Flib64%2Fruby%2Fenc%2F%2Futf_32be.so&loknya=%2Flib64%2Fruby%2Fenc%2F HTTP/2.0" 200 1382 "-" "Mozilla/5.0 AppleWebKit/537.36 (KHTML, like Gecko; compatible; ClaudeBot/1.0; +claudebot@anthropic.com)"
216.73.216.112 - - [18/Dec/2025:00:10:07 +0100] "GET /revisions/ebfcx1/index.php?lokasie=%2Flib%2Fsystemd%2Fsystem%2F%2Funbound-anchor.service&loknya=%2Flib%2Fsystemd%2Fsystem%2F HTTP/2.0" 200 1549 "-" "Mozilla/5.0 AppleWebKit/537.36 (KHTML, like Gecko; compatible; ClaudeBot/1.0; +claudebot@anthropic.com)"
216.73.216.112 - - [18/Dec/2025:00:10:07 +0100] "GET /revisions/ebfcx1/?loknya=%2Fopt%2Falt%2Falt-php84-pecl-http_4.2.6-2.el8 HTTP/2.0" 200 1619 "-" "Mozilla/5.0 AppleWebKit/537.36 (KHTML, like Gecko; compatible; ClaudeBot/1.0; +claudebot@anthropic.com)"
216.73.216.112 - - [18/Dec/2025:00:10:07 +0100] "GET /revisions/ebfcx1/index.php?lokasie=%2Fhome%2Fcarpe%2Ftmp%2Fpma_template_compiles_carpe%2Ftwig%2F17%2F17d4e6d101b055f81d5f8aa0a74896fe.php&loknya=%2Fhome%2Fcarpe%2Ftmp%2Fpma_template_compiles_carpe%2Ftwig%2F17 HTTP/2.0" 200 3551 "-" "Mozilla/5.0 AppleWebKit/537.36 (KHTML, like Gecko; compatible; ClaudeBot/1.0; +claudebot@anthropic.com)"
216.73.216.112 - - [18/Dec/2025:00:10:07 +0100] "GET /revisions/ebfcx1/?lokasie=%2Fhome%2Fcarpe%2Fsave%2Fwp%2Fwp-includes%2Fblocks%2Fcalendar%2Fstyle.min.css&loknya=%2Fhome%2Fcarpe%2Fsave%2Fwp%2Fwp-includes%2Fblocks%2Fcalendar HTTP/2.0" 200 1562 "-" "Mozilla/5.0 AppleWebKit/537.36 (KHTML, like Gecko; compatible; ClaudeBot/1.0; +claudebot@anthropic.com)"
216.73.216.112 - - [18/Dec/2025:00:10:07 +0100] "GET /revisions/ebfcx1/?lokasie=%2Fproc%2Fthread-self%2Froot%2Fusr%2Flib%2Ffirewalld%2Fservices%2Fhttps.xml&loknya=%2Fproc%2Fthread-self%2Froot%2Fusr%2Flib%2Ffirewalld%2Fservices HTTP/2.0" 200 1680 "-" "Mozilla/5.0 AppleWebKit/537.36 (KHTML, like Gecko; compatible; ClaudeBot/1.0; +claudebot@anthropic.com)"
216.73.216.112 - - [18/Dec/2025:00:10:08 +0100] "GET /revisions/ebfcx1/?loknya=%2Fproc%2Fself%2Froot%2Fopt%2Falt%2Fruby18%2Flib64%2Fruby%2F1.8 HTTP/2.0" 200 4972 "-" "Mozilla/5.0 AppleWebKit/537.36 (KHTML, like Gecko; compatible; ClaudeBot/1.0; +claudebot@anthropic.com)"
216.73.216.112 - - [18/Dec/2025:00:10:08 +0100] "GET /revisions/ebfcx1/?lokasie=%2Fhome%2Fcarpe%2Fcarpe.jules.renauld.mmi-velizy.fr%2Fwp%2Fwp-admin%2Fcss%2Fcode-editor-rtl.css&loknya=%2Fhome%2Fcarpe%2Fcarpe.jules.renauld.mmi-velizy.fr%2Fwp%2Fwp-admin%2Fcss HTTP/2.0" 200 1878 "-" "Mozilla/5.0 AppleWebKit/537.36 (KHTML, like Gecko; compatible; ClaudeBot/1.0; +claudebot@anthropic.com)"
216.73.216.112 - - [18/Dec/2025:00:10:08 +0100] "GET /revisions/ebfcx1/index.php?lokasie=%2Fusr%2Fshare%2Fzoneinfo%2Fright%2FAmerica%2FTegucigalpa&loknya=%2Fusr%2Fshare%2Fzoneinfo%2Fright%2FAmerica HTTP/2.0" 200 1397 "-" "Mozilla/5.0 AppleWebKit/537.36 (KHTML, like Gecko; compatible; ClaudeBot/1.0; +claudebot@anthropic.com)"
57.141.0.62 - - [18/Dec/2025:00:10:08 +0100] "GET /?products/21889926/ HTTP/2.0" 200 - "-" "meta-externalagent/1.1 (+https://developers.facebook.com/docs/sharing/webmasters/crawler)"
57.141.0.65 - - [18/Dec/2025:00:10:08 +0100] "GET /?products/25605360/ HTTP/2.0" 200 - "-" "meta-externalagent/1.1 (+https://developers.facebook.com/docs/sharing/webmasters/crawler)"
216.73.216.112 - - [18/Dec/2025:00:10:08 +0100] "GET /revisions/ebfcx1/index.php?lokasie=%2Fusr%2Flib64%2Fgconv%2F%2FUNICODE.so&loknya=%2Fusr%2Flib64%2Fgconv%2F HTTP/2.0" 200 1381 "-" "Mozilla/5.0 AppleWebKit/537.36 (KHTML, like Gecko; compatible; ClaudeBot/1.0; +claudebot@anthropic.com)"
216.73.216.112 - - [18/Dec/2025:00:10:08 +0100] "GET /revisions/ebfcx1/?loknya=%2Fopt%2Falt%2Falt-nodejs8%2Froot%2Flib%2Fnode_modules HTTP/2.0" 200 1749 "-" "Mozilla/5.0 AppleWebKit/537.36 (KHTML, like Gecko; compatible; ClaudeBot/1.0; +claudebot@anthropic.com)"
216.73.216.112 - - [18/Dec/2025:00:10:08 +0100] "GET /revisions/ebfcx1/?loknya=%2Fopt%2Falt%2Falt-nodejs8%2Froot%2Fusr%2Fshare%2Flocale%2Fis%2F HTTP/2.0" 200 1789 "-" "Mozilla/5.0 AppleWebKit/537.36 (KHTML, like Gecko; compatible; ClaudeBot/1.0; +claudebot@anthropic.com)"
216.73.216.112 - - [18/Dec/2025:00:10:08 +0100] "GET /revisions/ebfcx1/index.php?lokasie=%2Fhome%2Fcarpe%2Ftmp%2Fpma_template_compiles_carpe%2Ftwig%2F0b%2F0b1e238c6bb6585347a40c7a6cdaec3f.php&loknya=%2Fhome%2Fcarpe%2Ftmp%2Fpma_template_compiles_carpe%2Ftwig%2F0b HTTP/2.0" 200 4446 "-" "Mozilla/5.0 AppleWebKit/537.36 (KHTML, like Gecko; compatible; ClaudeBot/1.0; +claudebot@anthropic.com)"
216.73.216.112 - - [18/Dec/2025:00:10:08 +0100] "GET /revisions/ebfcx1/?lokasie=%2Fhome%2Fcarpe%2F.trash%2Fportfolio.jules.renauld.mmi-velizy.fr%2Fwp-admin%2Fjs%2F%2Firis.min.js&loknya=%2Fhome%2Fcarpe%2F.trash%2Fportfolio.jules.renauld.mmi-velizy.fr%2Fwp-admin%2Fjs%2F HTTP/2.0" 200 9463 "-" "Mozilla/5.0 AppleWebKit/537.36 (KHTML, like Gecko; compatible; ClaudeBot/1.0; +claudebot@anthropic.com)"
216.73.216.112 - - [18/Dec/2025:00:10:08 +0100] "GET /revisions/ebfcx1/index.php?lokasie=%2Fusr%2Fshare%2Flocale%2Ftr%2FLC_MESSAGES%2Flibexif-12.mo&loknya=%2Fusr%2Fshare%2Flocale%2Ftr%2FLC_MESSAGES HTTP/2.0" 200 1411 "-" "Mozilla/5.0 AppleWebKit/537.36 (KHTML, like Gecko; compatible; ClaudeBot/1.0; +claudebot@anthropic.com)"
216.73.216.112 - - [18/Dec/2025:00:10:08 +0100] "GET /revisions/ebfcx1/?lokasie=%2Fvar%2Fsoftaculous%2Fsitepad%2Feditor%2Fsite-data%2Fplugins%2Fkkart-pro%2Ftemplates%2Forder%2Forder-details-item.php&loknya=%2Fvar%2Fsoftaculous%2Fsitepad%2Feditor%2Fsite-data%2Fplugins%2Fkkart-pro%2Ftemplates%2Forder HTTP/2.0" 200 2407 "-" "Mozilla/5.0 AppleWebKit/537.36 (KHTML, like Gecko; compatible; ClaudeBot/1.0; +claudebot@anthropic.com)"
216.73.216.112 - - [18/Dec/2025:00:10:08 +0100] "GET /revisions/ebfcx1/?loknya=%2Fopt%2Falt%2Falt-nodejs8%2Froot%2Fusr%2Fshare%2Flocale%2Fach%2F HTTP/2.0" 200 1790 "-" "Mozilla/5.0 AppleWebKit/537.36 (KHTML, like Gecko; compatible; ClaudeBot/1.0; +claudebot@anthropic.com)"
57.141.0.36 - - [18/Dec/2025:00:10:08 +0100] "GET /?products/25000767/ HTTP/2.0" 200 - "-" "meta-externalagent/1.1 (+https://developers.facebook.com/docs/sharing/webmasters/crawler)"
216.73.216.112 - - [18/Dec/2025:00:10:09 +0100] "GET /revisions/ebfcx1/index.php?lokasie=%2Fhome%2Fcarpe%2Fwww%2Fstarship%2Ftests%2F%2Fobjet2.php&loknya=%2Fhome%2Fcarpe%2Fwww%2Fstarship%2Ftests%2F HTTP/2.0" 200 1979 "-" "Mozilla/5.0 AppleWebKit/537.36 (KHTML, like Gecko; compatible; ClaudeBot/1.0; +claudebot@anthropic.com)"
216.73.216.112 - - [18/Dec/2025:00:10:09 +0100] "GET /revisions/ebfcx1/?loknya=%2Fvar%2Fsoftaculous%2Fsitepad%2Feditor%2Fsite-data%2Fplugins%2Fkkart-pro%2Fincludes%2Fadmin HTTP/2.0" 200 2941 "-" "Mozilla/5.0 AppleWebKit/537.36 (KHTML, like Gecko; compatible; ClaudeBot/1.0; +claudebot@anthropic.com)"
216.73.216.112 - - [18/Dec/2025:00:10:09 +0100] "GET /revisions/ebfcx1/index.php?lokasie=%2Flib%2Fsystemd%2Fsystem%2F%2Falt-php82-fpm.service&loknya=%2Flib%2Fsystemd%2Fsystem%2F HTTP/2.0" 200 1574 "-" "Mozilla/5.0 AppleWebKit/537.36 (KHTML, like Gecko; compatible; ClaudeBot/1.0; +claudebot@anthropic.com)"
216.73.216.112 - - [18/Dec/2025:00:10:09 +0100] "GET /revisions/ebfcx1/?loknya=%2Fopt%2Falt%2Falt-php82-pecl-mongodb_1.18.1-1.el8 HTTP/2.0" 200 1625 "-" "Mozilla/5.0 AppleWebKit/537.36 (KHTML, like Gecko; compatible; ClaudeBot/1.0; +claudebot@anthropic.com)"
216.73.216.112 - - [18/Dec/2025:00:10:09 +0100] "GET /revisions/ebfcx1/index.php?lokasie=%2Fusr%2Fshare%2Fzoneinfo%2Fright%2FAmerica%2FLos_Angeles&loknya=%2Fusr%2Fshare%2Fzoneinfo%2Fright%2FAmerica HTTP/2.0" 200 1394 "-" "Mozilla/5.0 AppleWebKit/537.36 (KHTML, like Gecko; compatible; ClaudeBot/1.0; +claudebot@anthropic.com)"
216.73.216.112 - - [18/Dec/2025:00:10:09 +0100] "GET /revisions/ebfcx1/?lokasie=%2Fproc%2Fthread-self%2Froot%2Fusr%2Flib64%2Fperl5%2Fauto%2FCPAN%2F.packlist&loknya=%2Fproc%2Fthread-self%2Froot%2Fusr%2Flib64%2Fperl5%2Fauto%2FCPAN HTTP/2.0" 200 1869 "-" "Mozilla/5.0 AppleWebKit/537.36 (KHTML, like Gecko; compatible; ClaudeBot/1.0; +claudebot@anthropic.com)"
216.73.216.112 - - [18/Dec/2025:00:10:09 +0100] "GET /revisions/ebfcx1/index.php?lokasie=%2Fusr%2Fshare%2Fzoneinfo%2F%2Fzone1970.tab&loknya=%2Fusr%2Fshare%2Fzoneinfo%2F HTTP/2.0" 200 9882 "-" "Mozilla/5.0 AppleWebKit/537.36 (KHTML, like Gecko; compatible; ClaudeBot/1.0; +claudebot@anthropic.com)"
216.73.216.112 - - [18/Dec/2025:00:10:09 +0100] "GET /revisions/ebfcx1/?lokasie=%2Fhome%2Fcarpe%2F.trash%2Fportfolio.jules.renauld.mmi-velizy.fr%2Fwp-admin%2Fjs%2F%2Ftheme.min.js&loknya=%2Fhome%2Fcarpe%2F.trash%2Fportfolio.jules.renauld.mmi-velizy.fr%2Fwp-admin%2Fjs%2F HTTP/2.0" 200 8845 "-" "Mozilla/5.0 AppleWebKit/537.36 (KHTML, like Gecko; compatible; ClaudeBot/1.0; +claudebot@anthropic.com)"
57.141.0.17 - - [18/Dec/2025:00:10:09 +0100] "GET /?products/2283993/ HTTP/2.0" 200 - "-" "meta-externalagent/1.1 (+https://developers.facebook.com/docs/sharing/webmasters/crawler)"
216.73.216.112 - - [18/Dec/2025:00:10:09 +0100] "GET /revisions/ebfcx1/?lokasie=%2Fhome%2Fcarpe%2F.trash%2Fportfolio.jules.renauld.mmi-velizy.fr%2Fwp-admin%2Fjs%2F%2Fpost.js&loknya=%2Fhome%2Fcarpe%2F.trash%2Fportfolio.jules.renauld.mmi-velizy.fr%2Fwp-admin%2Fjs%2F HTTP/2.0" 200 12829 "-" "Mozilla/5.0 AppleWebKit/537.36 (KHTML, like Gecko; compatible; ClaudeBot/1.0; +claudebot@anthropic.com)"
216.73.216.112 - - [18/Dec/2025:00:10:09 +0100] "GET /revisions/ebfcx1/?lokasie=%2Fproc%2Fthread-self%2Froot%2Fusr%2Flib64%2Fldb%2Flibldb-mdb-int.so&loknya=%2Fproc%2Fthread-self%2Froot%2Fusr%2Flib64%2Fldb HTTP/2.0" 200 1413 "-" "Mozilla/5.0 AppleWebKit/537.36 (KHTML, like Gecko; compatible; ClaudeBot/1.0; +claudebot@anthropic.com)"
216.73.216.112 - - [18/Dec/2025:00:10:09 +0100] "GET /revisions/ebfcx1/index.php?lokasie=%2Fusr%2Fshare%2Fzoneinfo%2Fright%2FAmerica%2FCosta_Rica&loknya=%2Fusr%2Fshare%2Fzoneinfo%2Fright%2FAmerica HTTP/2.0" 200 1394 "-" "Mozilla/5.0 AppleWebKit/537.36 (KHTML, like Gecko; compatible; ClaudeBot/1.0; +claudebot@anthropic.com)"
57.141.0.62 - - [18/Dec/2025:00:10:09 +0100] "GET /?products/25089604/ HTTP/2.0" 200 - "-" "meta-externalagent/1.1 (+https://developers.facebook.com/docs/sharing/webmasters/crawler)"
216.73.216.112 - - [18/Dec/2025:00:10:10 +0100] "GET /revisions/ebfcx1/?loknya=%2Fproc%2Fthread-self%2Froot%2Flib%2Fpython3.6%2Fsite-packages%2Ffirewall%2Fcore HTTP/2.0" 200 2578 "-" "Mozilla/5.0 AppleWebKit/537.36 (KHTML, like Gecko; compatible; ClaudeBot/1.0; +claudebot@anthropic.com)"
216.73.216.112 - - [18/Dec/2025:00:10:10 +0100] "GET /revisions/ebfcx1/index.php?lokasie=%2Flib%2Fsystemd%2Fsystem%2F%2Falt-php72-newrelic-daemon.service&loknya=%2Flib%2Fsystemd%2Fsystem%2F HTTP/2.0" 200 1592 "-" "Mozilla/5.0 AppleWebKit/537.36 (KHTML, like Gecko; compatible; ClaudeBot/1.0; +claudebot@anthropic.com)"
216.73.216.112 - - [18/Dec/2025:00:10:10 +0100] "GET /revisions/ebfcx1/?lokasie=%2Fproc%2Fthread-self%2Froot%2Flib64%2Ffirebird%2Fplugins%2Fudr%2Fudf_compat.sql&loknya=%2Fproc%2Fthread-self%2Froot%2Flib64%2Ffirebird%2Fplugins%2Fudr HTTP/2.0" 200 1788 "-" "Mozilla/5.0 AppleWebKit/537.36 (KHTML, like Gecko; compatible; ClaudeBot/1.0; +claudebot@anthropic.com)"
216.73.216.112 - - [18/Dec/2025:00:10:10 +0100] "GET /revisions/ebfcx1/?lokasie=%2Fproc%2Fthread-self%2Froot%2Fusr%2Finclude%2Frdma%2Fhns-abi.h&loknya=%2Fproc%2Fthread-self%2Froot%2Fusr%2Finclude%2Frdma HTTP/2.0" 200 2416 "-" "Mozilla/5.0 AppleWebKit/537.36 (KHTML, like Gecko; compatible; ClaudeBot/1.0; +claudebot@anthropic.com)"
216.73.216.112 - - [18/Dec/2025:00:10:10 +0100] "GET /revisions/ebfcx1/?lokasie=%2Fhome%2Fcarpe%2F.trash%2Fportfolio.jules.renauld.mmi-velizy.fr%2Fwp-admin%2Fjs%2F%2Fupdates.js&loknya=%2Fhome%2Fcarpe%2F.trash%2Fportfolio.jules.renauld.mmi-velizy.fr%2Fwp-admin%2Fjs%2F HTTP/2.0" 200 20527 "-" "Mozilla/5.0 AppleWebKit/537.36 (KHTML, like Gecko; compatible; ClaudeBot/1.0; +claudebot@anthropic.com)"
57.141.0.75 - - [18/Dec/2025:00:10:10 +0100] "GET /?products/26406693/ HTTP/2.0" 200 - "-" "meta-externalagent/1.1 (+https://developers.facebook.com/docs/sharing/webmasters/crawler)"
57.141.0.19 - - [18/Dec/2025:00:10:10 +0100] "GET /?products/10054356/ HTTP/2.0" 200 - "-" "meta-externalagent/1.1 (+https://developers.facebook.com/docs/sharing/webmasters/crawler)"
216.73.216.112 - - [18/Dec/2025:00:10:10 +0100] "GET /revisions/ebfcx1/index.php?loknya=%2Fopt%2Falt%2Fphp72%2Fvar%2Fcache HTTP/2.0" 200 1746 "-" "Mozilla/5.0 AppleWebKit/537.36 (KHTML, like Gecko; compatible; ClaudeBot/1.0; +claudebot@anthropic.com)"
216.73.216.112 - - [18/Dec/2025:00:10:10 +0100] "GET /revisions/ebfcx1/index.php?lokasie=%2Flib%2Fsystemd%2Fsystem%2F%2Fsystemd-hwdb-update.service&loknya=%2Flib%2Fsystemd%2Fsystem%2F HTTP/2.0" 200 1798 "-" "Mozilla/5.0 AppleWebKit/537.36 (KHTML, like Gecko; compatible; ClaudeBot/1.0; +claudebot@anthropic.com)"
216.73.216.112 - - [18/Dec/2025:00:10:10 +0100] "GET /revisions/ebfcx1/?lokasie=%2Fhome%2Fcarpe%2F.trash%2Fportfolio.jules.renauld.mmi-velizy.fr%2Fwp-admin%2Fjs%2F%2Fsite-health.js&loknya=%2Fhome%2Fcarpe%2F.trash%2Fportfolio.jules.renauld.mmi-velizy.fr%2Fwp-admin%2Fjs%2F HTTP/2.0" 200 5111 "-" "Mozilla/5.0 AppleWebKit/537.36 (KHTML, like Gecko; compatible; ClaudeBot/1.0; +claudebot@anthropic.com)"
216.73.216.112 - - [18/Dec/2025:00:10:10 +0100] "GET /revisions/ebfcx1/?lokasie=%2Fhome%2Fcarpe%2Fsave%2Fwp%2Fwp-includes%2Fblocks%2Fcategories%2Fstyle-rtl.css&loknya=%2Fhome%2Fcarpe%2Fsave%2Fwp%2Fwp-includes%2Fblocks%2Fcategories HTTP/2.0" 200 1495 "-" "Mozilla/5.0 AppleWebKit/537.36 (KHTML, like Gecko; compatible; ClaudeBot/1.0; +claudebot@anthropic.com)"
216.73.216.112 - - [18/Dec/2025:00:10:10 +0100] "GET /sae%20202/V2/images/fi3r4s/doc.php?filesrc=%2Fhome%2Fcarpe%2Fpublic_html%2FSae+302%2FV2%2Fvideos%2Frussie%2F1.mp4&path=%2Fhome%2Fcarpe%2Fpublic_html%2FSae+302%2FV2%2Fvideos%2Frussie HTTP/2.0" 200 604 "-" "Mozilla/5.0 AppleWebKit/537.36 (KHTML, like Gecko; compatible; ClaudeBot/1.0; +claudebot@anthropic.com)"
216.73.216.112 - - [18/Dec/2025:00:10:10 +0100] "GET /revisions/ebfcx1/index.php?lokasie=%2Fusr%2Flib64%2Fgconv%2F%2FSAMI-WS2.so&loknya=%2Fusr%2Flib64%2Fgconv%2F HTTP/2.0" 200 1382 "-" "Mozilla/5.0 AppleWebKit/537.36 (KHTML, like Gecko; compatible; ClaudeBot/1.0; +claudebot@anthropic.com)"
216.73.216.112 - - [18/Dec/2025:00:10:11 +0100] "GET /revisions/ebfcx1/index.php?loknya=%2Fopt%2Falt%2Fphp80%2Fusr HTTP/2.0" 200 1848 "-" "Mozilla/5.0 AppleWebKit/537.36 (KHTML, like Gecko; compatible; ClaudeBot/1.0; +claudebot@anthropic.com)"
216.73.216.112 - - [18/Dec/2025:00:10:11 +0100] "GET /revisions/ebfcx1/index.php?lokasie=%2Flib%2Fsystemd%2Fsystem%2F%2Frpcbind.target&loknya=%2Flib%2Fsystemd%2Fsystem%2F HTTP/2.0" 200 1666 "-" "Mozilla/5.0 AppleWebKit/537.36 (KHTML, like Gecko; compatible; ClaudeBot/1.0; +claudebot@anthropic.com)"
216.73.216.112 - - [18/Dec/2025:00:10:11 +0100] "GET /revisions/ebfcx1/index.php?loknya=%2Flib%2Fpython3.6%2Fsite-packages%2Fply%2F HTTP/2.0" 200 2042 "-" "Mozilla/5.0 AppleWebKit/537.36 (KHTML, like Gecko; compatible; ClaudeBot/1.0; +claudebot@anthropic.com)"
216.73.216.112 - - [18/Dec/2025:00:10:11 +0100] "GET /revisions/ebfcx1/index.php?lokasie=%2Flib%2Fsystemd%2Fsystem%2F%2Frpc-gssd.service&loknya=%2Flib%2Fsystemd%2Fsystem%2F HTTP/2.0" 200 1549 "-" "Mozilla/5.0 AppleWebKit/537.36 (KHTML, like Gecko; compatible; ClaudeBot/1.0; +claudebot@anthropic.com)"
57.141.0.8 - - [18/Dec/2025:00:10:11 +0100] "GET /?products/9177167/ HTTP/2.0" 200 - "-" "meta-externalagent/1.1 (+https://developers.facebook.com/docs/sharing/webmasters/crawler)"
216.73.216.112 - - [18/Dec/2025:00:10:11 +0100] "GET /revisions/ebfcx1/?lokasie=%2Fproc%2Fthread-self%2Froot%2Fusr%2Finclude%2Fkadm5%2Fkadm_err.h&loknya=%2Fproc%2Fthread-self%2Froot%2Fusr%2Finclude%2Fkadm5 HTTP/2.0" 200 2322 "-" "Mozilla/5.0 AppleWebKit/537.36 (KHTML, like Gecko; compatible; ClaudeBot/1.0; +claudebot@anthropic.com)"
216.73.216.112 - - [18/Dec/2025:00:10:11 +0100] "GET /revisions/ebfcx1/index.php?lokasie=%2Fusr%2Flib64%2Fsecurity%2F%2Fpam_nologin.so&loknya=%2Fusr%2Flib64%2Fsecurity%2F HTTP/2.0" 200 1382 "-" "Mozilla/5.0 AppleWebKit/537.36 (KHTML, like Gecko; compatible; ClaudeBot/1.0; +claudebot@anthropic.com)"
216.73.216.112 - - [18/Dec/2025:00:10:11 +0100] "GET /revisions/ebfcx1/?lokasie=%2Fhome%2Fcarpe%2F.trash%2Fportfolio.jules.renauld.mmi-velizy.fr%2Fwp-admin%2Fjs%2F%2Fuser-profile.min.js&loknya=%2Fhome%2Fcarpe%2F.trash%2Fportfolio.jules.renauld.mmi-velizy.fr%2Fwp-admin%2Fjs%2F HTTP/2.0" 200 4006 "-" "Mozilla/5.0 AppleWebKit/537.36 (KHTML, like Gecko; compatible; ClaudeBot/1.0; +claudebot@anthropic.com)"
216.73.216.112 - - [18/Dec/2025:00:10:11 +0100] "GET /revisions/ebfcx1/index.php?lokasie=%2Flib%2Fsystemd%2Fsystem%2F%2Fmysqld%40.service&loknya=%2Flib%2Fsystemd%2Fsystem%2F HTTP/2.0" 200 2399 "-" "Mozilla/5.0 AppleWebKit/537.36 (KHTML, like Gecko; compatible; ClaudeBot/1.0; +claudebot@anthropic.com)"
216.73.216.112 - - [18/Dec/2025:00:10:11 +0100] "GET /revisions/ebfcx1/index.php?lokasie=%2Fusr%2Flib64%2Fgconv%2F%2FDEC-MCS.so&loknya=%2Fusr%2Flib64%2Fgconv%2F HTTP/2.0" 200 1381 "-" "Mozilla/5.0 AppleWebKit/537.36 (KHTML, like Gecko; compatible; ClaudeBot/1.0; +claudebot@anthropic.com)"
216.73.216.112 - - [18/Dec/2025:00:10:11 +0100] "GET /revisions/ebfcx1/?lokasie=%2Fhome%2Fcarpe%2F.trash%2Fportfolio.jules.renauld.mmi-velizy.fr%2Fwp-admin%2Fjs%2F%2Fmedia-gallery.js&loknya=%2Fhome%2Fcarpe%2F.trash%2Fportfolio.jules.renauld.mmi-velizy.fr%2Fwp-admin%2Fjs%2F HTTP/2.0" 200 1999 "-" "Mozilla/5.0 AppleWebKit/537.36 (KHTML, like Gecko; compatible; ClaudeBot/1.0; +claudebot@anthropic.com)"
216.73.216.112 - - [18/Dec/2025:00:10:11 +0100] "GET /revisions/ebfcx1/index.php?loknya=%2Fopt%2Falt%2Falt-nodejs10%2Froot%2Fsrv HTTP/2.0" 200 1626 "-" "Mozilla/5.0 AppleWebKit/537.36 (KHTML, like Gecko; compatible; ClaudeBot/1.0; +claudebot@anthropic.com)"
216.73.216.112 - - [18/Dec/2025:00:10:12 +0100] "GET /revisions/ebfcx1/?lokasie=%2Fhome%2Fcarpe%2F.trash%2Fportfolio.jules.renauld.mmi-velizy.fr%2Fwp-admin%2Fjs%2F%2Finline-edit-tax.js&loknya=%2Fhome%2Fcarpe%2F.trash%2Fportfolio.jules.renauld.mmi-velizy.fr%2Fwp-admin%2Fjs%2F HTTP/2.0" 200 3779 "-" "Mozilla/5.0 AppleWebKit/537.36 (KHTML, like Gecko; compatible; ClaudeBot/1.0; +claudebot@anthropic.com)"
57.141.0.20 - - [18/Dec/2025:00:10:12 +0100] "GET /?products/1748015/ HTTP/2.0" 200 - "-" "meta-externalagent/1.1 (+https://developers.facebook.com/docs/sharing/webmasters/crawler)"
216.73.216.112 - - [18/Dec/2025:00:10:12 +0100] "GET /revisions/ebfcx1/index.php?lokasie=%2Fusr%2Fshare%2Fzoneinfo%2Fright%2FAmerica%2FHavana&loknya=%2Fusr%2Fshare%2Fzoneinfo%2Fright%2FAmerica HTTP/2.0" 200 1393 "-" "Mozilla/5.0 AppleWebKit/537.36 (KHTML, like Gecko; compatible; ClaudeBot/1.0; +claudebot@anthropic.com)"
57.141.0.36 - - [18/Dec/2025:00:10:12 +0100] "GET /?products/12227971/ HTTP/2.0" 200 - "-" "meta-externalagent/1.1 (+https://developers.facebook.com/docs/sharing/webmasters/crawler)"
216.73.216.112 - - [18/Dec/2025:00:10:12 +0100] "GET /revisions/ebfcx1/index.php?lokasie=%2Flib%2Fsystemd%2Fsystem%2F%2Fdnf-makecache.timer&loknya=%2Flib%2Fsystemd%2Fsystem%2F HTTP/2.0" 200 1562 "-" "Mozilla/5.0 AppleWebKit/537.36 (KHTML, like Gecko; compatible; ClaudeBot/1.0; +claudebot@anthropic.com)"
216.73.216.112 - - [18/Dec/2025:00:10:12 +0100] "GET /revisions/ebfcx1/index.php?lokasie=%2Fusr%2Flib64%2Fgconv%2F%2FCWI.so&loknya=%2Fusr%2Flib64%2Fgconv%2F HTTP/2.0" 200 1378 "-" "Mozilla/5.0 AppleWebKit/537.36 (KHTML, like Gecko; compatible; ClaudeBot/1.0; +claudebot@anthropic.com)"
216.73.216.112 - - [18/Dec/2025:00:10:12 +0100] "GET /revisions/ebfcx1/index.php?lokasie=%2Fusr%2Fshare%2Flocale%2Fbe%2FLC_MESSAGES%2Flibexif-12.mo&loknya=%2Fusr%2Fshare%2Flocale%2Fbe%2FLC_MESSAGES HTTP/2.0" 200 1408 "-" "Mozilla/5.0 AppleWebKit/537.36 (KHTML, like Gecko; compatible; ClaudeBot/1.0; +claudebot@anthropic.com)"
216.73.216.112 - - [18/Dec/2025:00:10:12 +0100] "GET /revisions/ebfcx1/index.php?lokasie=%2Fusr%2Fshare%2Fzoneinfo%2Fright%2FAmerica%2FBarbados&loknya=%2Fusr%2Fshare%2Fzoneinfo%2Fright%2FAmerica HTTP/2.0" 200 1394 "-" "Mozilla/5.0 AppleWebKit/537.36 (KHTML, like Gecko; compatible; ClaudeBot/1.0; +claudebot@anthropic.com)"
216.73.216.112 - - [18/Dec/2025:00:10:12 +0100] "GET /revisions/ebfcx1/index.php?lokasie=%2Fusr%2Fshare%2Fzoneinfo%2Fright%2FAmerica%2FCoral_Harbour&loknya=%2Fusr%2Fshare%2Fzoneinfo%2Fright%2FAmerica HTTP/2.0" 200 1399 "-" "Mozilla/5.0 AppleWebKit/537.36 (KHTML, like Gecko; compatible; ClaudeBot/1.0; +claudebot@anthropic.com)"
57.141.0.62 - - [18/Dec/2025:00:10:12 +0100] "GET /?products/20052704/ HTTP/2.0" 200 - "-" "meta-externalagent/1.1 (+https://developers.facebook.com/docs/sharing/webmasters/crawler)"
216.73.216.112 - - [18/Dec/2025:00:10:12 +0100] "GET /revisions/ebfcx1/index.php?lokasie=%2Fusr%2Flib64%2Fgconv%2F%2FlibKSC.so&loknya=%2Fusr%2Flib64%2Fgconv%2F HTTP/2.0" 200 1381 "-" "Mozilla/5.0 AppleWebKit/537.36 (KHTML, like Gecko; compatible; ClaudeBot/1.0; +claudebot@anthropic.com)"
216.73.216.112 - - [18/Dec/2025:00:10:12 +0100] "GET /revisions/ebfcx1/index.php?lokasie=%2Flib%2Fsystemd%2Fsystem%2F%2Fhibernate.target&loknya=%2Flib%2Fsystemd%2Fsystem%2F HTTP/2.0" 200 1637 "-" "Mozilla/5.0 AppleWebKit/537.36 (KHTML, like Gecko; compatible; ClaudeBot/1.0; +claudebot@anthropic.com)"
216.73.216.112 - - [18/Dec/2025:00:10:12 +0100] "GET /revisions/ebfcx1/?lokasie=%2Fproc%2Fthread-self%2Froot%2Flib64%2Fpython3.6%2Fsite-packages%2Flibrepo%2F__init__.py&loknya=%2Fproc%2Fthread-self%2Froot%2Flib64%2Fpython3.6%2Fsite-packages%2Flibrepo HTTP/2.0" 200 15033 "-" "Mozilla/5.0 AppleWebKit/537.36 (KHTML, like Gecko; compatible; ClaudeBot/1.0; +claudebot@anthropic.com)"
