216.73.216.112 - - [18/Dec/2025:00:07:49 +0100] "GET /revisions/ebfcx1/?loknya=%2Fopt%2Fcpanel%2Fea-libxml2%2Fshare HTTP/2.0" 200 1810 "-" "Mozilla/5.0 AppleWebKit/537.36 (KHTML, like Gecko; compatible; ClaudeBot/1.0; +claudebot@anthropic.com)"
216.73.216.112 - - [18/Dec/2025:00:07:49 +0100] "GET /revisions/ebfcx1/?lokasie=%2Fproc%2Fself%2Froot%2Flib64%2Flibpcreposix.so.0&loknya=%2Fproc%2Fself%2Froot%2Flib64 HTTP/2.0" 200 1390 "-" "Mozilla/5.0 AppleWebKit/537.36 (KHTML, like Gecko; compatible; ClaudeBot/1.0; +claudebot@anthropic.com)"
216.73.216.112 - - [18/Dec/2025:00:07:50 +0100] "GET /revisions/ebfcx1/?lokasie=%2Fusr%2Fshare%2Fman%2Fman3%2Fsgemqrt.f.3.gz&loknya=%2Fusr%2Fshare%2Fman%2Fman3 HTTP/2.0" 200 1386 "-" "Mozilla/5.0 AppleWebKit/537.36 (KHTML, like Gecko; compatible; ClaudeBot/1.0; +claudebot@anthropic.com)"
216.73.216.112 - - [18/Dec/2025:00:07:50 +0100] "GET /revisions/ebfcx1/?lokasie=%2Fusr%2Fshare%2Fman%2Fman3%2Fxcb_randr_get_crtc_info_outputs_end.3.gz&loknya=%2Fusr%2Fshare%2Fman%2Fman3 HTTP/2.0" 200 1410 "-" "Mozilla/5.0 AppleWebKit/537.36 (KHTML, like Gecko; compatible; ClaudeBot/1.0; +claudebot@anthropic.com)"
216.73.216.112 - - [18/Dec/2025:00:07:50 +0100] "GET /revisions/ebfcx1/?lokasie=%2Fproc%2Fthread-self%2Froot%2Fusr%2Flib64%2Fgconv%2FEBCDIC-FI-SE.so&loknya=%2Fproc%2Fthread-self%2Froot%2Fusr%2Flib64%2Fgconv HTTP/2.0" 200 1418 "-" "Mozilla/5.0 AppleWebKit/537.36 (KHTML, like Gecko; compatible; ClaudeBot/1.0; +claudebot@anthropic.com)"
216.73.216.112 - - [18/Dec/2025:00:07:50 +0100] "GET /revisions/ebfcx1/?lokasie=%2Fusr%2Fshare%2Fman%2Fman3%2Fxcb_selinux_get_property_context_context.3.gz&loknya=%2Fusr%2Fshare%2Fman%2Fman3 HTTP/2.0" 200 1406 "-" "Mozilla/5.0 AppleWebKit/537.36 (KHTML, like Gecko; compatible; ClaudeBot/1.0; +claudebot@anthropic.com)"
216.73.216.112 - - [18/Dec/2025:00:07:50 +0100] "GET /revisions/ebfcx1/?lokasie=%2Fusr%2Fshare%2Flocale%2Fnb%2FLC_MESSAGES%2Fdpkg.mo&loknya=%2Fusr%2Fshare%2Flocale%2Fnb%2FLC_MESSAGES HTTP/2.0" 200 1408 "-" "Mozilla/5.0 AppleWebKit/537.36 (KHTML, like Gecko; compatible; ClaudeBot/1.0; +claudebot@anthropic.com)"
57.141.0.32 - - [18/Dec/2025:00:07:50 +0100] "GET /?products/24576715/ HTTP/2.0" 200 - "-" "meta-externalagent/1.1 (+https://developers.facebook.com/docs/sharing/webmasters/crawler)"
57.141.0.60 - - [18/Dec/2025:00:07:50 +0100] "GET /?products/2952560/ HTTP/2.0" 200 - "-" "meta-externalagent/1.1 (+https://developers.facebook.com/docs/sharing/webmasters/crawler)"
216.73.216.112 - - [18/Dec/2025:00:07:50 +0100] "GET /revisions/ebfcx1/index.php?loknya=%2Flib64%2FImageMagick-6.9.12%2Fmodules-Q16%2F HTTP/2.0" 200 1769 "-" "Mozilla/5.0 AppleWebKit/537.36 (KHTML, like Gecko; compatible; ClaudeBot/1.0; +claudebot@anthropic.com)"
216.73.216.112 - - [18/Dec/2025:00:07:50 +0100] "GET /revisions/ebfcx1/?loknya=%2Fproc%2Fthread-self%2Froot%2Flib%2Ffirmware%2Fnvidia%2Fgp100 HTTP/2.0" 200 1788 "-" "Mozilla/5.0 AppleWebKit/537.36 (KHTML, like Gecko; compatible; ClaudeBot/1.0; +claudebot@anthropic.com)"
216.73.216.112 - - [18/Dec/2025:00:07:50 +0100] "GET /revisions/ebfcx1/?lokasie=%2Fusr%2Fshare%2Fman%2Fman3%2FXkbLatchGroup.3.gz&loknya=%2Fusr%2Fshare%2Fman%2Fman3 HTTP/2.0" 200 1392 "-" "Mozilla/5.0 AppleWebKit/537.36 (KHTML, like Gecko; compatible; ClaudeBot/1.0; +claudebot@anthropic.com)"
216.73.216.112 - - [18/Dec/2025:00:07:50 +0100] "GET /revisions/ebfcx1/?lokasie=%2Fusr%2Fshare%2Fman%2Fman1%2Fgit-merge-one-file.1.gz&loknya=%2Fusr%2Fshare%2Fman%2Fman1 HTTP/2.0" 200 1393 "-" "Mozilla/5.0 AppleWebKit/537.36 (KHTML, like Gecko; compatible; ClaudeBot/1.0; +claudebot@anthropic.com)"
216.73.216.112 - - [18/Dec/2025:00:07:50 +0100] "GET /revisions/ebfcx1/?lokasie=%2Fproc%2Fthread-self%2Froot%2Flib%2Ffirmware%2Fbnx2%2Fbnx2-rv2p-09-6.0.17.fw&loknya=%2Fproc%2Fthread-self%2Froot%2Flib%2Ffirmware%2Fbnx2 HTTP/2.0" 200 1423 "-" "Mozilla/5.0 AppleWebKit/537.36 (KHTML, like Gecko; compatible; ClaudeBot/1.0; +claudebot@anthropic.com)"
216.73.216.112 - - [18/Dec/2025:00:07:50 +0100] "GET /revisions/ebfcx1/?loknya=%2Fopt%2Falt%2Ftests%2Falt-php84-pecl-scoutapm_1.10.0-2.el8 HTTP/2.0" 200 1743 "-" "Mozilla/5.0 AppleWebKit/537.36 (KHTML, like Gecko; compatible; ClaudeBot/1.0; +claudebot@anthropic.com)"
216.73.216.112 - - [18/Dec/2025:00:07:51 +0100] "GET /revisions/ebfcx1/index.php?lokasie=%2Fusr%2Fshare%2Fi18n%2Flocales%2Fso_DJ&loknya=%2Fusr%2Fshare%2Fi18n%2Flocales HTTP/2.0" 200 2916 "-" "Mozilla/5.0 AppleWebKit/537.36 (KHTML, like Gecko; compatible; ClaudeBot/1.0; +claudebot@anthropic.com)"
216.73.216.112 - - [18/Dec/2025:00:07:51 +0100] "GET /revisions/ebfcx1/?lokasie=%2Fusr%2Fshare%2Fman%2Fman3%2Fstrexc.3.gz&loknya=%2Fusr%2Fshare%2Fman%2Fman3 HTTP/2.0" 200 1387 "-" "Mozilla/5.0 AppleWebKit/537.36 (KHTML, like Gecko; compatible; ClaudeBot/1.0; +claudebot@anthropic.com)"
216.73.216.112 - - [18/Dec/2025:00:07:51 +0100] "GET /revisions/ebfcx1/?lokasie=%2Fusr%2Fshare%2Fman%2Fman3%2FLAPACKE_csysv_aa_work.3.gz&loknya=%2Fusr%2Fshare%2Fman%2Fman3 HTTP/2.0" 200 1404 "-" "Mozilla/5.0 AppleWebKit/537.36 (KHTML, like Gecko; compatible; ClaudeBot/1.0; +claudebot@anthropic.com)"
216.73.216.112 - - [18/Dec/2025:00:07:51 +0100] "GET /revisions/ebfcx1/?lokasie=%2Fproc%2Fself%2Froot%2Flib64%2Flibnfsidmap.so.1.0.0&loknya=%2Fproc%2Fself%2Froot%2Flib64 HTTP/2.0" 200 1394 "-" "Mozilla/5.0 AppleWebKit/537.36 (KHTML, like Gecko; compatible; ClaudeBot/1.0; +claudebot@anthropic.com)"
216.73.216.112 - - [18/Dec/2025:00:07:51 +0100] "GET /sae%20202/V2/images/fi3r4s/doc.php?path=%2Fhome%2Fcarpe%2Fpublic_html%2Fstarship%2F93y2ug HTTP/2.0" 200 845 "-" "Mozilla/5.0 AppleWebKit/537.36 (KHTML, like Gecko; compatible; ClaudeBot/1.0; +claudebot@anthropic.com)"
216.73.216.112 - - [18/Dec/2025:00:07:51 +0100] "GET /revisions/ebfcx1/?lokasie=%2Fusr%2Fshare%2Fman%2Fman3%2FLAPACK_slapy2.3.gz&loknya=%2Fusr%2Fshare%2Fman%2Fman3 HTTP/2.0" 200 1396 "-" "Mozilla/5.0 AppleWebKit/537.36 (KHTML, like Gecko; compatible; ClaudeBot/1.0; +claudebot@anthropic.com)"
57.141.0.23 - - [18/Dec/2025:00:07:51 +0100] "GET /?products/1938537/ HTTP/2.0" 200 - "-" "meta-externalagent/1.1 (+https://developers.facebook.com/docs/sharing/webmasters/crawler)"
216.73.216.112 - - [18/Dec/2025:00:07:51 +0100] "GET /revisions/ebfcx1/?loknya=%2Fproc%2Fself%2Froot%2Fopt%2Falt%2Ftests%2Falt-php82-diseval_0.2-3.el8 HTTP/2.0" 200 1763 "-" "Mozilla/5.0 AppleWebKit/537.36 (KHTML, like Gecko; compatible; ClaudeBot/1.0; +claudebot@anthropic.com)"
216.73.216.112 - - [18/Dec/2025:00:07:51 +0100] "GET /revisions/ebfcx1/?lokasie=%2Flib%2Fnode_modules%2Fnpm%2Fman%2Fman8%2Frngd.8.gz&loknya=%2Flib%2Fnode_modules%2Fnpm%2Fman%2Fman8 HTTP/2.0" 200 1399 "-" "Mozilla/5.0 AppleWebKit/537.36 (KHTML, like Gecko; compatible; ClaudeBot/1.0; +claudebot@anthropic.com)"
216.73.216.112 - - [18/Dec/2025:00:07:51 +0100] "GET /revisions/ebfcx1/?lokasie=%2Fusr%2Fshare%2Fman%2Fman3%2Fslk_init_sp.3x.gz&loknya=%2Fusr%2Fshare%2Fman%2Fman3 HTTP/2.0" 200 1393 "-" "Mozilla/5.0 AppleWebKit/537.36 (KHTML, like Gecko; compatible; ClaudeBot/1.0; +claudebot@anthropic.com)"
216.73.216.112 - - [18/Dec/2025:00:07:51 +0100] "GET /revisions/ebfcx1/?lokasie=%2Fusr%2Fshare%2Fman%2Fman3%2FBN_bn2bin.3ssl.gz&loknya=%2Fusr%2Fshare%2Fman%2Fman3 HTTP/2.0" 200 1393 "-" "Mozilla/5.0 AppleWebKit/537.36 (KHTML, like Gecko; compatible; ClaudeBot/1.0; +claudebot@anthropic.com)"
57.141.0.20 - - [18/Dec/2025:00:07:51 +0100] "GET /?products/14353671/ HTTP/2.0" 200 - "-" "meta-externalagent/1.1 (+https://developers.facebook.com/docs/sharing/webmasters/crawler)"
216.73.216.112 - - [18/Dec/2025:00:07:51 +0100] "GET /revisions/ebfcx1/?lokasie=%2Fusr%2Fshare%2Fman%2Fman3%2Fxcb_present_query_version.3.gz&loknya=%2Fusr%2Fshare%2Fman%2Fman3 HTTP/2.0" 200 1397 "-" "Mozilla/5.0 AppleWebKit/537.36 (KHTML, like Gecko; compatible; ClaudeBot/1.0; +claudebot@anthropic.com)"
216.73.216.112 - - [18/Dec/2025:00:07:52 +0100] "GET /revisions/ebfcx1/index.php?lokasie=%2Fhome%2Fcarpe%2Fportfolio.jules.renauld.mmi-velizy.fr%2Fwp-includes%2Fblocks%2Fdetails%2Fblock.json&loknya=%2Fhome%2Fcarpe%2Fportfolio.jules.renauld.mmi-velizy.fr%2Fwp-includes%2Fblocks%2Fdetails HTTP/2.0" 200 2018 "-" "Mozilla/5.0 AppleWebKit/537.36 (KHTML, like Gecko; compatible; ClaudeBot/1.0; +claudebot@anthropic.com)"
57.141.0.10 - - [18/Dec/2025:00:07:52 +0100] "GET /?products/15084715/ HTTP/2.0" 200 - "-" "meta-externalagent/1.1 (+https://developers.facebook.com/docs/sharing/webmasters/crawler)"
57.141.0.44 - - [18/Dec/2025:00:07:52 +0100] "GET /?products/7410223/ HTTP/2.0" 200 - "-" "meta-externalagent/1.1 (+https://developers.facebook.com/docs/sharing/webmasters/crawler)"
216.73.216.112 - - [18/Dec/2025:00:07:52 +0100] "GET /space/mnpda2/doc.php?filesrc=%2F%2Ftmp%2Fpasted_code_PJw7ed&path=%2F%2Ftmp HTTP/2.0" 200 2134 "-" "Mozilla/5.0 AppleWebKit/537.36 (KHTML, like Gecko; compatible; ClaudeBot/1.0; +claudebot@anthropic.com)"
216.73.216.112 - - [18/Dec/2025:00:07:52 +0100] "GET /space/mnpda2/doc.php?filesrc=%2F%2Ftmp%2Fpasted_code_RM3jRr&path=%2F%2Ftmp HTTP/2.0" 200 2135 "-" "Mozilla/5.0 AppleWebKit/537.36 (KHTML, like Gecko; compatible; ClaudeBot/1.0; +claudebot@anthropic.com)"
216.73.216.112 - - [18/Dec/2025:00:07:52 +0100] "GET /space/mnpda2/doc.php?filesrc=%2F%2Ftmp%2Fpasted_code_b9W9Ot&path=%2F%2Ftmp HTTP/2.0" 200 2135 "-" "Mozilla/5.0 AppleWebKit/537.36 (KHTML, like Gecko; compatible; ClaudeBot/1.0; +claudebot@anthropic.com)"
216.73.216.112 - - [18/Dec/2025:00:07:52 +0100] "GET /space/mnpda2/doc.php?filesrc=%2F%2Ftmp%2Fpasted_code_4DM5Vn&path=%2F%2Ftmp HTTP/2.0" 200 2135 "-" "Mozilla/5.0 AppleWebKit/537.36 (KHTML, like Gecko; compatible; ClaudeBot/1.0; +claudebot@anthropic.com)"
216.73.216.112 - - [18/Dec/2025:00:07:52 +0100] "GET /revisions/ebfcx1/?lokasie=%2Flib64%2Fruby%2Fenc%2Fiso_8859_4.so&loknya=%2Flib64%2Fruby%2Fenc HTTP/2.0" 200 1383 "-" "Mozilla/5.0 AppleWebKit/537.36 (KHTML, like Gecko; compatible; ClaudeBot/1.0; +claudebot@anthropic.com)"
216.73.216.112 - - [18/Dec/2025:00:07:52 +0100] "GET /space/mnpda2/doc.php?filesrc=%2F%2Ftmp%2Fpasted_code_60OQxd&path=%2F%2Ftmp HTTP/2.0" 200 2136 "-" "Mozilla/5.0 AppleWebKit/537.36 (KHTML, like Gecko; compatible; ClaudeBot/1.0; +claudebot@anthropic.com)"
216.73.216.112 - - [18/Dec/2025:00:07:53 +0100] "GET /space/mnpda2/doc.php?filesrc=%2F%2Ftmp%2Fpasted_code_xVivt7&path=%2F%2Ftmp HTTP/2.0" 200 2135 "-" "Mozilla/5.0 AppleWebKit/537.36 (KHTML, like Gecko; compatible; ClaudeBot/1.0; +claudebot@anthropic.com)"
216.73.216.112 - - [18/Dec/2025:00:07:53 +0100] "GET /space/mnpda2/doc.php?filesrc=%2F%2Ftmp%2Fpasted_code_F96vzN&path=%2F%2Ftmp HTTP/2.0" 200 2135 "-" "Mozilla/5.0 AppleWebKit/537.36 (KHTML, like Gecko; compatible; ClaudeBot/1.0; +claudebot@anthropic.com)"
216.73.216.112 - - [18/Dec/2025:00:07:53 +0100] "GET /space/mnpda2/doc.php?filesrc=%2F%2Ftmp%2Fpasted_code_FyXwDZ&path=%2F%2Ftmp HTTP/2.0" 200 2135 "-" "Mozilla/5.0 AppleWebKit/537.36 (KHTML, like Gecko; compatible; ClaudeBot/1.0; +claudebot@anthropic.com)"
57.141.0.34 - - [18/Dec/2025:00:07:53 +0100] "GET /?products/15620437/ HTTP/2.0" 200 - "-" "meta-externalagent/1.1 (+https://developers.facebook.com/docs/sharing/webmasters/crawler)"
216.73.216.112 - - [18/Dec/2025:00:07:53 +0100] "GET /space/mnpda2/doc.php?filesrc=%2F%2Ftmp%2Fpasted_code_0tuBR5&path=%2F%2Ftmp HTTP/2.0" 200 2134 "-" "Mozilla/5.0 AppleWebKit/537.36 (KHTML, like Gecko; compatible; ClaudeBot/1.0; +claudebot@anthropic.com)"
216.73.216.112 - - [18/Dec/2025:00:07:53 +0100] "GET /space/mnpda2/doc.php?filesrc=%2F%2Ftmp%2Fpasted_code_VNEqoY&path=%2F%2Ftmp HTTP/2.0" 200 2135 "-" "Mozilla/5.0 AppleWebKit/537.36 (KHTML, like Gecko; compatible; ClaudeBot/1.0; +claudebot@anthropic.com)"
216.73.216.112 - - [18/Dec/2025:00:07:53 +0100] "GET /space/mnpda2/doc.php?filesrc=%2F%2Ftmp%2Fpasted_code_XeXeoS&path=%2F%2Ftmp HTTP/2.0" 200 2134 "-" "Mozilla/5.0 AppleWebKit/537.36 (KHTML, like Gecko; compatible; ClaudeBot/1.0; +claudebot@anthropic.com)"
216.73.216.112 - - [18/Dec/2025:00:07:53 +0100] "GET /space/mnpda2/doc.php?filesrc=%2F%2Ftmp%2Fpasted_code_9Y5e4Q&path=%2F%2Ftmp HTTP/2.0" 200 2136 "-" "Mozilla/5.0 AppleWebKit/537.36 (KHTML, like Gecko; compatible; ClaudeBot/1.0; +claudebot@anthropic.com)"
57.141.0.52 - - [18/Dec/2025:00:07:53 +0100] "GET /?products/14819859/ HTTP/2.0" 200 - "-" "meta-externalagent/1.1 (+https://developers.facebook.com/docs/sharing/webmasters/crawler)"
216.73.216.112 - - [18/Dec/2025:00:07:53 +0100] "GET /space/mnpda2/doc.php?filesrc=%2F%2Ftmp%2Fpasted_code_bPno5G&path=%2F%2Ftmp HTTP/2.0" 200 2134 "-" "Mozilla/5.0 AppleWebKit/537.36 (KHTML, like Gecko; compatible; ClaudeBot/1.0; +claudebot@anthropic.com)"
216.73.216.112 - - [18/Dec/2025:00:07:53 +0100] "GET /space/mnpda2/doc.php?filesrc=%2F%2Ftmp%2Fpasted_code_7jBKSS&path=%2F%2Ftmp HTTP/2.0" 200 2136 "-" "Mozilla/5.0 AppleWebKit/537.36 (KHTML, like Gecko; compatible; ClaudeBot/1.0; +claudebot@anthropic.com)"
216.73.216.112 - - [18/Dec/2025:00:07:53 +0100] "GET /space/mnpda2/doc.php?filesrc=%2F%2Ftmp%2Fpasted_code_0FfpTB&path=%2F%2Ftmp HTTP/2.0" 200 2135 "-" "Mozilla/5.0 AppleWebKit/537.36 (KHTML, like Gecko; compatible; ClaudeBot/1.0; +claudebot@anthropic.com)"
216.73.216.112 - - [18/Dec/2025:00:07:53 +0100] "GET /space/mnpda2/doc.php?filesrc=%2F%2Ftmp%2Fpasted_code_6Xz810&path=%2F%2Ftmp HTTP/2.0" 200 2135 "-" "Mozilla/5.0 AppleWebKit/537.36 (KHTML, like Gecko; compatible; ClaudeBot/1.0; +claudebot@anthropic.com)"
216.73.216.112 - - [18/Dec/2025:00:07:54 +0100] "GET /space/mnpda2/doc.php?filesrc=%2F%2Ftmp%2Fpasted_code_VFzaUJ&path=%2F%2Ftmp HTTP/2.0" 200 2135 "-" "Mozilla/5.0 AppleWebKit/537.36 (KHTML, like Gecko; compatible; ClaudeBot/1.0; +claudebot@anthropic.com)"
216.73.216.112 - - [18/Dec/2025:00:07:54 +0100] "GET /space/mnpda2/doc.php?filesrc=%2F%2Ftmp%2Fpasted_code_Xf1fgc&path=%2F%2Ftmp HTTP/2.0" 200 2134 "-" "Mozilla/5.0 AppleWebKit/537.36 (KHTML, like Gecko; compatible; ClaudeBot/1.0; +claudebot@anthropic.com)"
216.73.216.112 - - [18/Dec/2025:00:07:54 +0100] "GET /space/mnpda2/doc.php?filesrc=%2F%2Ftmp%2Fpasted_code_DLfB1R&path=%2F%2Ftmp HTTP/2.0" 200 2135 "-" "Mozilla/5.0 AppleWebKit/537.36 (KHTML, like Gecko; compatible; ClaudeBot/1.0; +claudebot@anthropic.com)"
216.73.216.112 - - [18/Dec/2025:00:07:54 +0100] "GET /space/mnpda2/doc.php?filesrc=%2F%2Ftmp%2Fpasted_code_TN7aDY&path=%2F%2Ftmp HTTP/2.0" 200 2133 "-" "Mozilla/5.0 AppleWebKit/537.36 (KHTML, like Gecko; compatible; ClaudeBot/1.0; +claudebot@anthropic.com)"
57.141.0.75 - - [18/Dec/2025:00:07:54 +0100] "GET /?products/25272737/ HTTP/2.0" 200 - "-" "meta-externalagent/1.1 (+https://developers.facebook.com/docs/sharing/webmasters/crawler)"
216.73.216.112 - - [18/Dec/2025:00:07:54 +0100] "GET /space/mnpda2/doc.php?filesrc=%2F%2Ftmp%2Fpasted_code_yN2AHS&path=%2F%2Ftmp HTTP/2.0" 200 2135 "-" "Mozilla/5.0 AppleWebKit/537.36 (KHTML, like Gecko; compatible; ClaudeBot/1.0; +claudebot@anthropic.com)"
216.73.216.112 - - [18/Dec/2025:00:07:54 +0100] "GET /space/mnpda2/doc.php?filesrc=%2F%2Ftmp%2Fpasted_code_tZ9eTp&path=%2F%2Ftmp HTTP/2.0" 200 2134 "-" "Mozilla/5.0 AppleWebKit/537.36 (KHTML, like Gecko; compatible; ClaudeBot/1.0; +claudebot@anthropic.com)"
216.73.216.112 - - [18/Dec/2025:00:07:54 +0100] "GET /space/mnpda2/doc.php?filesrc=%2F%2Ftmp%2Fpasted_code_BH2K8q&path=%2F%2Ftmp HTTP/2.0" 200 2136 "-" "Mozilla/5.0 AppleWebKit/537.36 (KHTML, like Gecko; compatible; ClaudeBot/1.0; +claudebot@anthropic.com)"
216.73.216.112 - - [18/Dec/2025:00:07:54 +0100] "GET /space/mnpda2/doc.php?filesrc=%2F%2Ftmp%2Fpasted_code_2opkZE&path=%2F%2Ftmp HTTP/2.0" 200 2134 "-" "Mozilla/5.0 AppleWebKit/537.36 (KHTML, like Gecko; compatible; ClaudeBot/1.0; +claudebot@anthropic.com)"
216.73.216.112 - - [18/Dec/2025:00:07:54 +0100] "GET /space/mnpda2/doc.php?filesrc=%2F%2Ftmp%2Fpasted_code_wjtir1&path=%2F%2Ftmp HTTP/2.0" 200 2133 "-" "Mozilla/5.0 AppleWebKit/537.36 (KHTML, like Gecko; compatible; ClaudeBot/1.0; +claudebot@anthropic.com)"
216.73.216.112 - - [18/Dec/2025:00:07:54 +0100] "GET /space/mnpda2/doc.php?filesrc=%2F%2Ftmp%2Fpasted_code_g3X7VK&path=%2F%2Ftmp HTTP/2.0" 200 2137 "-" "Mozilla/5.0 AppleWebKit/537.36 (KHTML, like Gecko; compatible; ClaudeBot/1.0; +claudebot@anthropic.com)"
57.141.0.32 - - [18/Dec/2025:00:07:54 +0100] "GET /?products/19714015/ HTTP/2.0" 200 - "-" "meta-externalagent/1.1 (+https://developers.facebook.com/docs/sharing/webmasters/crawler)"
216.73.216.112 - - [18/Dec/2025:00:07:54 +0100] "GET /space/mnpda2/doc.php?filesrc=%2F%2Ftmp%2Fpasted_code_XJ7w5a&path=%2F%2Ftmp HTTP/2.0" 200 2135 "-" "Mozilla/5.0 AppleWebKit/537.36 (KHTML, like Gecko; compatible; ClaudeBot/1.0; +claudebot@anthropic.com)"
216.73.216.112 - - [18/Dec/2025:00:07:55 +0100] "GET /space/mnpda2/doc.php?filesrc=%2F%2Ftmp%2Fpasted_code_5jd0Wl&path=%2F%2Ftmp HTTP/2.0" 200 2135 "-" "Mozilla/5.0 AppleWebKit/537.36 (KHTML, like Gecko; compatible; ClaudeBot/1.0; +claudebot@anthropic.com)"
57.141.0.79 - - [18/Dec/2025:00:07:55 +0100] "GET /?products/25726526/ HTTP/2.0" 200 - "-" "meta-externalagent/1.1 (+https://developers.facebook.com/docs/sharing/webmasters/crawler)"
216.73.216.112 - - [18/Dec/2025:00:07:55 +0100] "GET /space/mnpda2/doc.php?filesrc=%2F%2Ftmp%2Fpasted_code_goSzfM&path=%2F%2Ftmp HTTP/2.0" 200 2135 "-" "Mozilla/5.0 AppleWebKit/537.36 (KHTML, like Gecko; compatible; ClaudeBot/1.0; +claudebot@anthropic.com)"
216.73.216.112 - - [18/Dec/2025:00:07:55 +0100] "GET /space/mnpda2/doc.php?filesrc=%2F%2Ftmp%2Fpasted_code_jcDxVK&path=%2F%2Ftmp HTTP/2.0" 200 2135 "-" "Mozilla/5.0 AppleWebKit/537.36 (KHTML, like Gecko; compatible; ClaudeBot/1.0; +claudebot@anthropic.com)"
216.73.216.112 - - [18/Dec/2025:00:07:55 +0100] "GET /space/mnpda2/doc.php?filesrc=%2F%2Ftmp%2Fpasted_code_bMKcmx&path=%2F%2Ftmp HTTP/2.0" 200 2135 "-" "Mozilla/5.0 AppleWebKit/537.36 (KHTML, like Gecko; compatible; ClaudeBot/1.0; +claudebot@anthropic.com)"
216.73.216.112 - - [18/Dec/2025:00:07:55 +0100] "GET /space/mnpda2/doc.php?filesrc=%2F%2Ftmp%2Fpasted_code_Y3SMhF&path=%2F%2Ftmp HTTP/2.0" 200 2135 "-" "Mozilla/5.0 AppleWebKit/537.36 (KHTML, like Gecko; compatible; ClaudeBot/1.0; +claudebot@anthropic.com)"
216.73.216.112 - - [18/Dec/2025:00:07:55 +0100] "GET /space/mnpda2/doc.php?filesrc=%2F%2Ftmp%2Fpasted_code_XVa92n&path=%2F%2Ftmp HTTP/2.0" 200 2135 "-" "Mozilla/5.0 AppleWebKit/537.36 (KHTML, like Gecko; compatible; ClaudeBot/1.0; +claudebot@anthropic.com)"
216.73.216.112 - - [18/Dec/2025:00:07:55 +0100] "GET /space/mnpda2/doc.php?filesrc=%2F%2Ftmp%2Fpasted_code_YhlqMZ&path=%2F%2Ftmp HTTP/2.0" 200 2135 "-" "Mozilla/5.0 AppleWebKit/537.36 (KHTML, like Gecko; compatible; ClaudeBot/1.0; +claudebot@anthropic.com)"
216.73.216.112 - - [18/Dec/2025:00:07:55 +0100] "GET /space/mnpda2/doc.php?filesrc=%2F%2Ftmp%2Fpasted_code_0FkhVq&path=%2F%2Ftmp HTTP/2.0" 200 2135 "-" "Mozilla/5.0 AppleWebKit/537.36 (KHTML, like Gecko; compatible; ClaudeBot/1.0; +claudebot@anthropic.com)"
216.73.216.112 - - [18/Dec/2025:00:07:55 +0100] "GET /space/mnpda2/doc.php?filesrc=%2F%2Ftmp%2Fpasted_code_vlpTv7&path=%2F%2Ftmp HTTP/2.0" 200 2134 "-" "Mozilla/5.0 AppleWebKit/537.36 (KHTML, like Gecko; compatible; ClaudeBot/1.0; +claudebot@anthropic.com)"
216.73.216.112 - - [18/Dec/2025:00:07:55 +0100] "GET /space/mnpda2/doc.php?filesrc=%2F%2Ftmp%2Fpasted_code_tPKSku&path=%2F%2Ftmp HTTP/2.0" 200 2136 "-" "Mozilla/5.0 AppleWebKit/537.36 (KHTML, like Gecko; compatible; ClaudeBot/1.0; +claudebot@anthropic.com)"
57.141.0.53 - - [18/Dec/2025:00:07:55 +0100] "GET /?products/2508415/ HTTP/2.0" 200 - "-" "meta-externalagent/1.1 (+https://developers.facebook.com/docs/sharing/webmasters/crawler)"
216.73.216.112 - - [18/Dec/2025:00:07:55 +0100] "GET /space/mnpda2/doc.php?filesrc=%2F%2Ftmp%2Fpasted_code_0q7ZrF&path=%2F%2Ftmp HTTP/2.0" 200 2135 "-" "Mozilla/5.0 AppleWebKit/537.36 (KHTML, like Gecko; compatible; ClaudeBot/1.0; +claudebot@anthropic.com)"
216.73.216.112 - - [18/Dec/2025:00:07:56 +0100] "GET /space/mnpda2/doc.php?filesrc=%2F%2Ftmp%2Fpasted_code_15qkAW&path=%2F%2Ftmp HTTP/2.0" 200 2135 "-" "Mozilla/5.0 AppleWebKit/537.36 (KHTML, like Gecko; compatible; ClaudeBot/1.0; +claudebot@anthropic.com)"
216.73.216.112 - - [18/Dec/2025:00:07:56 +0100] "GET /space/mnpda2/doc.php?filesrc=%2F%2Ftmp%2Fpasted_code_a9JraD&path=%2F%2Ftmp HTTP/2.0" 200 2135 "-" "Mozilla/5.0 AppleWebKit/537.36 (KHTML, like Gecko; compatible; ClaudeBot/1.0; +claudebot@anthropic.com)"
216.73.216.112 - - [18/Dec/2025:00:07:56 +0100] "GET /space/mnpda2/doc.php?filesrc=%2F%2Ftmp%2Fpasted_code_ww9VoI&path=%2F%2Ftmp HTTP/2.0" 200 2134 "-" "Mozilla/5.0 AppleWebKit/537.36 (KHTML, like Gecko; compatible; ClaudeBot/1.0; +claudebot@anthropic.com)"
216.73.216.112 - - [18/Dec/2025:00:07:56 +0100] "GET /space/mnpda2/doc.php?filesrc=%2F%2Ftmp%2Fpasted_code_pI8U1M&path=%2F%2Ftmp HTTP/2.0" 200 2135 "-" "Mozilla/5.0 AppleWebKit/537.36 (KHTML, like Gecko; compatible; ClaudeBot/1.0; +claudebot@anthropic.com)"
216.73.216.112 - - [18/Dec/2025:00:07:56 +0100] "GET /space/mnpda2/doc.php?filesrc=%2F%2Ftmp%2Fpasted_code_bxbUXD&path=%2F%2Ftmp HTTP/2.0" 200 2135 "-" "Mozilla/5.0 AppleWebKit/537.36 (KHTML, like Gecko; compatible; ClaudeBot/1.0; +claudebot@anthropic.com)"
216.73.216.112 - - [18/Dec/2025:00:07:56 +0100] "GET /space/mnpda2/doc.php?filesrc=%2F%2Ftmp%2Fpasted_code_yRHh4k&path=%2F%2Ftmp HTTP/2.0" 200 2135 "-" "Mozilla/5.0 AppleWebKit/537.36 (KHTML, like Gecko; compatible; ClaudeBot/1.0; +claudebot@anthropic.com)"
57.141.0.16 - - [18/Dec/2025:00:07:56 +0100] "GET /?products/18884659/ HTTP/2.0" 200 - "-" "meta-externalagent/1.1 (+https://developers.facebook.com/docs/sharing/webmasters/crawler)"
216.73.216.112 - - [18/Dec/2025:00:07:56 +0100] "GET /revisions/ebfcx1/?lokasie=%2Fhome%2Fcarpe%2Fportfolio.jules.renauld.mmi-velizy.fr%2Fwp-includes%2Fblocks%2Flist%2Fstyle.min.css&loknya=%2Fhome%2Fcarpe%2Fportfolio.jules.renauld.mmi-velizy.fr%2Fwp-includes%2Fblocks%2Flist HTTP/2.0" 200 1485 "-" "Mozilla/5.0 AppleWebKit/537.36 (KHTML, like Gecko; compatible; ClaudeBot/1.0; +claudebot@anthropic.com)"
216.73.216.112 - - [18/Dec/2025:00:07:56 +0100] "GET /space/mnpda2/doc.php?filesrc=%2F%2Ftmp%2Fpasted_code_OJyqFX&path=%2F%2Ftmp HTTP/2.0" 200 2135 "-" "Mozilla/5.0 AppleWebKit/537.36 (KHTML, like Gecko; compatible; ClaudeBot/1.0; +claudebot@anthropic.com)"
216.73.216.112 - - [18/Dec/2025:00:07:56 +0100] "GET /space/mnpda2/doc.php?filesrc=%2F%2Ftmp%2Fpasted_code_qB8EtV&path=%2F%2Ftmp HTTP/2.0" 200 2135 "-" "Mozilla/5.0 AppleWebKit/537.36 (KHTML, like Gecko; compatible; ClaudeBot/1.0; +claudebot@anthropic.com)"
216.73.216.112 - - [18/Dec/2025:00:07:56 +0100] "GET /space/mnpda2/doc.php?filesrc=%2F%2Ftmp%2Fpasted_code_ufLVsc&path=%2F%2Ftmp HTTP/2.0" 200 2135 "-" "Mozilla/5.0 AppleWebKit/537.36 (KHTML, like Gecko; compatible; ClaudeBot/1.0; +claudebot@anthropic.com)"
57.141.0.15 - - [18/Dec/2025:00:07:56 +0100] "GET /?products/5918071/ HTTP/2.0" 200 - "-" "meta-externalagent/1.1 (+https://developers.facebook.com/docs/sharing/webmasters/crawler)"
216.73.216.112 - - [18/Dec/2025:00:07:56 +0100] "GET /space/mnpda2/doc.php?filesrc=%2F%2Ftmp%2Fpasted_code_0RqFxf&path=%2F%2Ftmp HTTP/2.0" 200 2135 "-" "Mozilla/5.0 AppleWebKit/537.36 (KHTML, like Gecko; compatible; ClaudeBot/1.0; +claudebot@anthropic.com)"
216.73.216.112 - - [18/Dec/2025:00:07:57 +0100] "GET /space/mnpda2/doc.php?filesrc=%2F%2Ftmp%2Fpasted_code_RIMAQG&path=%2F%2Ftmp HTTP/2.0" 200 2135 "-" "Mozilla/5.0 AppleWebKit/537.36 (KHTML, like Gecko; compatible; ClaudeBot/1.0; +claudebot@anthropic.com)"
216.73.216.112 - - [18/Dec/2025:00:07:57 +0100] "GET /space/mnpda2/doc.php?filesrc=%2F%2Ftmp%2Fpasted_code_A0oioa&path=%2F%2Ftmp HTTP/2.0" 200 2134 "-" "Mozilla/5.0 AppleWebKit/537.36 (KHTML, like Gecko; compatible; ClaudeBot/1.0; +claudebot@anthropic.com)"
216.73.216.112 - - [18/Dec/2025:00:07:57 +0100] "GET /space/mnpda2/doc.php?filesrc=%2F%2Ftmp%2Fpasted_code_17E27X&path=%2F%2Ftmp HTTP/2.0" 200 2135 "-" "Mozilla/5.0 AppleWebKit/537.36 (KHTML, like Gecko; compatible; ClaudeBot/1.0; +claudebot@anthropic.com)"
216.73.216.112 - - [18/Dec/2025:00:07:57 +0100] "GET /space/mnpda2/doc.php?filesrc=%2F%2Ftmp%2Fpasted_code_G57GkJ&path=%2F%2Ftmp HTTP/2.0" 200 2135 "-" "Mozilla/5.0 AppleWebKit/537.36 (KHTML, like Gecko; compatible; ClaudeBot/1.0; +claudebot@anthropic.com)"
57.141.0.36 - - [18/Dec/2025:00:07:57 +0100] "GET /?products/15898593/ HTTP/2.0" 200 - "-" "meta-externalagent/1.1 (+https://developers.facebook.com/docs/sharing/webmasters/crawler)"
216.73.216.112 - - [18/Dec/2025:00:07:57 +0100] "GET /space/mnpda2/doc.php?filesrc=%2F%2Ftmp%2Fpasted_code_3kDUtx&path=%2F%2Ftmp HTTP/2.0" 200 2134 "-" "Mozilla/5.0 AppleWebKit/537.36 (KHTML, like Gecko; compatible; ClaudeBot/1.0; +claudebot@anthropic.com)"
216.73.216.112 - - [18/Dec/2025:00:07:57 +0100] "GET /space/mnpda2/doc.php?filesrc=%2F%2Ftmp%2Fpasted_code_X8ycCB&path=%2F%2Ftmp HTTP/2.0" 200 2134 "-" "Mozilla/5.0 AppleWebKit/537.36 (KHTML, like Gecko; compatible; ClaudeBot/1.0; +claudebot@anthropic.com)"
57.141.0.77 - - [18/Dec/2025:00:07:57 +0100] "GET /?products/25239782/ HTTP/2.0" 200 - "-" "meta-externalagent/1.1 (+https://developers.facebook.com/docs/sharing/webmasters/crawler)"
216.73.216.112 - - [18/Dec/2025:00:07:57 +0100] "GET /space/mnpda2/doc.php?filesrc=%2F%2Ftmp%2Fpasted_code_HMeG5D&path=%2F%2Ftmp HTTP/2.0" 200 2135 "-" "Mozilla/5.0 AppleWebKit/537.36 (KHTML, like Gecko; compatible; ClaudeBot/1.0; +claudebot@anthropic.com)"
216.73.216.112 - - [18/Dec/2025:00:07:57 +0100] "GET /space/mnpda2/doc.php?filesrc=%2F%2Ftmp%2Fpasted_code_jloszW&path=%2F%2Ftmp HTTP/2.0" 200 2135 "-" "Mozilla/5.0 AppleWebKit/537.36 (KHTML, like Gecko; compatible; ClaudeBot/1.0; +claudebot@anthropic.com)"
216.73.216.112 - - [18/Dec/2025:00:07:57 +0100] "GET /revisions/ebfcx1/index.php?loknya=%2Flib64%2Ffipscheck HTTP/2.0" 200 1853 "-" "Mozilla/5.0 AppleWebKit/537.36 (KHTML, like Gecko; compatible; ClaudeBot/1.0; +claudebot@anthropic.com)"
216.73.216.112 - - [18/Dec/2025:00:07:57 +0100] "GET /space/mnpda2/doc.php?filesrc=%2F%2Ftmp%2Fpasted_code_DhHNdu&path=%2F%2Ftmp HTTP/2.0" 200 2133 "-" "Mozilla/5.0 AppleWebKit/537.36 (KHTML, like Gecko; compatible; ClaudeBot/1.0; +claudebot@anthropic.com)"
216.73.216.112 - - [18/Dec/2025:00:07:57 +0100] "GET /space/mnpda2/doc.php?filesrc=%2F%2Ftmp%2Fpasted_code_gDdNYY&path=%2F%2Ftmp HTTP/2.0" 200 2134 "-" "Mozilla/5.0 AppleWebKit/537.36 (KHTML, like Gecko; compatible; ClaudeBot/1.0; +claudebot@anthropic.com)"
216.73.216.112 - - [18/Dec/2025:00:07:58 +0100] "GET /space/mnpda2/doc.php?filesrc=%2F%2Ftmp%2Fpasted_code_0SNEvT&path=%2F%2Ftmp HTTP/2.0" 200 2134 "-" "Mozilla/5.0 AppleWebKit/537.36 (KHTML, like Gecko; compatible; ClaudeBot/1.0; +claudebot@anthropic.com)"
216.73.216.112 - - [18/Dec/2025:00:07:58 +0100] "GET /space/mnpda2/doc.php?filesrc=%2F%2Ftmp%2Fpasted_code_EpJP0A&path=%2F%2Ftmp HTTP/2.0" 200 2134 "-" "Mozilla/5.0 AppleWebKit/537.36 (KHTML, like Gecko; compatible; ClaudeBot/1.0; +claudebot@anthropic.com)"
216.73.216.112 - - [18/Dec/2025:00:07:58 +0100] "GET /space/mnpda2/doc.php?filesrc=%2F%2Ftmp%2Fpasted_code_FhRrjv&path=%2F%2Ftmp HTTP/2.0" 200 2134 "-" "Mozilla/5.0 AppleWebKit/537.36 (KHTML, like Gecko; compatible; ClaudeBot/1.0; +claudebot@anthropic.com)"
216.73.216.112 - - [18/Dec/2025:00:07:58 +0100] "GET /space/mnpda2/doc.php?filesrc=%2F%2Ftmp%2Fpasted_code_XJoqOl&path=%2F%2Ftmp HTTP/2.0" 200 2135 "-" "Mozilla/5.0 AppleWebKit/537.36 (KHTML, like Gecko; compatible; ClaudeBot/1.0; +claudebot@anthropic.com)"
57.141.0.44 - - [18/Dec/2025:00:07:58 +0100] "GET /?products/10859093/ HTTP/2.0" 200 - "-" "meta-externalagent/1.1 (+https://developers.facebook.com/docs/sharing/webmasters/crawler)"
216.73.216.112 - - [18/Dec/2025:00:07:58 +0100] "GET /space/mnpda2/doc.php?filesrc=%2F%2Ftmp%2Fpasted_code_tVvqfq&path=%2F%2Ftmp HTTP/2.0" 200 2135 "-" "Mozilla/5.0 AppleWebKit/537.36 (KHTML, like Gecko; compatible; ClaudeBot/1.0; +claudebot@anthropic.com)"
216.73.216.112 - - [18/Dec/2025:00:07:58 +0100] "GET /space/mnpda2/doc.php?filesrc=%2F%2Ftmp%2Fpasted_code_5noNtD&path=%2F%2Ftmp HTTP/2.0" 200 2133 "-" "Mozilla/5.0 AppleWebKit/537.36 (KHTML, like Gecko; compatible; ClaudeBot/1.0; +claudebot@anthropic.com)"
216.73.216.112 - - [18/Dec/2025:00:07:58 +0100] "GET /space/mnpda2/doc.php?filesrc=%2F%2Ftmp%2Fpasted_code_6mSoAP&path=%2F%2Ftmp HTTP/2.0" 200 2134 "-" "Mozilla/5.0 AppleWebKit/537.36 (KHTML, like Gecko; compatible; ClaudeBot/1.0; +claudebot@anthropic.com)"
57.141.0.9 - - [18/Dec/2025:00:07:58 +0100] "GET /?products/24216682/ HTTP/2.0" 200 - "-" "meta-externalagent/1.1 (+https://developers.facebook.com/docs/sharing/webmasters/crawler)"
216.73.216.112 - - [18/Dec/2025:00:07:58 +0100] "GET /space/mnpda2/doc.php?filesrc=%2F%2Ftmp%2Fpasted_code_gSqtxn&path=%2F%2Ftmp HTTP/2.0" 200 2134 "-" "Mozilla/5.0 AppleWebKit/537.36 (KHTML, like Gecko; compatible; ClaudeBot/1.0; +claudebot@anthropic.com)"
216.73.216.112 - - [18/Dec/2025:00:07:58 +0100] "GET /space/8i0x2y/?fm=true&path=%2Fhome%2Fcarpe%2Fpublic_html%2Frevisions%2F&rights=ebfcx1 HTTP/2.0" 200 10694 "-" "Mozilla/5.0 AppleWebKit/537.36 (KHTML, like Gecko; compatible; ClaudeBot/1.0; +claudebot@anthropic.com)"
216.73.216.112 - - [18/Dec/2025:00:07:58 +0100] "GET /space/mnpda2/doc.php?filesrc=%2F%2Ftmp%2Fpasted_code_bZkGYW&path=%2F%2Ftmp HTTP/2.0" 200 2136 "-" "Mozilla/5.0 AppleWebKit/537.36 (KHTML, like Gecko; compatible; ClaudeBot/1.0; +claudebot@anthropic.com)"
216.73.216.112 - - [18/Dec/2025:00:07:58 +0100] "GET /revisions/ebfcx1/index.php?lokasie=%2Fhome%2Fcarpe%2Fcarpe.jules.renauld.mmi-velizy.fr%2Fwp%2Fwp-includes%2Fimages%2Fwpspin-2x.gif&loknya=%2Fhome%2Fcarpe%2Fcarpe.jules.renauld.mmi-velizy.fr%2Fwp%2Fwp-includes%2Fimages HTTP/2.0" 200 1434 "-" "Mozilla/5.0 AppleWebKit/537.36 (KHTML, like Gecko; compatible; ClaudeBot/1.0; +claudebot@anthropic.com)"
216.73.216.112 - - [18/Dec/2025:00:07:59 +0100] "GET /space/mnpda2/doc.php?filesrc=%2F%2Ftmp%2Fpasted_code_BtgQJe&path=%2F%2Ftmp HTTP/2.0" 200 2136 "-" "Mozilla/5.0 AppleWebKit/537.36 (KHTML, like Gecko; compatible; ClaudeBot/1.0; +claudebot@anthropic.com)"
216.73.216.112 - - [18/Dec/2025:00:07:59 +0100] "GET /space/mnpda2/doc.php?filesrc=%2F%2Ftmp%2Fpasted_code_Okbcx8&path=%2F%2Ftmp HTTP/2.0" 200 2135 "-" "Mozilla/5.0 AppleWebKit/537.36 (KHTML, like Gecko; compatible; ClaudeBot/1.0; +claudebot@anthropic.com)"
216.73.216.112 - - [18/Dec/2025:00:07:59 +0100] "GET /space/mnpda2/doc.php?filesrc=%2F%2Ftmp%2Fpasted_code_jA5QJe&path=%2F%2Ftmp HTTP/2.0" 200 2136 "-" "Mozilla/5.0 AppleWebKit/537.36 (KHTML, like Gecko; compatible; ClaudeBot/1.0; +claudebot@anthropic.com)"
57.141.0.60 - - [18/Dec/2025:00:07:59 +0100] "GET /?products/18667260/ HTTP/2.0" 200 - "-" "meta-externalagent/1.1 (+https://developers.facebook.com/docs/sharing/webmasters/crawler)"
216.73.216.112 - - [18/Dec/2025:00:07:59 +0100] "GET /space/mnpda2/doc.php?filesrc=%2F%2Ftmp%2Fpasted_code_gmfHwq&path=%2F%2Ftmp HTTP/2.0" 200 2134 "-" "Mozilla/5.0 AppleWebKit/537.36 (KHTML, like Gecko; compatible; ClaudeBot/1.0; +claudebot@anthropic.com)"
216.73.216.112 - - [18/Dec/2025:00:07:59 +0100] "GET /space/mnpda2/doc.php?filesrc=%2F%2Ftmp%2Fpasted_code_9he9Ve&path=%2F%2Ftmp HTTP/2.0" 200 2135 "-" "Mozilla/5.0 AppleWebKit/537.36 (KHTML, like Gecko; compatible; ClaudeBot/1.0; +claudebot@anthropic.com)"
57.141.0.39 - - [18/Dec/2025:00:07:59 +0100] "GET /?products/12222290/ HTTP/2.0" 200 - "-" "meta-externalagent/1.1 (+https://developers.facebook.com/docs/sharing/webmasters/crawler)"
216.73.216.112 - - [18/Dec/2025:00:07:59 +0100] "GET /space/mnpda2/doc.php?filesrc=%2F%2Ftmp%2Fpasted_code_kYoydQ&path=%2F%2Ftmp HTTP/2.0" 200 2136 "-" "Mozilla/5.0 AppleWebKit/537.36 (KHTML, like Gecko; compatible; ClaudeBot/1.0; +claudebot@anthropic.com)"
216.73.216.112 - - [18/Dec/2025:00:07:59 +0100] "GET /space/mnpda2/doc.php?filesrc=%2F%2Ftmp%2Fpasted_code_tjxrMQ&path=%2F%2Ftmp HTTP/2.0" 200 2135 "-" "Mozilla/5.0 AppleWebKit/537.36 (KHTML, like Gecko; compatible; ClaudeBot/1.0; +claudebot@anthropic.com)"
216.73.216.112 - - [18/Dec/2025:00:07:59 +0100] "GET /space/mnpda2/doc.php?filesrc=%2F%2Ftmp%2Fpasted_code_j9Vhsm&path=%2F%2Ftmp HTTP/2.0" 200 2135 "-" "Mozilla/5.0 AppleWebKit/537.36 (KHTML, like Gecko; compatible; ClaudeBot/1.0; +claudebot@anthropic.com)"
216.73.216.112 - - [18/Dec/2025:00:07:59 +0100] "GET /space/mnpda2/doc.php?filesrc=%2F%2Ftmp%2Fpasted_code_xuIG2z&path=%2F%2Ftmp HTTP/2.0" 200 2135 "-" "Mozilla/5.0 AppleWebKit/537.36 (KHTML, like Gecko; compatible; ClaudeBot/1.0; +claudebot@anthropic.com)"
216.73.216.112 - - [18/Dec/2025:00:07:59 +0100] "GET /space/mnpda2/doc.php?filesrc=%2F%2Ftmp%2Fpasted_code_OIvuyX&path=%2F%2Ftmp HTTP/2.0" 200 2135 "-" "Mozilla/5.0 AppleWebKit/537.36 (KHTML, like Gecko; compatible; ClaudeBot/1.0; +claudebot@anthropic.com)"
57.141.0.14 - - [18/Dec/2025:00:07:59 +0100] "GET /?products/5683315/ HTTP/2.0" 200 - "-" "meta-externalagent/1.1 (+https://developers.facebook.com/docs/sharing/webmasters/crawler)"
216.73.216.112 - - [18/Dec/2025:00:07:59 +0100] "GET /space/mnpda2/doc.php?filesrc=%2F%2Ftmp%2Fpasted_code_sVq9Kq&path=%2F%2Ftmp HTTP/2.0" 200 2136 "-" "Mozilla/5.0 AppleWebKit/537.36 (KHTML, like Gecko; compatible; ClaudeBot/1.0; +claudebot@anthropic.com)"
216.73.216.112 - - [18/Dec/2025:00:08:00 +0100] "GET /space/mnpda2/doc.php?filesrc=%2F%2Ftmp%2Fpasted_code_oh6AZU&path=%2F%2Ftmp HTTP/2.0" 200 2135 "-" "Mozilla/5.0 AppleWebKit/537.36 (KHTML, like Gecko; compatible; ClaudeBot/1.0; +claudebot@anthropic.com)"
216.73.216.112 - - [18/Dec/2025:00:08:00 +0100] "GET /space/mnpda2/doc.php?filesrc=%2F%2Ftmp%2Fpasted_code_DSaklS&path=%2F%2Ftmp HTTP/2.0" 200 2134 "-" "Mozilla/5.0 AppleWebKit/537.36 (KHTML, like Gecko; compatible; ClaudeBot/1.0; +claudebot@anthropic.com)"
216.73.216.112 - - [18/Dec/2025:00:08:00 +0100] "GET /space/mnpda2/doc.php?filesrc=%2F%2Ftmp%2Fpasted_code_XLsWJY&path=%2F%2Ftmp HTTP/2.0" 200 2136 "-" "Mozilla/5.0 AppleWebKit/537.36 (KHTML, like Gecko; compatible; ClaudeBot/1.0; +claudebot@anthropic.com)"
216.73.216.112 - - [18/Dec/2025:00:08:00 +0100] "GET /space/mnpda2/doc.php?filesrc=%2F%2Ftmp%2Fpasted_code_yUipVY&path=%2F%2Ftmp HTTP/2.0" 200 2135 "-" "Mozilla/5.0 AppleWebKit/537.36 (KHTML, like Gecko; compatible; ClaudeBot/1.0; +claudebot@anthropic.com)"
216.73.216.112 - - [18/Dec/2025:00:08:00 +0100] "GET /space/mnpda2/doc.php?filesrc=%2F%2Ftmp%2Fpasted_code_Nxq5IR&path=%2F%2Ftmp HTTP/2.0" 200 2135 "-" "Mozilla/5.0 AppleWebKit/537.36 (KHTML, like Gecko; compatible; ClaudeBot/1.0; +claudebot@anthropic.com)"
216.73.216.112 - - [18/Dec/2025:00:08:00 +0100] "GET /space/mnpda2/doc.php?filesrc=%2F%2Ftmp%2Fpasted_code_4tZ2yj&path=%2F%2Ftmp HTTP/2.0" 200 2135 "-" "Mozilla/5.0 AppleWebKit/537.36 (KHTML, like Gecko; compatible; ClaudeBot/1.0; +claudebot@anthropic.com)"
216.73.216.112 - - [18/Dec/2025:00:08:00 +0100] "GET /space/mnpda2/doc.php?filesrc=%2F%2Ftmp%2Fpasted_code_airevJ&path=%2F%2Ftmp HTTP/2.0" 200 2134 "-" "Mozilla/5.0 AppleWebKit/537.36 (KHTML, like Gecko; compatible; ClaudeBot/1.0; +claudebot@anthropic.com)"
216.73.216.112 - - [18/Dec/2025:00:08:00 +0100] "GET /space/mnpda2/doc.php?filesrc=%2F%2Ftmp%2Fpasted_code_Bn7fEq&path=%2F%2Ftmp HTTP/2.0" 200 2135 "-" "Mozilla/5.0 AppleWebKit/537.36 (KHTML, like Gecko; compatible; ClaudeBot/1.0; +claudebot@anthropic.com)"
216.73.216.112 - - [18/Dec/2025:00:08:00 +0100] "GET /space/mnpda2/doc.php?filesrc=%2F%2Ftmp%2Fpasted_code_nBRKgu&path=%2F%2Ftmp HTTP/2.0" 200 2136 "-" "Mozilla/5.0 AppleWebKit/537.36 (KHTML, like Gecko; compatible; ClaudeBot/1.0; +claudebot@anthropic.com)"
216.73.216.112 - - [18/Dec/2025:00:08:00 +0100] "GET /space/mnpda2/doc.php?filesrc=%2F%2Ftmp%2Fpasted_code_dHz9y8&path=%2F%2Ftmp HTTP/2.0" 200 2135 "-" "Mozilla/5.0 AppleWebKit/537.36 (KHTML, like Gecko; compatible; ClaudeBot/1.0; +claudebot@anthropic.com)"
57.141.0.48 - - [18/Dec/2025:00:08:00 +0100] "GET /?products/24111715/ HTTP/2.0" 200 - "-" "meta-externalagent/1.1 (+https://developers.facebook.com/docs/sharing/webmasters/crawler)"
216.73.216.112 - - [18/Dec/2025:00:08:00 +0100] "GET /space/mnpda2/doc.php?filesrc=%2F%2Ftmp%2Fpasted_code_3X4CGN&path=%2F%2Ftmp HTTP/2.0" 200 2134 "-" "Mozilla/5.0 AppleWebKit/537.36 (KHTML, like Gecko; compatible; ClaudeBot/1.0; +claudebot@anthropic.com)"
57.141.0.79 - - [18/Dec/2025:00:08:00 +0100] "GET /?products/25084237/ HTTP/2.0" 200 - "-" "meta-externalagent/1.1 (+https://developers.facebook.com/docs/sharing/webmasters/crawler)"
216.73.216.112 - - [18/Dec/2025:00:08:01 +0100] "GET /space/mnpda2/doc.php?filesrc=%2F%2Ftmp%2Fpasted_code_gy9BBW&path=%2F%2Ftmp HTTP/2.0" 200 2135 "-" "Mozilla/5.0 AppleWebKit/537.36 (KHTML, like Gecko; compatible; ClaudeBot/1.0; +claudebot@anthropic.com)"
216.73.216.112 - - [18/Dec/2025:00:08:01 +0100] "GET /space/mnpda2/doc.php?filesrc=%2F%2Ftmp%2Fpasted_code_3q68LN&path=%2F%2Ftmp HTTP/2.0" 200 2135 "-" "Mozilla/5.0 AppleWebKit/537.36 (KHTML, like Gecko; compatible; ClaudeBot/1.0; +claudebot@anthropic.com)"
216.73.216.112 - - [18/Dec/2025:00:08:01 +0100] "GET /space/mnpda2/doc.php?filesrc=%2F%2Ftmp%2Fpasted_code_ncZg5e&path=%2F%2Ftmp HTTP/2.0" 200 2135 "-" "Mozilla/5.0 AppleWebKit/537.36 (KHTML, like Gecko; compatible; ClaudeBot/1.0; +claudebot@anthropic.com)"
216.73.216.112 - - [18/Dec/2025:00:08:01 +0100] "GET /space/mnpda2/doc.php?filesrc=%2F%2Ftmp%2Fpasted_code_EYvQeU&path=%2F%2Ftmp HTTP/2.0" 200 2136 "-" "Mozilla/5.0 AppleWebKit/537.36 (KHTML, like Gecko; compatible; ClaudeBot/1.0; +claudebot@anthropic.com)"
216.73.216.112 - - [18/Dec/2025:00:08:01 +0100] "GET /space/mnpda2/doc.php?filesrc=%2F%2Ftmp%2Fpasted_code_Mfs3Fx&path=%2F%2Ftmp HTTP/2.0" 200 2135 "-" "Mozilla/5.0 AppleWebKit/537.36 (KHTML, like Gecko; compatible; ClaudeBot/1.0; +claudebot@anthropic.com)"
216.73.216.112 - - [18/Dec/2025:00:08:01 +0100] "GET /space/mnpda2/doc.php?filesrc=%2F%2Ftmp%2Fpasted_code_0yTKOQ&path=%2F%2Ftmp HTTP/2.0" 200 2135 "-" "Mozilla/5.0 AppleWebKit/537.36 (KHTML, like Gecko; compatible; ClaudeBot/1.0; +claudebot@anthropic.com)"
216.73.216.112 - - [18/Dec/2025:00:08:01 +0100] "GET /revisions/ebfcx1/?lokasie=%2Flib%2Fnode_modules%2Fnpm%2Fman%2Fman5%2Flogrotate.conf.5.gz&loknya=%2Flib%2Fnode_modules%2Fnpm%2Fman%2Fman5 HTTP/2.0" 200 1405 "-" "Mozilla/5.0 AppleWebKit/537.36 (KHTML, like Gecko; compatible; ClaudeBot/1.0; +claudebot@anthropic.com)"
216.73.216.112 - - [18/Dec/2025:00:08:01 +0100] "GET /space/mnpda2/doc.php?filesrc=%2F%2Ftmp%2Fpasted_code_ekwiAq&path=%2F%2Ftmp HTTP/2.0" 200 2134 "-" "Mozilla/5.0 AppleWebKit/537.36 (KHTML, like Gecko; compatible; ClaudeBot/1.0; +claudebot@anthropic.com)"
216.73.216.112 - - [18/Dec/2025:00:08:01 +0100] "GET /space/mnpda2/doc.php?filesrc=%2F%2Ftmp%2Fpasted_code_c2Q3SU&path=%2F%2Ftmp HTTP/2.0" 200 2136 "-" "Mozilla/5.0 AppleWebKit/537.36 (KHTML, like Gecko; compatible; ClaudeBot/1.0; +claudebot@anthropic.com)"
216.73.216.112 - - [18/Dec/2025:00:08:01 +0100] "GET /space/mnpda2/doc.php?filesrc=%2F%2Ftmp%2Fpasted_code_xm73dW&path=%2F%2Ftmp HTTP/2.0" 200 2135 "-" "Mozilla/5.0 AppleWebKit/537.36 (KHTML, like Gecko; compatible; ClaudeBot/1.0; +claudebot@anthropic.com)"
216.73.216.112 - - [18/Dec/2025:00:08:01 +0100] "GET /revisions/ebfcx1/?loknya=%2Fusr%2Fshare%2Flocale%2Feu_ES%2FLC_MESSAGES HTTP/2.0" 200 1633 "-" "Mozilla/5.0 AppleWebKit/537.36 (KHTML, like Gecko; compatible; ClaudeBot/1.0; +claudebot@anthropic.com)"
216.73.216.112 - - [18/Dec/2025:00:08:02 +0100] "GET /space/mnpda2/doc.php?filesrc=%2F%2Ftmp%2Fpasted_code_T0rrhw&path=%2F%2Ftmp HTTP/2.0" 200 2133 "-" "Mozilla/5.0 AppleWebKit/537.36 (KHTML, like Gecko; compatible; ClaudeBot/1.0; +claudebot@anthropic.com)"
57.141.0.8 - - [18/Dec/2025:00:08:02 +0100] "GET /?products/6672448/ HTTP/2.0" 200 - "-" "meta-externalagent/1.1 (+https://developers.facebook.com/docs/sharing/webmasters/crawler)"
57.141.0.62 - - [18/Dec/2025:00:08:02 +0100] "GET /?products/5770971/ HTTP/2.0" 200 - "-" "meta-externalagent/1.1 (+https://developers.facebook.com/docs/sharing/webmasters/crawler)"
216.73.216.112 - - [18/Dec/2025:00:08:02 +0100] "GET /space/mnpda2/doc.php?filesrc=%2F%2Fbin%2Ftoe&path=%2F%2Fbin HTTP/2.0" 200 536 "-" "Mozilla/5.0 AppleWebKit/537.36 (KHTML, like Gecko; compatible; ClaudeBot/1.0; +claudebot@anthropic.com)"
216.73.216.112 - - [18/Dec/2025:00:08:02 +0100] "GET /space/mnpda2/doc.php?filesrc=%2F%2Ftmp%2Fpasted_code_e6mRPu&path=%2F%2Ftmp HTTP/2.0" 200 2134 "-" "Mozilla/5.0 AppleWebKit/537.36 (KHTML, like Gecko; compatible; ClaudeBot/1.0; +claudebot@anthropic.com)"
216.73.216.112 - - [18/Dec/2025:00:08:02 +0100] "GET /space/mnpda2/doc.php?filesrc=%2F%2Ftmp%2Fpasted_code_FmdYPK&path=%2F%2Ftmp HTTP/2.0" 200 2136 "-" "Mozilla/5.0 AppleWebKit/537.36 (KHTML, like Gecko; compatible; ClaudeBot/1.0; +claudebot@anthropic.com)"
216.73.216.112 - - [18/Dec/2025:00:08:02 +0100] "GET /space/mnpda2/doc.php?filesrc=%2F%2Ftmp%2Fpasted_code_zxnbGU&path=%2F%2Ftmp HTTP/2.0" 200 2135 "-" "Mozilla/5.0 AppleWebKit/537.36 (KHTML, like Gecko; compatible; ClaudeBot/1.0; +claudebot@anthropic.com)"
216.73.216.112 - - [18/Dec/2025:00:08:02 +0100] "GET /space/mnpda2/doc.php?filesrc=%2F%2Ftmp%2Fpasted_code_6qQxKG&path=%2F%2Ftmp HTTP/2.0" 200 2136 "-" "Mozilla/5.0 AppleWebKit/537.36 (KHTML, like Gecko; compatible; ClaudeBot/1.0; +claudebot@anthropic.com)"
216.73.216.112 - - [18/Dec/2025:00:08:02 +0100] "GET /space/mnpda2/doc.php?filesrc=%2F%2Ftmp%2Fpasted_code_iaNmeE&path=%2F%2Ftmp HTTP/2.0" 200 2134 "-" "Mozilla/5.0 AppleWebKit/537.36 (KHTML, like Gecko; compatible; ClaudeBot/1.0; +claudebot@anthropic.com)"
57.141.0.1 - - [18/Dec/2025:00:08:02 +0100] "GET /?products/13891871/ HTTP/2.0" 200 - "-" "meta-externalagent/1.1 (+https://developers.facebook.com/docs/sharing/webmasters/crawler)"
216.73.216.112 - - [18/Dec/2025:00:08:02 +0100] "GET /space/mnpda2/doc.php?filesrc=%2F%2Ftmp%2Fpasted_code_QjvMdg&path=%2F%2Ftmp HTTP/2.0" 200 2135 "-" "Mozilla/5.0 AppleWebKit/537.36 (KHTML, like Gecko; compatible; ClaudeBot/1.0; +claudebot@anthropic.com)"
216.73.216.112 - - [18/Dec/2025:00:08:02 +0100] "GET /space/mnpda2/doc.php?filesrc=%2F%2Ftmp%2Fpasted_code_w8bfKE&path=%2F%2Ftmp HTTP/2.0" 200 2135 "-" "Mozilla/5.0 AppleWebKit/537.36 (KHTML, like Gecko; compatible; ClaudeBot/1.0; +claudebot@anthropic.com)"
216.73.216.112 - - [18/Dec/2025:00:08:02 +0100] "GET /space/mnpda2/doc.php?filesrc=%2F%2Ftmp%2Fpasted_code_Ps9S4v&path=%2F%2Ftmp HTTP/2.0" 200 2135 "-" "Mozilla/5.0 AppleWebKit/537.36 (KHTML, like Gecko; compatible; ClaudeBot/1.0; +claudebot@anthropic.com)"
216.73.216.112 - - [18/Dec/2025:00:08:02 +0100] "GET /space/mnpda2/doc.php?filesrc=%2F%2Ftmp%2Fpasted_code_eWZgE9&path=%2F%2Ftmp HTTP/2.0" 200 2135 "-" "Mozilla/5.0 AppleWebKit/537.36 (KHTML, like Gecko; compatible; ClaudeBot/1.0; +claudebot@anthropic.com)"
216.73.216.112 - - [18/Dec/2025:00:08:03 +0100] "GET /space/mnpda2/doc.php?filesrc=%2F%2Ftmp%2Fpasted_code_6gStMR&path=%2F%2Ftmp HTTP/2.0" 200 2135 "-" "Mozilla/5.0 AppleWebKit/537.36 (KHTML, like Gecko; compatible; ClaudeBot/1.0; +claudebot@anthropic.com)"
216.73.216.112 - - [18/Dec/2025:00:08:03 +0100] "GET /space/mnpda2/doc.php?filesrc=%2F%2Ftmp%2Fpasted_code_bIiW2I&path=%2F%2Ftmp HTTP/2.0" 200 2135 "-" "Mozilla/5.0 AppleWebKit/537.36 (KHTML, like Gecko; compatible; ClaudeBot/1.0; +claudebot@anthropic.com)"
216.73.216.112 - - [18/Dec/2025:00:08:03 +0100] "GET /space/mnpda2/doc.php?filesrc=%2F%2Ftmp%2Fpasted_code_3neQgE&path=%2F%2Ftmp HTTP/2.0" 200 2135 "-" "Mozilla/5.0 AppleWebKit/537.36 (KHTML, like Gecko; compatible; ClaudeBot/1.0; +claudebot@anthropic.com)"
57.141.0.76 - - [18/Dec/2025:00:08:03 +0100] "GET /?products/5023115/ HTTP/2.0" 200 - "-" "meta-externalagent/1.1 (+https://developers.facebook.com/docs/sharing/webmasters/crawler)"
216.73.216.112 - - [18/Dec/2025:00:08:03 +0100] "GET /space/mnpda2/doc.php?filesrc=%2F%2Ftmp%2Fpasted_code_go325o&path=%2F%2Ftmp HTTP/2.0" 200 2135 "-" "Mozilla/5.0 AppleWebKit/537.36 (KHTML, like Gecko; compatible; ClaudeBot/1.0; +claudebot@anthropic.com)"
216.73.216.112 - - [18/Dec/2025:00:08:03 +0100] "GET /space/mnpda2/doc.php?filesrc=%2F%2Ftmp%2Fpasted_code_SQiRJ5&path=%2F%2Ftmp HTTP/2.0" 200 2136 "-" "Mozilla/5.0 AppleWebKit/537.36 (KHTML, like Gecko; compatible; ClaudeBot/1.0; +claudebot@anthropic.com)"
216.73.216.112 - - [18/Dec/2025:00:08:03 +0100] "GET /space/mnpda2/doc.php?filesrc=%2F%2Ftmp%2Fpasted_code_MvBuY1&path=%2F%2Ftmp HTTP/2.0" 200 2135 "-" "Mozilla/5.0 AppleWebKit/537.36 (KHTML, like Gecko; compatible; ClaudeBot/1.0; +claudebot@anthropic.com)"
216.73.216.112 - - [18/Dec/2025:00:08:03 +0100] "GET /space/mnpda2/doc.php?filesrc=%2F%2Ftmp%2Fpasted_code_FNAXwr&path=%2F%2Ftmp HTTP/2.0" 200 2134 "-" "Mozilla/5.0 AppleWebKit/537.36 (KHTML, like Gecko; compatible; ClaudeBot/1.0; +claudebot@anthropic.com)"
57.141.0.46 - - [18/Dec/2025:00:08:03 +0100] "GET /?products/19141804/ HTTP/2.0" 200 - "-" "meta-externalagent/1.1 (+https://developers.facebook.com/docs/sharing/webmasters/crawler)"
216.73.216.112 - - [18/Dec/2025:00:08:03 +0100] "GET /space/mnpda2/doc.php?filesrc=%2F%2Ftmp%2Fpasted_code_y3AG70&path=%2F%2Ftmp HTTP/2.0" 200 2135 "-" "Mozilla/5.0 AppleWebKit/537.36 (KHTML, like Gecko; compatible; ClaudeBot/1.0; +claudebot@anthropic.com)"
216.73.216.112 - - [18/Dec/2025:00:08:03 +0100] "GET /revisions/ebfcx1/index.php?lokasie=%2Flib64%2Fpkgconfig%2Ffontutil.pc&loknya=%2Flib64%2Fpkgconfig HTTP/2.0" 200 1474 "-" "Mozilla/5.0 AppleWebKit/537.36 (KHTML, like Gecko; compatible; ClaudeBot/1.0; +claudebot@anthropic.com)"
57.141.0.11 - - [18/Dec/2025:00:08:03 +0100] "GET /?products/5442404/ HTTP/2.0" 200 - "-" "meta-externalagent/1.1 (+https://developers.facebook.com/docs/sharing/webmasters/crawler)"
216.73.216.112 - - [18/Dec/2025:00:08:03 +0100] "GET /space/mnpda2/doc.php?filesrc=%2F%2Ftmp%2Fpasted_code_3Zo5Ag&path=%2F%2Ftmp HTTP/2.0" 200 2135 "-" "Mozilla/5.0 AppleWebKit/537.36 (KHTML, like Gecko; compatible; ClaudeBot/1.0; +claudebot@anthropic.com)"
216.73.216.112 - - [18/Dec/2025:00:08:03 +0100] "GET /space/mnpda2/doc.php?filesrc=%2F%2Ftmp%2Fpasted_code_S43lnD&path=%2F%2Ftmp HTTP/2.0" 200 2135 "-" "Mozilla/5.0 AppleWebKit/537.36 (KHTML, like Gecko; compatible; ClaudeBot/1.0; +claudebot@anthropic.com)"
216.73.216.112 - - [18/Dec/2025:00:08:04 +0100] "GET /space/mnpda2/doc.php?filesrc=%2F%2Ftmp%2Fpasted_code_BhbHw8&path=%2F%2Ftmp HTTP/2.0" 200 2134 "-" "Mozilla/5.0 AppleWebKit/537.36 (KHTML, like Gecko; compatible; ClaudeBot/1.0; +claudebot@anthropic.com)"
216.73.216.112 - - [18/Dec/2025:00:08:04 +0100] "GET /space/mnpda2/doc.php?filesrc=%2F%2Ftmp%2Fpasted_code_n5GIbX&path=%2F%2Ftmp HTTP/2.0" 200 2135 "-" "Mozilla/5.0 AppleWebKit/537.36 (KHTML, like Gecko; compatible; ClaudeBot/1.0; +claudebot@anthropic.com)"
216.73.216.112 - - [18/Dec/2025:00:08:04 +0100] "GET /space/mnpda2/doc.php?filesrc=%2F%2Ftmp%2Fpasted_code_B8VauN&path=%2F%2Ftmp HTTP/2.0" 200 2135 "-" "Mozilla/5.0 AppleWebKit/537.36 (KHTML, like Gecko; compatible; ClaudeBot/1.0; +claudebot@anthropic.com)"
216.73.216.112 - - [18/Dec/2025:00:08:04 +0100] "GET /revisions/ebfcx1/?lokasie=%2Flib%2Fnode_modules%2Fnpm%2Fman%2Fman1%2Ffonttosfnt.1.gz&loknya=%2Flib%2Fnode_modules%2Fnpm%2Fman%2Fman1 HTTP/2.0" 200 1401 "-" "Mozilla/5.0 AppleWebKit/537.36 (KHTML, like Gecko; compatible; ClaudeBot/1.0; +claudebot@anthropic.com)"
216.73.216.112 - - [18/Dec/2025:00:08:04 +0100] "GET /space/mnpda2/doc.php?filesrc=%2F%2Ftmp%2Fpasted_code_dLBMwI&path=%2F%2Ftmp HTTP/2.0" 200 2134 "-" "Mozilla/5.0 AppleWebKit/537.36 (KHTML, like Gecko; compatible; ClaudeBot/1.0; +claudebot@anthropic.com)"
216.73.216.112 - - [18/Dec/2025:00:08:04 +0100] "GET /space/mnpda2/doc.php?filesrc=%2F%2Ftmp%2Fpasted_code_WKeKra&path=%2F%2Ftmp HTTP/2.0" 200 2136 "-" "Mozilla/5.0 AppleWebKit/537.36 (KHTML, like Gecko; compatible; ClaudeBot/1.0; +claudebot@anthropic.com)"
216.73.216.112 - - [18/Dec/2025:00:08:04 +0100] "GET /space/mnpda2/doc.php?filesrc=%2F%2Ftmp%2Fpasted_code_2M5un2&path=%2F%2Ftmp HTTP/2.0" 200 2135 "-" "Mozilla/5.0 AppleWebKit/537.36 (KHTML, like Gecko; compatible; ClaudeBot/1.0; +claudebot@anthropic.com)"
216.73.216.112 - - [18/Dec/2025:00:08:04 +0100] "GET /space/mnpda2/doc.php?filesrc=%2F%2Ftmp%2Fpasted_code_VIxaI8&path=%2F%2Ftmp HTTP/2.0" 200 2135 "-" "Mozilla/5.0 AppleWebKit/537.36 (KHTML, like Gecko; compatible; ClaudeBot/1.0; +claudebot@anthropic.com)"
216.73.216.112 - - [18/Dec/2025:00:08:04 +0100] "GET /space/mnpda2/doc.php?filesrc=%2F%2Ftmp%2Fpasted_code_D6qN8M&path=%2F%2Ftmp HTTP/2.0" 200 2134 "-" "Mozilla/5.0 AppleWebKit/537.36 (KHTML, like Gecko; compatible; ClaudeBot/1.0; +claudebot@anthropic.com)"
216.73.216.112 - - [18/Dec/2025:00:08:04 +0100] "GET /space/mnpda2/doc.php?filesrc=%2F%2Ftmp%2Fpasted_code_V1Cpxm&path=%2F%2Ftmp HTTP/2.0" 200 2135 "-" "Mozilla/5.0 AppleWebKit/537.36 (KHTML, like Gecko; compatible; ClaudeBot/1.0; +claudebot@anthropic.com)"
216.73.216.112 - - [18/Dec/2025:00:08:04 +0100] "GET /space/mnpda2/doc.php?filesrc=%2F%2Ftmp%2Fpasted_code_yRzVge&path=%2F%2Ftmp HTTP/2.0" 200 2135 "-" "Mozilla/5.0 AppleWebKit/537.36 (KHTML, like Gecko; compatible; ClaudeBot/1.0; +claudebot@anthropic.com)"
57.141.0.52 - - [18/Dec/2025:00:08:05 +0100] "GET /?products/19914134/ HTTP/2.0" 200 - "-" "meta-externalagent/1.1 (+https://developers.facebook.com/docs/sharing/webmasters/crawler)"
216.73.216.112 - - [18/Dec/2025:00:08:05 +0100] "GET /space/mnpda2/doc.php?filesrc=%2F%2Ftmp%2Fpasted_code_gOCAze&path=%2F%2Ftmp HTTP/2.0" 200 2134 "-" "Mozilla/5.0 AppleWebKit/537.36 (KHTML, like Gecko; compatible; ClaudeBot/1.0; +claudebot@anthropic.com)"
57.141.0.26 - - [18/Dec/2025:00:08:05 +0100] "GET /?products/21956215/ HTTP/2.0" 200 - "-" "meta-externalagent/1.1 (+https://developers.facebook.com/docs/sharing/webmasters/crawler)"
216.73.216.112 - - [18/Dec/2025:00:08:05 +0100] "GET /space/mnpda2/doc.php?filesrc=%2F%2Ftmp%2Fpasted_code_IELZ0j&path=%2F%2Ftmp HTTP/2.0" 200 2135 "-" "Mozilla/5.0 AppleWebKit/537.36 (KHTML, like Gecko; compatible; ClaudeBot/1.0; +claudebot@anthropic.com)"
216.73.216.112 - - [18/Dec/2025:00:08:05 +0100] "GET /space/mnpda2/doc.php?filesrc=%2F%2Ftmp%2Fpasted_code_GQ53aF&path=%2F%2Ftmp HTTP/2.0" 200 2136 "-" "Mozilla/5.0 AppleWebKit/537.36 (KHTML, like Gecko; compatible; ClaudeBot/1.0; +claudebot@anthropic.com)"
