403Webshell
Server IP : 109.234.162.214  /  Your IP : 216.73.216.222
Web Server : Apache
System : Linux servd162214.srv.odns.fr 4.18.0-372.26.1.lve.1.el8.x86_64 #1 SMP Fri Sep 16 14:08:19 EDT 2022 x86_64
User : carpe ( 1178)
PHP Version : 8.0.30
Disable Function : NONE
MySQL : OFF  |  cURL : ON  |  WGET : ON  |  Perl : ON  |  Python : ON  |  Sudo : OFF  |  Pkexec : OFF
Directory :  /home/carpe/access-logs/

Upload File :
current_dir [ Writeable ] document_root [ Writeable ]

 

Command :


[ Back ]     

Current File : /home/carpe/access-logs/jules.renauld.mmi-velizy.fr-ssl_log
57.141.0.16 - - [10/Dec/2025:00:14:39 +0100] "GET /detail/85465335.shtml HTTP/2.0" 200 - "-" "meta-externalagent/1.1 (+https://developers.facebook.com/docs/sharing/webmasters/crawler)"
57.141.0.13 - - [10/Dec/2025:00:14:51 +0100] "GET /detail/378079646.html HTTP/2.0" 200 - "-" "meta-externalagent/1.1 (+https://developers.facebook.com/docs/sharing/webmasters/crawler)"
57.141.0.74 - - [10/Dec/2025:00:15:35 +0100] "GET /detail/554697847.shtml HTTP/2.0" 200 - "-" "meta-externalagent/1.1 (+https://developers.facebook.com/docs/sharing/webmasters/crawler)"
57.141.0.38 - - [10/Dec/2025:00:15:47 +0100] "GET /detail/201551319.shtml HTTP/2.0" 200 - "-" "meta-externalagent/1.1 (+https://developers.facebook.com/docs/sharing/webmasters/crawler)"
57.141.0.71 - - [10/Dec/2025:00:15:53 +0100] "GET /detail/103238679.shtml HTTP/2.0" 200 - "-" "meta-externalagent/1.1 (+https://developers.facebook.com/docs/sharing/webmasters/crawler)"
57.141.0.20 - - [10/Dec/2025:00:15:59 +0100] "GET /detail/768365710.html HTTP/2.0" 200 - "-" "meta-externalagent/1.1 (+https://developers.facebook.com/docs/sharing/webmasters/crawler)"
57.141.0.17 - - [10/Dec/2025:00:16:12 +0100] "GET /detail/1225274862.html HTTP/2.0" 200 - "-" "meta-externalagent/1.1 (+https://developers.facebook.com/docs/sharing/webmasters/crawler)"
57.141.0.53 - - [10/Dec/2025:00:17:30 +0100] "GET /detail/83521047.shtml HTTP/2.0" 200 - "-" "meta-externalagent/1.1 (+https://developers.facebook.com/docs/sharing/webmasters/crawler)"
57.141.0.36 - - [10/Dec/2025:00:17:42 +0100] "GET /detail/437972878.html HTTP/2.0" 200 - "-" "meta-externalagent/1.1 (+https://developers.facebook.com/docs/sharing/webmasters/crawler)"
57.141.0.11 - - [10/Dec/2025:00:17:59 +0100] "GET /detail/145107927.shtml HTTP/2.0" 200 - "-" "meta-externalagent/1.1 (+https://developers.facebook.com/docs/sharing/webmasters/crawler)"
57.141.0.10 - - [10/Dec/2025:00:18:41 +0100] "GET /detail/147934903.shtml HTTP/2.0" 200 - "-" "meta-externalagent/1.1 (+https://developers.facebook.com/docs/sharing/webmasters/crawler)"
57.141.0.47 - - [10/Dec/2025:00:18:53 +0100] "GET /detail/1545158510.html HTTP/2.0" 200 - "-" "meta-externalagent/1.1 (+https://developers.facebook.com/docs/sharing/webmasters/crawler)"
57.141.0.60 - - [10/Dec/2025:00:19:05 +0100] "GET /detail/1382381154.html HTTP/2.0" 200 - "-" "meta-externalagent/1.1 (+https://developers.facebook.com/docs/sharing/webmasters/crawler)"
57.141.0.66 - - [10/Dec/2025:00:19:22 +0100] "GET /detail/628121354.html HTTP/2.0" 200 - "-" "meta-externalagent/1.1 (+https://developers.facebook.com/docs/sharing/webmasters/crawler)"
57.141.0.58 - - [10/Dec/2025:00:19:46 +0100] "GET /detail/731823918.html HTTP/2.0" 200 - "-" "meta-externalagent/1.1 (+https://developers.facebook.com/docs/sharing/webmasters/crawler)"
57.141.0.15 - - [10/Dec/2025:00:19:51 +0100] "GET /detail/936620398.html HTTP/2.0" 200 - "-" "meta-externalagent/1.1 (+https://developers.facebook.com/docs/sharing/webmasters/crawler)"
57.141.0.42 - - [10/Dec/2025:00:20:36 +0100] "GET /detail/913240311.shtml HTTP/2.0" 200 - "-" "meta-externalagent/1.1 (+https://developers.facebook.com/docs/sharing/webmasters/crawler)"
57.141.0.6 - - [10/Dec/2025:00:20:54 +0100] "GET /detail/1325770135.shtml HTTP/2.0" 200 - "-" "meta-externalagent/1.1 (+https://developers.facebook.com/docs/sharing/webmasters/crawler)"
57.141.0.73 - - [10/Dec/2025:00:21:22 +0100] "GET /detail/833583982.html HTTP/2.0" 200 - "-" "meta-externalagent/1.1 (+https://developers.facebook.com/docs/sharing/webmasters/crawler)"
57.141.0.2 - - [10/Dec/2025:00:21:33 +0100] "GET /detail/111984471.shtml HTTP/2.0" 200 - "-" "meta-externalagent/1.1 (+https://developers.facebook.com/docs/sharing/webmasters/crawler)"
57.141.0.2 - - [10/Dec/2025:00:21:55 +0100] "GET /detail/192710679.shtml HTTP/2.0" 200 - "-" "meta-externalagent/1.1 (+https://developers.facebook.com/docs/sharing/webmasters/crawler)"
57.141.0.10 - - [10/Dec/2025:00:22:24 +0100] "GET /detail/705202775.shtml HTTP/2.0" 200 - "-" "meta-externalagent/1.1 (+https://developers.facebook.com/docs/sharing/webmasters/crawler)"
57.141.0.53 - - [10/Dec/2025:00:22:29 +0100] "GET /detail/233591159.shtml HTTP/2.0" 200 - "-" "meta-externalagent/1.1 (+https://developers.facebook.com/docs/sharing/webmasters/crawler)"
57.141.0.5 - - [10/Dec/2025:00:22:34 +0100] "GET /sitemap.xml HTTP/2.0" 200 8875 "-" "meta-externalagent/1.1 (+https://developers.facebook.com/docs/sharing/webmasters/crawler)"
57.141.0.16 - - [10/Dec/2025:00:22:39 +0100] "GET /detail/1303059814.html HTTP/2.0" 200 - "-" "meta-externalagent/1.1 (+https://developers.facebook.com/docs/sharing/webmasters/crawler)"
57.141.0.73 - - [10/Dec/2025:00:22:45 +0100] "GET /detail/165196455.shtml HTTP/2.0" 200 - "-" "meta-externalagent/1.1 (+https://developers.facebook.com/docs/sharing/webmasters/crawler)"
57.141.0.35 - - [10/Dec/2025:00:22:51 +0100] "GET /detail/1434106615.shtml HTTP/2.0" 200 - "-" "meta-externalagent/1.1 (+https://developers.facebook.com/docs/sharing/webmasters/crawler)"
57.141.0.24 - - [10/Dec/2025:00:23:06 +0100] "GET /detail/784811255.shtml HTTP/2.0" 200 - "-" "meta-externalagent/1.1 (+https://developers.facebook.com/docs/sharing/webmasters/crawler)"
57.141.0.74 - - [10/Dec/2025:00:23:12 +0100] "GET /detail/851048870.html HTTP/2.0" 200 - "-" "meta-externalagent/1.1 (+https://developers.facebook.com/docs/sharing/webmasters/crawler)"
57.141.0.17 - - [10/Dec/2025:00:23:17 +0100] "GET /detail/191558679.shtml HTTP/2.0" 200 - "-" "meta-externalagent/1.1 (+https://developers.facebook.com/docs/sharing/webmasters/crawler)"
57.141.0.17 - - [10/Dec/2025:00:23:23 +0100] "GET /detail/1004759154.html HTTP/2.0" 200 - "-" "meta-externalagent/1.1 (+https://developers.facebook.com/docs/sharing/webmasters/crawler)"
57.141.0.14 - - [10/Dec/2025:00:23:33 +0100] "GET /detail/556171154.html HTTP/2.0" 200 - "-" "meta-externalagent/1.1 (+https://developers.facebook.com/docs/sharing/webmasters/crawler)"
57.141.0.9 - - [10/Dec/2025:00:23:44 +0100] "GET /detail/202921054.html HTTP/2.0" 200 - "-" "meta-externalagent/1.1 (+https://developers.facebook.com/docs/sharing/webmasters/crawler)"
20.15.133.191 - - [10/Dec/2025:00:24:31 +0100] "GET /?products/25516623/ HTTP/2.0" 200 20706 "-" "Mozilla/5.0 AppleWebKit/537.36 (KHTML, like Gecko; compatible; bingbot/2.0; +http://www.bing.com/bingbot.htm) Chrome/116.0.1938.76 Safari/537.36"
57.141.0.50 - - [10/Dec/2025:00:24:41 +0100] "GET /detail/171418071.shtml HTTP/2.0" 200 - "-" "meta-externalagent/1.1 (+https://developers.facebook.com/docs/sharing/webmasters/crawler)"
57.141.0.57 - - [10/Dec/2025:00:25:07 +0100] "GET /sitemap955.xml HTTP/2.0" 200 159810 "-" "meta-externalagent/1.1 (+https://developers.facebook.com/docs/sharing/webmasters/crawler)"
57.141.0.1 - - [10/Dec/2025:00:25:34 +0100] "GET /detail/140144823.shtml HTTP/2.0" 200 - "-" "meta-externalagent/1.1 (+https://developers.facebook.com/docs/sharing/webmasters/crawler)"
57.141.0.74 - - [10/Dec/2025:00:25:43 +0100] "GET /detail/1011198535.shtml HTTP/2.0" 200 - "-" "meta-externalagent/1.1 (+https://developers.facebook.com/docs/sharing/webmasters/crawler)"
57.141.0.72 - - [10/Dec/2025:00:25:58 +0100] "GET /detail/1524943042.html HTTP/2.0" 200 - "-" "meta-externalagent/1.1 (+https://developers.facebook.com/docs/sharing/webmasters/crawler)"
20.15.133.191 - - [10/Dec/2025:00:26:02 +0100] "GET /?products/3037523/ HTTP/2.0" 200 20816 "-" "Mozilla/5.0 AppleWebKit/537.36 (KHTML, like Gecko; compatible; bingbot/2.0; +http://www.bing.com/bingbot.htm) Chrome/116.0.1938.76 Safari/537.36"
57.141.0.4 - - [10/Dec/2025:00:26:13 +0100] "GET /detail/103386135.shtml HTTP/2.0" 200 - "-" "meta-externalagent/1.1 (+https://developers.facebook.com/docs/sharing/webmasters/crawler)"
20.15.133.191 - - [10/Dec/2025:00:26:22 +0100] "GET /?products/9543089/ HTTP/2.0" 200 20633 "-" "Mozilla/5.0 AppleWebKit/537.36 (KHTML, like Gecko; compatible; bingbot/2.0; +http://www.bing.com/bingbot.htm) Chrome/116.0.1938.76 Safari/537.36"
57.141.0.48 - - [10/Dec/2025:00:26:24 +0100] "GET /detail/413305015.shtml HTTP/2.0" 200 - "-" "meta-externalagent/1.1 (+https://developers.facebook.com/docs/sharing/webmasters/crawler)"
57.141.0.12 - - [10/Dec/2025:00:26:38 +0100] "GET /detail/366076183.shtml HTTP/2.0" 200 - "-" "meta-externalagent/1.1 (+https://developers.facebook.com/docs/sharing/webmasters/crawler)"
57.141.0.71 - - [10/Dec/2025:00:27:28 +0100] "GET /sitemap87.xml HTTP/2.0" 200 158299 "-" "meta-externalagent/1.1 (+https://developers.facebook.com/docs/sharing/webmasters/crawler)"
216.73.216.222 - - [10/Dec/2025:00:27:55 +0100] "GET /robots.txt HTTP/2.0" 200 153 "-" "Mozilla/5.0 AppleWebKit/537.36 (KHTML, like Gecko; compatible; ClaudeBot/1.0; +claudebot@anthropic.com)"
216.73.216.222 - - [10/Dec/2025:00:27:55 +0100] "GET / HTTP/2.0" 403 1 "-" "Mozilla/5.0 AppleWebKit/537.36 (KHTML, like Gecko; compatible; ClaudeBot/1.0; +claudebot@anthropic.com)"
57.141.0.13 - - [10/Dec/2025:00:28:08 +0100] "GET /detail/1389410103.shtml HTTP/2.0" 200 - "-" "meta-externalagent/1.1 (+https://developers.facebook.com/docs/sharing/webmasters/crawler)"
57.141.0.62 - - [10/Dec/2025:00:28:12 +0100] "GET /detail/367717574.html HTTP/2.0" 200 - "-" "meta-externalagent/1.1 (+https://developers.facebook.com/docs/sharing/webmasters/crawler)"
57.141.0.39 - - [10/Dec/2025:00:28:57 +0100] "GET /detail/1102010935.shtml HTTP/2.0" 200 - "-" "meta-externalagent/1.1 (+https://developers.facebook.com/docs/sharing/webmasters/crawler)"
57.141.0.43 - - [10/Dec/2025:00:29:02 +0100] "GET /detail/508596855.shtml HTTP/2.0" 200 - "-" "meta-externalagent/1.1 (+https://developers.facebook.com/docs/sharing/webmasters/crawler)"
57.141.0.4 - - [10/Dec/2025:00:29:07 +0100] "GET /detail/1002194967.shtml HTTP/2.0" 200 - "-" "meta-externalagent/1.1 (+https://developers.facebook.com/docs/sharing/webmasters/crawler)"
57.141.0.20 - - [10/Dec/2025:00:29:17 +0100] "GET /detail/111678999.shtml HTTP/2.0" 200 - "-" "meta-externalagent/1.1 (+https://developers.facebook.com/docs/sharing/webmasters/crawler)"
57.141.0.19 - - [10/Dec/2025:00:29:21 +0100] "GET /detail/1467831159.shtml HTTP/2.0" 200 - "-" "meta-externalagent/1.1 (+https://developers.facebook.com/docs/sharing/webmasters/crawler)"
57.141.0.27 - - [10/Dec/2025:00:29:36 +0100] "GET /detail/183574743.shtml HTTP/2.0" 200 - "-" "meta-externalagent/1.1 (+https://developers.facebook.com/docs/sharing/webmasters/crawler)"
57.141.0.59 - - [10/Dec/2025:00:29:45 +0100] "GET /detail/923593031.shtml HTTP/2.0" 200 - "-" "meta-externalagent/1.1 (+https://developers.facebook.com/docs/sharing/webmasters/crawler)"
57.141.0.34 - - [10/Dec/2025:00:30:08 +0100] "GET /detail/1035156430.html HTTP/2.0" 200 - "-" "meta-externalagent/1.1 (+https://developers.facebook.com/docs/sharing/webmasters/crawler)"
40.77.167.71 - - [10/Dec/2025:00:30:14 +0100] "GET /?products/6543490/ HTTP/2.0" 200 20967 "-" "Mozilla/5.0 AppleWebKit/537.36 (KHTML, like Gecko; compatible; bingbot/2.0; +http://www.bing.com/bingbot.htm) Chrome/116.0.1938.76 Safari/537.36"
57.141.0.22 - - [10/Dec/2025:00:30:45 +0100] "GET /detail/1285785550.html HTTP/2.0" 200 - "-" "meta-externalagent/1.1 (+https://developers.facebook.com/docs/sharing/webmasters/crawler)"
57.141.0.1 - - [10/Dec/2025:00:30:50 +0100] "GET /detail/1198239095.shtml HTTP/2.0" 200 - "-" "meta-externalagent/1.1 (+https://developers.facebook.com/docs/sharing/webmasters/crawler)"
57.141.0.69 - - [10/Dec/2025:00:31:32 +0100] "GET /detail/1535217054.html HTTP/2.0" 200 - "-" "meta-externalagent/1.1 (+https://developers.facebook.com/docs/sharing/webmasters/crawler)"
57.141.0.49 - - [10/Dec/2025:00:31:47 +0100] "GET /detail/1184449655.shtml HTTP/2.0" 200 - "-" "meta-externalagent/1.1 (+https://developers.facebook.com/docs/sharing/webmasters/crawler)"
57.141.0.12 - - [10/Dec/2025:00:32:23 +0100] "GET /detail/1391258638.html HTTP/2.0" 200 - "-" "meta-externalagent/1.1 (+https://developers.facebook.com/docs/sharing/webmasters/crawler)"
57.141.0.10 - - [10/Dec/2025:00:32:33 +0100] "GET /detail/945612878.html HTTP/2.0" 200 - "-" "meta-externalagent/1.1 (+https://developers.facebook.com/docs/sharing/webmasters/crawler)"
57.141.0.24 - - [10/Dec/2025:00:32:38 +0100] "GET /detail/1154947038.html HTTP/2.0" 200 - "-" "meta-externalagent/1.1 (+https://developers.facebook.com/docs/sharing/webmasters/crawler)"
57.141.0.17 - - [10/Dec/2025:00:32:43 +0100] "GET /detail/174547767.shtml HTTP/2.0" 200 - "-" "meta-externalagent/1.1 (+https://developers.facebook.com/docs/sharing/webmasters/crawler)"
57.141.0.36 - - [10/Dec/2025:00:32:53 +0100] "GET /detail/174353751.shtml HTTP/2.0" 200 - "-" "meta-externalagent/1.1 (+https://developers.facebook.com/docs/sharing/webmasters/crawler)"
57.141.0.57 - - [10/Dec/2025:00:33:08 +0100] "GET /detail/114326487.shtml HTTP/2.0" 200 - "-" "meta-externalagent/1.1 (+https://developers.facebook.com/docs/sharing/webmasters/crawler)"
57.141.0.21 - - [10/Dec/2025:00:33:18 +0100] "GET /detail/304074775.shtml HTTP/2.0" 200 - "-" "meta-externalagent/1.1 (+https://developers.facebook.com/docs/sharing/webmasters/crawler)"
57.141.0.7 - - [10/Dec/2025:00:33:23 +0100] "GET /detail/189737335.shtml HTTP/2.0" 200 - "-" "meta-externalagent/1.1 (+https://developers.facebook.com/docs/sharing/webmasters/crawler)"
57.141.0.18 - - [10/Dec/2025:00:33:38 +0100] "GET /detail/94030535.shtml HTTP/2.0" 200 - "-" "meta-externalagent/1.1 (+https://developers.facebook.com/docs/sharing/webmasters/crawler)"
57.141.0.7 - - [10/Dec/2025:00:33:47 +0100] "GET /detail/169134903.shtml HTTP/2.0" 200 - "-" "meta-externalagent/1.1 (+https://developers.facebook.com/docs/sharing/webmasters/crawler)"
57.141.0.53 - - [10/Dec/2025:00:33:57 +0100] "GET /detail/113677335.shtml HTTP/2.0" 200 - "-" "meta-externalagent/1.1 (+https://developers.facebook.com/docs/sharing/webmasters/crawler)"
57.141.0.3 - - [10/Dec/2025:00:34:31 +0100] "GET /detail/137798679.shtml HTTP/2.0" 200 - "-" "meta-externalagent/1.1 (+https://developers.facebook.com/docs/sharing/webmasters/crawler)"
57.141.0.25 - - [10/Dec/2025:00:34:45 +0100] "GET /detail/624728454.html HTTP/2.0" 200 - "-" "meta-externalagent/1.1 (+https://developers.facebook.com/docs/sharing/webmasters/crawler)"
57.141.0.71 - - [10/Dec/2025:00:35:14 +0100] "GET /detail/738346574.html HTTP/2.0" 200 - "-" "meta-externalagent/1.1 (+https://developers.facebook.com/docs/sharing/webmasters/crawler)"
57.141.0.22 - - [10/Dec/2025:00:35:29 +0100] "GET /detail/753274816.html HTTP/2.0" 200 - "-" "meta-externalagent/1.1 (+https://developers.facebook.com/docs/sharing/webmasters/crawler)"
57.141.0.40 - - [10/Dec/2025:00:35:33 +0100] "GET /detail/1520354598.html HTTP/2.0" 200 - "-" "meta-externalagent/1.1 (+https://developers.facebook.com/docs/sharing/webmasters/crawler)"
57.141.0.14 - - [10/Dec/2025:00:35:48 +0100] "GET /detail/503217271.shtml HTTP/2.0" 200 - "-" "meta-externalagent/1.1 (+https://developers.facebook.com/docs/sharing/webmasters/crawler)"
57.141.0.72 - - [10/Dec/2025:00:35:52 +0100] "GET /detail/121202103.shtml HTTP/2.0" 200 - "-" "meta-externalagent/1.1 (+https://developers.facebook.com/docs/sharing/webmasters/crawler)"
216.73.216.222 - - [10/Dec/2025:00:35:59 +0100] "GET / HTTP/2.0" 403 1 "-" "Mozilla/5.0 AppleWebKit/537.36 (KHTML, like Gecko; compatible; ClaudeBot/1.0; +claudebot@anthropic.com)"
57.141.0.4 - - [10/Dec/2025:00:36:11 +0100] "GET /detail/1520479436.html HTTP/2.0" 200 - "-" "meta-externalagent/1.1 (+https://developers.facebook.com/docs/sharing/webmasters/crawler)"
57.141.0.10 - - [10/Dec/2025:00:36:30 +0100] "GET /detail/183992727.shtml HTTP/2.0" 200 - "-" "meta-externalagent/1.1 (+https://developers.facebook.com/docs/sharing/webmasters/crawler)"
57.141.0.33 - - [10/Dec/2025:00:36:58 +0100] "GET /detail/161107479.shtml HTTP/2.0" 200 - "-" "meta-externalagent/1.1 (+https://developers.facebook.com/docs/sharing/webmasters/crawler)"
57.141.0.30 - - [10/Dec/2025:00:37:12 +0100] "GET /detail/73834455.shtml HTTP/2.0" 200 - "-" "meta-externalagent/1.1 (+https://developers.facebook.com/docs/sharing/webmasters/crawler)"
57.141.0.35 - - [10/Dec/2025:00:37:20 +0100] "GET /detail/1201929638.html HTTP/2.0" 200 - "-" "meta-externalagent/1.1 (+https://developers.facebook.com/docs/sharing/webmasters/crawler)"
216.73.216.222 - - [10/Dec/2025:00:37:55 +0100] "GET / HTTP/2.0" 403 1 "-" "Mozilla/5.0 AppleWebKit/537.36 (KHTML, like Gecko; compatible; ClaudeBot/1.0; +claudebot@anthropic.com)"
57.141.0.62 - - [10/Dec/2025:00:38:15 +0100] "GET /detail/164605655.shtml HTTP/2.0" 200 - "-" "meta-externalagent/1.1 (+https://developers.facebook.com/docs/sharing/webmasters/crawler)"
57.141.0.37 - - [10/Dec/2025:00:38:20 +0100] "GET /detail/208838679.shtml HTTP/2.0" 200 - "-" "meta-externalagent/1.1 (+https://developers.facebook.com/docs/sharing/webmasters/crawler)"
57.141.0.73 - - [10/Dec/2025:00:38:38 +0100] "GET /detail/96979479.shtml HTTP/2.0" 200 - "-" "meta-externalagent/1.1 (+https://developers.facebook.com/docs/sharing/webmasters/crawler)"
51.89.129.231 - - [10/Dec/2025:00:38:50 +0100] "GET /robots.txt HTTP/2.0" 200 153 "-" "Mozilla/5.0 (compatible; AhrefsBot/7.0; +http://ahrefs.com/robot/)"
57.141.0.29 - - [10/Dec/2025:00:38:51 +0100] "GET /detail/244361054.html HTTP/2.0" 200 - "-" "meta-externalagent/1.1 (+https://developers.facebook.com/docs/sharing/webmasters/crawler)"
54.39.210.76 - - [10/Dec/2025:00:38:53 +0100] "GET /revisions/zqvtin/ HTTP/2.0" 200 44 "-" "Mozilla/5.0 (compatible; AhrefsBot/7.0; +http://ahrefs.com/robot/)"
57.141.0.12 - - [10/Dec/2025:00:39:09 +0100] "GET /detail/73238487.shtml HTTP/2.0" 200 - "-" "meta-externalagent/1.1 (+https://developers.facebook.com/docs/sharing/webmasters/crawler)"
57.141.0.30 - - [10/Dec/2025:00:39:22 +0100] "GET /detail/600648706.html HTTP/2.0" 200 - "-" "meta-externalagent/1.1 (+https://developers.facebook.com/docs/sharing/webmasters/crawler)"
57.141.0.29 - - [10/Dec/2025:00:39:26 +0100] "GET /detail/650705636.html HTTP/2.0" 200 - "-" "meta-externalagent/1.1 (+https://developers.facebook.com/docs/sharing/webmasters/crawler)"
57.141.0.9 - - [10/Dec/2025:00:39:49 +0100] "GET /detail/191713239.shtml HTTP/2.0" 200 - "-" "meta-externalagent/1.1 (+https://developers.facebook.com/docs/sharing/webmasters/crawler)"
57.141.0.73 - - [10/Dec/2025:00:40:28 +0100] "GET /detail/613826455.shtml HTTP/2.0" 200 - "-" "meta-externalagent/1.1 (+https://developers.facebook.com/docs/sharing/webmasters/crawler)"
57.141.0.33 - - [10/Dec/2025:00:40:37 +0100] "GET /detail/130120023.shtml HTTP/2.0" 200 - "-" "meta-externalagent/1.1 (+https://developers.facebook.com/docs/sharing/webmasters/crawler)"
57.141.0.56 - - [10/Dec/2025:00:40:45 +0100] "GET /detail/181852983.shtml HTTP/2.0" 200 - "-" "meta-externalagent/1.1 (+https://developers.facebook.com/docs/sharing/webmasters/crawler)"
57.141.0.20 - - [10/Dec/2025:00:40:50 +0100] "GET /detail/185454423.shtml HTTP/2.0" 200 - "-" "meta-externalagent/1.1 (+https://developers.facebook.com/docs/sharing/webmasters/crawler)"
216.73.216.222 - - [10/Dec/2025:00:40:59 +0100] "GET / HTTP/2.0" 403 1 "-" "Mozilla/5.0 AppleWebKit/537.36 (KHTML, like Gecko; compatible; ClaudeBot/1.0; +claudebot@anthropic.com)"
57.141.0.60 - - [10/Dec/2025:00:41:08 +0100] "GET /detail/69998110.html HTTP/2.0" 200 - "-" "meta-externalagent/1.1 (+https://developers.facebook.com/docs/sharing/webmasters/crawler)"
57.141.0.53 - - [10/Dec/2025:00:41:16 +0100] "GET /detail/352625095.shtml HTTP/2.0" 200 - "-" "meta-externalagent/1.1 (+https://developers.facebook.com/docs/sharing/webmasters/crawler)"
57.141.0.26 - - [10/Dec/2025:00:41:21 +0100] "GET /detail/138374679.shtml HTTP/2.0" 200 - "-" "meta-externalagent/1.1 (+https://developers.facebook.com/docs/sharing/webmasters/crawler)"
13.38.228.11 - - [10/Dec/2025:00:41:34 +0100] "GET / HTTP/1.1" 200 - "-" "Mozilla/5.0 (Windows NT 10.0; Win64; x64) AppleWebKit/537.36 (KHTML, like Gecko) Chrome/60.0.3112.113 Safari/537.36 Assetnote/1.0.0"
13.38.228.11 - - [10/Dec/2025:00:41:34 +0100] "HEAD /apps HTTP/1.1" 200 - "-" "Mozilla/5.0 (Windows NT 10.0; Win64; x64) AppleWebKit/537.36 (KHTML, like Gecko) Chrome/60.0.3112.113 Safari/537.36 Assetnote/1.0.0"
13.38.228.11 - - [10/Dec/2025:00:41:34 +0100] "POST /apps HTTP/1.1" 200 - "-" "Mozilla/5.0 (Windows NT 10.0; Win64; x64) AppleWebKit/537.36 (KHTML, like Gecko) Chrome/60.0.3112.113 Safari/537.36 Assetnote/1.0.0"
57.141.0.56 - - [10/Dec/2025:00:42:03 +0100] "GET /detail/1394243354.html HTTP/2.0" 200 - "-" "meta-externalagent/1.1 (+https://developers.facebook.com/docs/sharing/webmasters/crawler)"
57.141.0.54 - - [10/Dec/2025:00:42:07 +0100] "GET /detail/897293838.html HTTP/2.0" 200 - "-" "meta-externalagent/1.1 (+https://developers.facebook.com/docs/sharing/webmasters/crawler)"
57.141.0.42 - - [10/Dec/2025:00:42:24 +0100] "GET /detail/1140546638.html HTTP/2.0" 200 - "-" "meta-externalagent/1.1 (+https://developers.facebook.com/docs/sharing/webmasters/crawler)"
57.141.0.59 - - [10/Dec/2025:00:42:28 +0100] "GET /detail/436908791.shtml HTTP/2.0" 200 - "-" "meta-externalagent/1.1 (+https://developers.facebook.com/docs/sharing/webmasters/crawler)"
16.171.12.183 - - [10/Dec/2025:00:42:43 +0100] "GET / HTTP/1.1" 200 - "-" "Mozilla/5.0 (Windows NT 10.0; Win64; x64) AppleWebKit/537.36 (KHTML, like Gecko) Chrome/60.0.3112.113 Safari/537.36 Assetnote/1.0.0"
16.171.12.183 - - [10/Dec/2025:00:42:43 +0100] "HEAD /apps HTTP/1.1" 200 - "-" "Mozilla/5.0 (Windows NT 10.0; Win64; x64) AppleWebKit/537.36 (KHTML, like Gecko) Chrome/60.0.3112.113 Safari/537.36 Assetnote/1.0.0"
16.171.12.183 - - [10/Dec/2025:00:42:43 +0100] "POST /apps HTTP/1.1" 200 - "-" "Mozilla/5.0 (Windows NT 10.0; Win64; x64) AppleWebKit/537.36 (KHTML, like Gecko) Chrome/60.0.3112.113 Safari/537.36 Assetnote/1.0.0"
57.141.0.14 - - [10/Dec/2025:00:43:01 +0100] "GET /detail/766853063.shtml HTTP/2.0" 200 - "-" "meta-externalagent/1.1 (+https://developers.facebook.com/docs/sharing/webmasters/crawler)"
57.141.0.73 - - [10/Dec/2025:00:43:10 +0100] "GET /detail/1112011054.html HTTP/2.0" 200 - "-" "meta-externalagent/1.1 (+https://developers.facebook.com/docs/sharing/webmasters/crawler)"
57.141.0.43 - - [10/Dec/2025:00:43:18 +0100] "GET /detail/104766999.shtml HTTP/2.0" 200 - "-" "meta-externalagent/1.1 (+https://developers.facebook.com/docs/sharing/webmasters/crawler)"
57.141.0.31 - - [10/Dec/2025:00:43:31 +0100] "GET /detail/1156436663.shtml HTTP/2.0" 200 - "-" "meta-externalagent/1.1 (+https://developers.facebook.com/docs/sharing/webmasters/crawler)"
54.216.251.136 - - [10/Dec/2025:00:43:35 +0100] "GET / HTTP/1.0" 200 37984 "-" "Mozilla/5.0 (compatible; NetcraftSurveyAgent/1.0; +info@netcraft.com)"
57.141.0.47 - - [10/Dec/2025:00:43:35 +0100] "GET /detail/670478214.html HTTP/2.0" 200 - "-" "meta-externalagent/1.1 (+https://developers.facebook.com/docs/sharing/webmasters/crawler)"
57.141.0.71 - - [10/Dec/2025:00:44:00 +0100] "GET /detail/361200616.html HTTP/2.0" 200 - "-" "meta-externalagent/1.1 (+https://developers.facebook.com/docs/sharing/webmasters/crawler)"
216.73.216.222 - - [10/Dec/2025:00:44:03 +0100] "GET / HTTP/2.0" 403 1 "-" "Mozilla/5.0 AppleWebKit/537.36 (KHTML, like Gecko; compatible; ClaudeBot/1.0; +claudebot@anthropic.com)"
57.141.0.47 - - [10/Dec/2025:00:44:08 +0100] "GET /detail/965863623.shtml HTTP/2.0" 200 - "-" "meta-externalagent/1.1 (+https://developers.facebook.com/docs/sharing/webmasters/crawler)"
57.141.0.45 - - [10/Dec/2025:00:44:24 +0100] "GET /detail/496905623.shtml HTTP/2.0" 200 - "-" "meta-externalagent/1.1 (+https://developers.facebook.com/docs/sharing/webmasters/crawler)"
57.141.0.46 - - [10/Dec/2025:00:44:28 +0100] "GET /detail/198109143.shtml HTTP/2.0" 200 - "-" "meta-externalagent/1.1 (+https://developers.facebook.com/docs/sharing/webmasters/crawler)"
57.141.0.11 - - [10/Dec/2025:00:44:53 +0100] "GET /detail/1571022135.shtml HTTP/2.0" 200 - "-" "meta-externalagent/1.1 (+https://developers.facebook.com/docs/sharing/webmasters/crawler)"
57.141.0.74 - - [10/Dec/2025:00:45:09 +0100] "GET /detail/1003860942.html HTTP/2.0" 200 - "-" "meta-externalagent/1.1 (+https://developers.facebook.com/docs/sharing/webmasters/crawler)"
57.141.0.70 - - [10/Dec/2025:00:45:16 +0100] "GET /detail/130986375.shtml HTTP/2.0" 200 - "-" "meta-externalagent/1.1 (+https://developers.facebook.com/docs/sharing/webmasters/crawler)"
57.141.0.45 - - [10/Dec/2025:00:45:21 +0100] "GET /detail/600015735.shtml HTTP/2.0" 200 - "-" "meta-externalagent/1.1 (+https://developers.facebook.com/docs/sharing/webmasters/crawler)"
57.141.0.20 - - [10/Dec/2025:00:45:25 +0100] "GET /detail/1527959927.shtml HTTP/2.0" 200 - "-" "meta-externalagent/1.1 (+https://developers.facebook.com/docs/sharing/webmasters/crawler)"
57.141.0.36 - - [10/Dec/2025:00:45:28 +0100] "GET /detail/452476878.html HTTP/2.0" 200 - "-" "meta-externalagent/1.1 (+https://developers.facebook.com/docs/sharing/webmasters/crawler)"
57.141.0.39 - - [10/Dec/2025:00:45:45 +0100] "GET /detail/207801927.shtml HTTP/2.0" 200 - "-" "meta-externalagent/1.1 (+https://developers.facebook.com/docs/sharing/webmasters/crawler)"
57.141.0.57 - - [10/Dec/2025:00:45:56 +0100] "GET /detail/119349303.shtml HTTP/2.0" 200 - "-" "meta-externalagent/1.1 (+https://developers.facebook.com/docs/sharing/webmasters/crawler)"
57.141.0.34 - - [10/Dec/2025:00:46:00 +0100] "GET /detail/129451042.html HTTP/2.0" 200 - "-" "meta-externalagent/1.1 (+https://developers.facebook.com/docs/sharing/webmasters/crawler)"
57.141.0.60 - - [10/Dec/2025:00:46:04 +0100] "GET /detail/769372615.shtml HTTP/2.0" 200 - "-" "meta-externalagent/1.1 (+https://developers.facebook.com/docs/sharing/webmasters/crawler)"
54.39.210.39 - - [10/Dec/2025:00:46:21 +0100] "GET /revisions/ebfcx1/ HTTP/2.0" 200 1783 "-" "Mozilla/5.0 (compatible; AhrefsBot/7.0; +http://ahrefs.com/robot/)"
57.141.0.60 - - [10/Dec/2025:00:46:23 +0100] "GET /detail/112703735.shtml HTTP/2.0" 200 - "-" "meta-externalagent/1.1 (+https://developers.facebook.com/docs/sharing/webmasters/crawler)"
57.141.0.60 - - [10/Dec/2025:00:47:02 +0100] "GET /detail/400409335.shtml HTTP/2.0" 200 - "-" "meta-externalagent/1.1 (+https://developers.facebook.com/docs/sharing/webmasters/crawler)"
57.141.0.24 - - [10/Dec/2025:00:47:06 +0100] "GET /detail/174513111.shtml HTTP/2.0" 200 - "-" "meta-externalagent/1.1 (+https://developers.facebook.com/docs/sharing/webmasters/crawler)"
57.141.0.24 - - [10/Dec/2025:00:47:10 +0100] "GET /detail/143626071.shtml HTTP/2.0" 200 - "-" "meta-externalagent/1.1 (+https://developers.facebook.com/docs/sharing/webmasters/crawler)"
57.141.0.23 - - [10/Dec/2025:00:47:40 +0100] "GET /detail/173380311.shtml HTTP/2.0" 200 - "-" "meta-externalagent/1.1 (+https://developers.facebook.com/docs/sharing/webmasters/crawler)"
57.141.0.13 - - [10/Dec/2025:00:47:51 +0100] "GET /detail/346178616.html HTTP/2.0" 200 - "-" "meta-externalagent/1.1 (+https://developers.facebook.com/docs/sharing/webmasters/crawler)"
57.141.0.48 - - [10/Dec/2025:00:47:59 +0100] "GET /detail/489970236.html HTTP/2.0" 200 - "-" "meta-externalagent/1.1 (+https://developers.facebook.com/docs/sharing/webmasters/crawler)"
57.141.0.18 - - [10/Dec/2025:00:48:07 +0100] "GET /detail/1172644575.shtml HTTP/2.0" 200 - "-" "meta-externalagent/1.1 (+https://developers.facebook.com/docs/sharing/webmasters/crawler)"
57.141.0.66 - - [10/Dec/2025:00:48:15 +0100] "GET /detail/140583447.shtml HTTP/2.0" 200 - "-" "meta-externalagent/1.1 (+https://developers.facebook.com/docs/sharing/webmasters/crawler)"
57.141.0.4 - - [10/Dec/2025:00:48:26 +0100] "GET /detail/1006857054.html HTTP/2.0" 200 - "-" "meta-externalagent/1.1 (+https://developers.facebook.com/docs/sharing/webmasters/crawler)"
216.73.216.222 - - [10/Dec/2025:00:48:32 +0100] "GET / HTTP/2.0" 403 1 "-" "Mozilla/5.0 AppleWebKit/537.36 (KHTML, like Gecko; compatible; ClaudeBot/1.0; +claudebot@anthropic.com)"
57.141.0.58 - - [10/Dec/2025:00:48:52 +0100] "GET /detail/108127054.html HTTP/2.0" 200 - "-" "meta-externalagent/1.1 (+https://developers.facebook.com/docs/sharing/webmasters/crawler)"
57.141.0.66 - - [10/Dec/2025:00:48:56 +0100] "GET /detail/151223618.html HTTP/2.0" 200 - "-" "meta-externalagent/1.1 (+https://developers.facebook.com/docs/sharing/webmasters/crawler)"
57.141.0.45 - - [10/Dec/2025:00:48:59 +0100] "GET /detail/252571354.html HTTP/2.0" 200 - "-" "meta-externalagent/1.1 (+https://developers.facebook.com/docs/sharing/webmasters/crawler)"
47.128.61.231 - - [10/Dec/2025:00:49:24 +0100] "GET /detail/150413751 HTTP/2.0" 403 1 "-" "Mozilla/5.0 (Linux; Android 5.0) AppleWebKit/537.36 (KHTML, like Gecko) Mobile Safari/537.36 (compatible; Bytespider; spider-feedback@bytedance.com)"
57.141.0.1 - - [10/Dec/2025:00:49:25 +0100] "GET /detail/151101159.shtml HTTP/2.0" 200 - "-" "meta-externalagent/1.1 (+https://developers.facebook.com/docs/sharing/webmasters/crawler)"
57.141.0.13 - - [10/Dec/2025:00:49:29 +0100] "GET /detail/1053984103.shtml HTTP/2.0" 200 - "-" "meta-externalagent/1.1 (+https://developers.facebook.com/docs/sharing/webmasters/crawler)"
57.141.0.18 - - [10/Dec/2025:00:49:47 +0100] "GET /sitemap395.xml HTTP/2.0" 200 158660 "-" "meta-externalagent/1.1 (+https://developers.facebook.com/docs/sharing/webmasters/crawler)"
57.141.0.23 - - [10/Dec/2025:00:49:50 +0100] "GET /detail/101953047.shtml HTTP/2.0" 200 - "-" "meta-externalagent/1.1 (+https://developers.facebook.com/docs/sharing/webmasters/crawler)"
20.15.133.163 - - [10/Dec/2025:00:49:54 +0100] "GET /?products/13761701/ HTTP/2.0" 200 20933 "-" "Mozilla/5.0 AppleWebKit/537.36 (KHTML, like Gecko; compatible; bingbot/2.0; +http://www.bing.com/bingbot.htm) Chrome/116.0.1938.76 Safari/537.36"
57.141.0.33 - - [10/Dec/2025:00:49:57 +0100] "GET /detail/159615831.shtml HTTP/2.0" 200 - "-" "meta-externalagent/1.1 (+https://developers.facebook.com/docs/sharing/webmasters/crawler)"
57.141.0.15 - - [10/Dec/2025:00:50:05 +0100] "GET /detail/85950183.shtml HTTP/2.0" 200 - "-" "meta-externalagent/1.1 (+https://developers.facebook.com/docs/sharing/webmasters/crawler)"
57.141.0.15 - - [10/Dec/2025:00:50:45 +0100] "GET /detail/743991959.shtml HTTP/2.0" 200 - "-" "meta-externalagent/1.1 (+https://developers.facebook.com/docs/sharing/webmasters/crawler)"
57.141.0.40 - - [10/Dec/2025:00:51:02 +0100] "GET /detail/782342775.shtml HTTP/2.0" 200 - "-" "meta-externalagent/1.1 (+https://developers.facebook.com/docs/sharing/webmasters/crawler)"
20.15.133.174 - - [10/Dec/2025:00:51:11 +0100] "GET /?products/1597834/ HTTP/2.0" 200 20611 "-" "Mozilla/5.0 AppleWebKit/537.36 (KHTML, like Gecko; compatible; bingbot/2.0; +http://www.bing.com/bingbot.htm) Chrome/116.0.1938.76 Safari/537.36"
57.141.0.19 - - [10/Dec/2025:00:51:20 +0100] "GET /detail/90274263.shtml HTTP/2.0" 200 - "-" "meta-externalagent/1.1 (+https://developers.facebook.com/docs/sharing/webmasters/crawler)"
57.141.0.11 - - [10/Dec/2025:00:51:35 +0100] "GET /detail/731550414.html HTTP/2.0" 200 - "-" "meta-externalagent/1.1 (+https://developers.facebook.com/docs/sharing/webmasters/crawler)"
57.141.0.10 - - [10/Dec/2025:00:51:38 +0100] "GET /detail/180806679.shtml HTTP/2.0" 200 - "-" "meta-externalagent/1.1 (+https://developers.facebook.com/docs/sharing/webmasters/crawler)"
216.73.216.222 - - [10/Dec/2025:00:51:49 +0100] "GET / HTTP/2.0" 403 1 "-" "Mozilla/5.0 AppleWebKit/537.36 (KHTML, like Gecko; compatible; ClaudeBot/1.0; +claudebot@anthropic.com)"
57.141.0.8 - - [10/Dec/2025:00:51:52 +0100] "GET /detail/1507685354.html HTTP/2.0" 200 - "-" "meta-externalagent/1.1 (+https://developers.facebook.com/docs/sharing/webmasters/crawler)"
57.141.0.31 - - [10/Dec/2025:00:52:03 +0100] "GET /detail/787646706.html HTTP/2.0" 200 - "-" "meta-externalagent/1.1 (+https://developers.facebook.com/docs/sharing/webmasters/crawler)"
57.141.0.6 - - [10/Dec/2025:00:52:17 +0100] "GET /detail/1423530455.shtml HTTP/2.0" 200 - "-" "meta-externalagent/1.1 (+https://developers.facebook.com/docs/sharing/webmasters/crawler)"
57.141.0.2 - - [10/Dec/2025:00:52:38 +0100] "GET /detail/800835095.shtml HTTP/2.0" 200 - "-" "meta-externalagent/1.1 (+https://developers.facebook.com/docs/sharing/webmasters/crawler)"
57.141.0.32 - - [10/Dec/2025:00:52:42 +0100] "GET /detail/112581591.shtml HTTP/2.0" 200 - "-" "meta-externalagent/1.1 (+https://developers.facebook.com/docs/sharing/webmasters/crawler)"
57.141.0.17 - - [10/Dec/2025:00:52:55 +0100] "GET /detail/590820174.html HTTP/2.0" 200 - "-" "meta-externalagent/1.1 (+https://developers.facebook.com/docs/sharing/webmasters/crawler)"
57.141.0.74 - - [10/Dec/2025:00:52:59 +0100] "GET /detail/817518615.shtml HTTP/2.0" 200 - "-" "meta-externalagent/1.1 (+https://developers.facebook.com/docs/sharing/webmasters/crawler)"
20.15.133.174 - - [10/Dec/2025:00:53:12 +0100] "GET /?products/23076823/ HTTP/2.0" 200 20068 "-" "Mozilla/5.0 AppleWebKit/537.36 (KHTML, like Gecko; compatible; bingbot/2.0; +http://www.bing.com/bingbot.htm) Chrome/116.0.1938.76 Safari/537.36"
57.141.0.69 - - [10/Dec/2025:00:53:16 +0100] "GET /detail/75883479.shtml HTTP/2.0" 200 - "-" "meta-externalagent/1.1 (+https://developers.facebook.com/docs/sharing/webmasters/crawler)"
57.141.0.54 - - [10/Dec/2025:00:53:23 +0100] "GET /detail/98833431.shtml HTTP/2.0" 200 - "-" "meta-externalagent/1.1 (+https://developers.facebook.com/docs/sharing/webmasters/crawler)"
57.141.0.38 - - [10/Dec/2025:00:53:33 +0100] "GET /detail/1095559374.html HTTP/2.0" 200 - "-" "meta-externalagent/1.1 (+https://developers.facebook.com/docs/sharing/webmasters/crawler)"
57.141.0.55 - - [10/Dec/2025:00:53:36 +0100] "GET /detail/833563735.shtml HTTP/2.0" 200 - "-" "meta-externalagent/1.1 (+https://developers.facebook.com/docs/sharing/webmasters/crawler)"
57.141.0.69 - - [10/Dec/2025:00:53:46 +0100] "GET /detail/182379063.shtml HTTP/2.0" 200 - "-" "meta-externalagent/1.1 (+https://developers.facebook.com/docs/sharing/webmasters/crawler)"
51.161.37.40 - - [10/Dec/2025:00:53:47 +0100] "GET /revisions/cqo9hs/ HTTP/2.0" 200 284 "-" "Mozilla/5.0 (compatible; AhrefsBot/7.0; +http://ahrefs.com/robot/)"
57.141.0.6 - - [10/Dec/2025:00:54:00 +0100] "GET /detail/1496849830.html HTTP/2.0" 200 - "-" "meta-externalagent/1.1 (+https://developers.facebook.com/docs/sharing/webmasters/crawler)"
57.141.0.62 - - [10/Dec/2025:00:54:21 +0100] "GET /detail/137491479.shtml HTTP/2.0" 200 - "-" "meta-externalagent/1.1 (+https://developers.facebook.com/docs/sharing/webmasters/crawler)"
57.141.0.3 - - [10/Dec/2025:00:54:30 +0100] "GET /detail/253450918.html HTTP/2.0" 200 - "-" "meta-externalagent/1.1 (+https://developers.facebook.com/docs/sharing/webmasters/crawler)"
57.141.0.70 - - [10/Dec/2025:00:54:36 +0100] "GET /detail/615103255.shtml HTTP/2.0" 200 - "-" "meta-externalagent/1.1 (+https://developers.facebook.com/docs/sharing/webmasters/crawler)"
57.141.0.19 - - [10/Dec/2025:00:54:43 +0100] "GET /detail/1410353154.html HTTP/2.0" 200 - "-" "meta-externalagent/1.1 (+https://developers.facebook.com/docs/sharing/webmasters/crawler)"
57.141.0.71 - - [10/Dec/2025:00:55:07 +0100] "GET /detail/85219287.shtml HTTP/2.0" 200 - "-" "meta-externalagent/1.1 (+https://developers.facebook.com/docs/sharing/webmasters/crawler)"
57.141.0.13 - - [10/Dec/2025:00:55:17 +0100] "GET /detail/102854679.shtml HTTP/2.0" 200 - "-" "meta-externalagent/1.1 (+https://developers.facebook.com/docs/sharing/webmasters/crawler)"
57.141.0.22 - - [10/Dec/2025:00:55:33 +0100] "GET /detail/679717262.html HTTP/2.0" 200 - "-" "meta-externalagent/1.1 (+https://developers.facebook.com/docs/sharing/webmasters/crawler)"
57.141.0.74 - - [10/Dec/2025:00:55:46 +0100] "GET /detail/74707479.shtml HTTP/2.0" 200 - "-" "meta-externalagent/1.1 (+https://developers.facebook.com/docs/sharing/webmasters/crawler)"
57.141.0.66 - - [10/Dec/2025:00:56:09 +0100] "GET /detail/1395142935.shtml HTTP/2.0" 200 - "-" "meta-externalagent/1.1 (+https://developers.facebook.com/docs/sharing/webmasters/crawler)"
57.141.0.62 - - [10/Dec/2025:00:56:26 +0100] "GET /detail/1338040183.shtml HTTP/2.0" 200 - "-" "meta-externalagent/1.1 (+https://developers.facebook.com/docs/sharing/webmasters/crawler)"
57.141.0.57 - - [10/Dec/2025:00:56:52 +0100] "GET /detail/690774935.shtml HTTP/2.0" 200 - "-" "meta-externalagent/1.1 (+https://developers.facebook.com/docs/sharing/webmasters/crawler)"
57.141.0.35 - - [10/Dec/2025:00:56:55 +0100] "GET /detail/1020817154.html HTTP/2.0" 200 - "-" "meta-externalagent/1.1 (+https://developers.facebook.com/docs/sharing/webmasters/crawler)"
57.141.0.35 - - [10/Dec/2025:00:56:58 +0100] "GET /detail/105068679.shtml HTTP/2.0" 200 - "-" "meta-externalagent/1.1 (+https://developers.facebook.com/docs/sharing/webmasters/crawler)"
57.141.0.38 - - [10/Dec/2025:00:57:17 +0100] "GET /detail/277997902.html HTTP/2.0" 200 - "-" "meta-externalagent/1.1 (+https://developers.facebook.com/docs/sharing/webmasters/crawler)"
57.141.0.38 - - [10/Dec/2025:00:57:20 +0100] "GET /detail/88063878.html HTTP/2.0" 200 - "-" "meta-externalagent/1.1 (+https://developers.facebook.com/docs/sharing/webmasters/crawler)"
57.141.0.30 - - [10/Dec/2025:00:57:26 +0100] "GET /detail/675449079.shtml HTTP/2.0" 200 - "-" "meta-externalagent/1.1 (+https://developers.facebook.com/docs/sharing/webmasters/crawler)"
57.141.0.7 - - [10/Dec/2025:00:57:53 +0100] "GET /detail/1458475354.html HTTP/2.0" 200 - "-" "meta-externalagent/1.1 (+https://developers.facebook.com/docs/sharing/webmasters/crawler)"
57.141.0.51 - - [10/Dec/2025:00:58:05 +0100] "GET /detail/206797911.shtml HTTP/2.0" 200 - "-" "meta-externalagent/1.1 (+https://developers.facebook.com/docs/sharing/webmasters/crawler)"
57.141.0.20 - - [10/Dec/2025:00:58:30 +0100] "GET /detail/160111462.html HTTP/2.0" 200 - "-" "meta-externalagent/1.1 (+https://developers.facebook.com/docs/sharing/webmasters/crawler)"
57.141.0.6 - - [10/Dec/2025:00:58:33 +0100] "GET /detail/1190434182.html HTTP/2.0" 200 - "-" "meta-externalagent/1.1 (+https://developers.facebook.com/docs/sharing/webmasters/crawler)"
57.141.0.37 - - [10/Dec/2025:00:58:40 +0100] "GET /detail/1062299630.html HTTP/2.0" 200 - "-" "meta-externalagent/1.1 (+https://developers.facebook.com/docs/sharing/webmasters/crawler)"
20.15.133.163 - - [10/Dec/2025:00:58:45 +0100] "GET /?products/10759867/ HTTP/2.0" 200 20163 "-" "Mozilla/5.0 AppleWebKit/537.36 (KHTML, like Gecko; compatible; bingbot/2.0; +http://www.bing.com/bingbot.htm) Chrome/116.0.1938.76 Safari/537.36"
57.141.0.72 - - [10/Dec/2025:00:58:46 +0100] "GET /detail/119906391.shtml HTTP/2.0" 200 - "-" "meta-externalagent/1.1 (+https://developers.facebook.com/docs/sharing/webmasters/crawler)"
57.141.0.50 - - [10/Dec/2025:00:59:07 +0100] "GET /detail/216877847.shtml HTTP/2.0" 200 - "-" "meta-externalagent/1.1 (+https://developers.facebook.com/docs/sharing/webmasters/crawler)"
57.141.0.59 - - [10/Dec/2025:00:59:14 +0100] "GET /detail/556042743.shtml HTTP/2.0" 200 - "-" "meta-externalagent/1.1 (+https://developers.facebook.com/docs/sharing/webmasters/crawler)"
57.141.0.72 - - [10/Dec/2025:00:59:17 +0100] "GET /detail/137739351.shtml HTTP/2.0" 200 - "-" "meta-externalagent/1.1 (+https://developers.facebook.com/docs/sharing/webmasters/crawler)"
57.141.0.25 - - [10/Dec/2025:00:59:20 +0100] "GET /detail/903417463.shtml HTTP/2.0" 200 - "-" "meta-externalagent/1.1 (+https://developers.facebook.com/docs/sharing/webmasters/crawler)"
57.141.0.14 - - [10/Dec/2025:00:59:33 +0100] "GET /detail/567670135.shtml HTTP/2.0" 200 - "-" "meta-externalagent/1.1 (+https://developers.facebook.com/docs/sharing/webmasters/crawler)"
57.141.0.21 - - [10/Dec/2025:00:59:51 +0100] "GET /detail/1361214103.shtml HTTP/2.0" 200 - "-" "meta-externalagent/1.1 (+https://developers.facebook.com/docs/sharing/webmasters/crawler)"
57.141.0.24 - - [10/Dec/2025:00:59:54 +0100] "GET /detail/117549015.shtml HTTP/2.0" 200 - "-" "meta-externalagent/1.1 (+https://developers.facebook.com/docs/sharing/webmasters/crawler)"
57.141.0.32 - - [10/Dec/2025:01:00:01 +0100] "GET /detail/77362311.shtml HTTP/2.0" 200 - "-" "meta-externalagent/1.1 (+https://developers.facebook.com/docs/sharing/webmasters/crawler)"
57.141.0.34 - - [10/Dec/2025:01:00:03 +0100] "GET /detail/1384651895.shtml HTTP/2.0" 200 - "-" "meta-externalagent/1.1 (+https://developers.facebook.com/docs/sharing/webmasters/crawler)"
57.141.0.19 - - [10/Dec/2025:01:00:12 +0100] "GET /detail/1197384706.html HTTP/2.0" 200 - "-" "meta-externalagent/1.1 (+https://developers.facebook.com/docs/sharing/webmasters/crawler)"
216.73.216.222 - - [10/Dec/2025:01:00:13 +0100] "GET / HTTP/2.0" 403 1 "-" "Mozilla/5.0 AppleWebKit/537.36 (KHTML, like Gecko; compatible; ClaudeBot/1.0; +claudebot@anthropic.com)"
57.141.0.24 - - [10/Dec/2025:01:00:16 +0100] "GET /detail/939223191.shtml HTTP/2.0" 200 - "-" "meta-externalagent/1.1 (+https://developers.facebook.com/docs/sharing/webmasters/crawler)"
216.73.216.222 - - [10/Dec/2025:01:00:18 +0100] "GET / HTTP/2.0" 403 1 "-" "Mozilla/5.0 AppleWebKit/537.36 (KHTML, like Gecko; compatible; ClaudeBot/1.0; +claudebot@anthropic.com)"
57.141.0.2 - - [10/Dec/2025:01:00:21 +0100] "GET /detail/143475735.shtml HTTP/2.0" 200 - "-" "meta-externalagent/1.1 (+https://developers.facebook.com/docs/sharing/webmasters/crawler)"
57.141.0.24 - - [10/Dec/2025:01:00:25 +0100] "GET /detail/1204878094.html HTTP/2.0" 200 - "-" "meta-externalagent/1.1 (+https://developers.facebook.com/docs/sharing/webmasters/crawler)"
57.141.0.60 - - [10/Dec/2025:01:00:28 +0100] "GET /detail/123705687.shtml HTTP/2.0" 200 - "-" "meta-externalagent/1.1 (+https://developers.facebook.com/docs/sharing/webmasters/crawler)"
57.141.0.71 - - [10/Dec/2025:01:00:30 +0100] "GET /detail/296001143.shtml HTTP/2.0" 200 - "-" "meta-externalagent/1.1 (+https://developers.facebook.com/docs/sharing/webmasters/crawler)"
57.141.0.17 - - [10/Dec/2025:01:00:45 +0100] "GET /detail/131253783.shtml HTTP/2.0" 200 - "-" "meta-externalagent/1.1 (+https://developers.facebook.com/docs/sharing/webmasters/crawler)"
57.141.0.36 - - [10/Dec/2025:01:01:00 +0100] "GET /detail/157596183.shtml HTTP/2.0" 200 - "-" "meta-externalagent/1.1 (+https://developers.facebook.com/docs/sharing/webmasters/crawler)"
57.141.0.73 - - [10/Dec/2025:01:01:03 +0100] "GET /detail/616285054.html HTTP/2.0" 200 - "-" "meta-externalagent/1.1 (+https://developers.facebook.com/docs/sharing/webmasters/crawler)"
57.141.0.19 - - [10/Dec/2025:01:01:15 +0100] "GET /detail/665815623.shtml HTTP/2.0" 200 - "-" "meta-externalagent/1.1 (+https://developers.facebook.com/docs/sharing/webmasters/crawler)"
57.141.0.30 - - [10/Dec/2025:01:01:21 +0100] "GET /detail/1467963095.shtml HTTP/2.0" 200 - "-" "meta-externalagent/1.1 (+https://developers.facebook.com/docs/sharing/webmasters/crawler)"
57.141.0.31 - - [10/Dec/2025:01:01:33 +0100] "GET /detail/1113836486.html HTTP/2.0" 200 - "-" "meta-externalagent/1.1 (+https://developers.facebook.com/docs/sharing/webmasters/crawler)"
15.235.27.157 - - [10/Dec/2025:01:01:39 +0100] "GET /starship/images/be3sw5/ HTTP/2.0" 200 253 "-" "Mozilla/5.0 (compatible; AhrefsBot/7.0; +http://ahrefs.com/robot/)"
57.141.0.7 - - [10/Dec/2025:01:01:41 +0100] "GET /detail/639051154.html HTTP/2.0" 200 - "-" "meta-externalagent/1.1 (+https://developers.facebook.com/docs/sharing/webmasters/crawler)"
57.141.0.11 - - [10/Dec/2025:01:01:59 +0100] "GET /detail/666324215.shtml HTTP/2.0" 200 - "-" "meta-externalagent/1.1 (+https://developers.facebook.com/docs/sharing/webmasters/crawler)"
57.141.0.11 - - [10/Dec/2025:01:02:02 +0100] "GET /detail/112786743.shtml HTTP/2.0" 200 - "-" "meta-externalagent/1.1 (+https://developers.facebook.com/docs/sharing/webmasters/crawler)"
20.15.133.184 - - [10/Dec/2025:01:02:02 +0100] "GET /?products/11168201/ HTTP/2.0" 200 20329 "-" "Mozilla/5.0 AppleWebKit/537.36 (KHTML, like Gecko; compatible; bingbot/2.0; +http://www.bing.com/bingbot.htm) Chrome/116.0.1938.76 Safari/537.36"
57.141.0.53 - - [10/Dec/2025:01:02:04 +0100] "GET /detail/854903319.shtml HTTP/2.0" 200 - "-" "meta-externalagent/1.1 (+https://developers.facebook.com/docs/sharing/webmasters/crawler)"
57.141.0.52 - - [10/Dec/2025:01:02:08 +0100] "GET /detail/135788679.shtml HTTP/2.0" 200 - "-" "meta-externalagent/1.1 (+https://developers.facebook.com/docs/sharing/webmasters/crawler)"
57.141.0.3 - - [10/Dec/2025:01:02:17 +0100] "GET /detail/1193334982.html HTTP/2.0" 200 - "-" "meta-externalagent/1.1 (+https://developers.facebook.com/docs/sharing/webmasters/crawler)"
57.141.0.30 - - [10/Dec/2025:01:02:20 +0100] "GET /detail/982204535.shtml HTTP/2.0" 200 - "-" "meta-externalagent/1.1 (+https://developers.facebook.com/docs/sharing/webmasters/crawler)"
57.141.0.8 - - [10/Dec/2025:01:02:22 +0100] "GET /detail/177871383.shtml HTTP/2.0" 200 - "-" "meta-externalagent/1.1 (+https://developers.facebook.com/docs/sharing/webmasters/crawler)"
57.141.0.31 - - [10/Dec/2025:01:02:54 +0100] "GET /detail/1285793527.shtml HTTP/2.0" 200 - "-" "meta-externalagent/1.1 (+https://developers.facebook.com/docs/sharing/webmasters/crawler)"
57.141.0.31 - - [10/Dec/2025:01:03:05 +0100] "GET /detail/1191548663.shtml HTTP/2.0" 200 - "-" "meta-externalagent/1.1 (+https://developers.facebook.com/docs/sharing/webmasters/crawler)"
57.141.0.4 - - [10/Dec/2025:01:03:14 +0100] "GET /detail/290366199.shtml HTTP/2.0" 200 - "-" "meta-externalagent/1.1 (+https://developers.facebook.com/docs/sharing/webmasters/crawler)"
57.141.0.56 - - [10/Dec/2025:01:03:16 +0100] "GET /detail/1311363354.html HTTP/2.0" 200 - "-" "meta-externalagent/1.1 (+https://developers.facebook.com/docs/sharing/webmasters/crawler)"
57.141.0.9 - - [10/Dec/2025:01:03:19 +0100] "GET /detail/826847910.html HTTP/2.0" 200 - "-" "meta-externalagent/1.1 (+https://developers.facebook.com/docs/sharing/webmasters/crawler)"
57.141.0.72 - - [10/Dec/2025:01:03:31 +0100] "GET /detail/857027063.shtml HTTP/2.0" 200 - "-" "meta-externalagent/1.1 (+https://developers.facebook.com/docs/sharing/webmasters/crawler)"
57.141.0.36 - - [10/Dec/2025:01:03:47 +0100] "GET /detail/206334999.shtml HTTP/2.0" 200 - "-" "meta-externalagent/1.1 (+https://developers.facebook.com/docs/sharing/webmasters/crawler)"
57.141.0.51 - - [10/Dec/2025:01:03:53 +0100] "GET /sitemap519.xml HTTP/2.0" 200 155067 "-" "meta-externalagent/1.1 (+https://developers.facebook.com/docs/sharing/webmasters/crawler)"
57.141.0.72 - - [10/Dec/2025:01:03:58 +0100] "GET /detail/1338985015.shtml HTTP/2.0" 200 - "-" "meta-externalagent/1.1 (+https://developers.facebook.com/docs/sharing/webmasters/crawler)"
57.141.0.68 - - [10/Dec/2025:01:04:01 +0100] "GET /detail/886829202.html HTTP/2.0" 200 - "-" "meta-externalagent/1.1 (+https://developers.facebook.com/docs/sharing/webmasters/crawler)"
57.141.0.65 - - [10/Dec/2025:01:04:07 +0100] "GET /detail/1509809154.html HTTP/2.0" 200 - "-" "meta-externalagent/1.1 (+https://developers.facebook.com/docs/sharing/webmasters/crawler)"
57.141.0.73 - - [10/Dec/2025:01:04:16 +0100] "GET /detail/168472599.shtml HTTP/2.0" 200 - "-" "meta-externalagent/1.1 (+https://developers.facebook.com/docs/sharing/webmasters/crawler)"
57.141.0.1 - - [10/Dec/2025:01:04:18 +0100] "GET /detail/163028919.shtml HTTP/2.0" 200 - "-" "meta-externalagent/1.1 (+https://developers.facebook.com/docs/sharing/webmasters/crawler)"
57.141.0.29 - - [10/Dec/2025:01:04:34 +0100] "GET /detail/426611399.shtml HTTP/2.0" 200 - "-" "meta-externalagent/1.1 (+https://developers.facebook.com/docs/sharing/webmasters/crawler)"
57.141.0.59 - - [10/Dec/2025:01:04:43 +0100] "GET /sitemap904.xml HTTP/2.0" 200 159816 "-" "meta-externalagent/1.1 (+https://developers.facebook.com/docs/sharing/webmasters/crawler)"
57.141.0.7 - - [10/Dec/2025:01:04:46 +0100] "GET /detail/447246615.shtml HTTP/2.0" 200 - "-" "meta-externalagent/1.1 (+https://developers.facebook.com/docs/sharing/webmasters/crawler)"
57.141.0.58 - - [10/Dec/2025:01:04:48 +0100] "GET /detail/75960615.shtml HTTP/2.0" 200 - "-" "meta-externalagent/1.1 (+https://developers.facebook.com/docs/sharing/webmasters/crawler)"
57.141.0.70 - - [10/Dec/2025:01:04:53 +0100] "GET /detail/782208711.shtml HTTP/2.0" 200 - "-" "meta-externalagent/1.1 (+https://developers.facebook.com/docs/sharing/webmasters/crawler)"
57.141.0.21 - - [10/Dec/2025:01:05:02 +0100] "GET /detail/1366095735.shtml HTTP/2.0" 200 - "-" "meta-externalagent/1.1 (+https://developers.facebook.com/docs/sharing/webmasters/crawler)"
57.141.0.25 - - [10/Dec/2025:01:05:09 +0100] "GET /detail/1125925399.shtml HTTP/2.0" 200 - "-" "meta-externalagent/1.1 (+https://developers.facebook.com/docs/sharing/webmasters/crawler)"
57.141.0.14 - - [10/Dec/2025:01:05:12 +0100] "GET /detail/1331843447.shtml HTTP/2.0" 200 - "-" "meta-externalagent/1.1 (+https://developers.facebook.com/docs/sharing/webmasters/crawler)"
57.141.0.36 - - [10/Dec/2025:01:05:15 +0100] "GET /detail/1125035895.shtml HTTP/2.0" 200 - "-" "meta-externalagent/1.1 (+https://developers.facebook.com/docs/sharing/webmasters/crawler)"
57.141.0.31 - - [10/Dec/2025:01:05:19 +0100] "GET /detail/390929154.html HTTP/2.0" 200 - "-" "meta-externalagent/1.1 (+https://developers.facebook.com/docs/sharing/webmasters/crawler)"
57.141.0.7 - - [10/Dec/2025:01:05:20 +0100] "GET /detail/1498819095.shtml HTTP/2.0" 200 - "-" "meta-externalagent/1.1 (+https://developers.facebook.com/docs/sharing/webmasters/crawler)"
57.141.0.73 - - [10/Dec/2025:01:05:26 +0100] "GET /detail/484357706.html HTTP/2.0" 200 - "-" "meta-externalagent/1.1 (+https://developers.facebook.com/docs/sharing/webmasters/crawler)"
57.141.0.56 - - [10/Dec/2025:01:05:31 +0100] "GET /detail/143291703.shtml HTTP/2.0" 200 - "-" "meta-externalagent/1.1 (+https://developers.facebook.com/docs/sharing/webmasters/crawler)"
